
--
-- Table structure for table `wpSD_wc_admin_note_actions`
--

CREATE TABLE `wpSD_wc_admin_note_actions` (
  `action_id` bigint(20) unsigned NOT NULL AUTO_INCREMENT,
  `note_id` bigint(20) unsigned NOT NULL,
  `name` varchar(255) NOT NULL,
  `label` varchar(255) NOT NULL,
  `query` longtext NOT NULL,
  `status` varchar(255) NOT NULL,
  `actioned_text` varchar(255) NOT NULL,
  `nonce_action` varchar(255) DEFAULT NULL,
  `nonce_name` varchar(255) DEFAULT NULL,
  PRIMARY KEY (`action_id`),
  KEY `note_id` (`note_id`)
) ENGINE=MyISAM AUTO_INCREMENT=69240 DEFAULT CHARSET=utf8mb4 COLLATE=utf8mb4_unicode_520_ci;

--
-- Dumping data for table `wpSD_wc_admin_note_actions`
--

INSERT INTO `wpSD_wc_admin_note_actions` VALUES (1,1,'learn-more','Learn more','https://woocommerce.com/document/managing-orders/?utm_source=inbox&utm_medium=product','actioned','',NULL,NULL),(2,2,'day-after-first-product','Learn more','https://woocommerce.com/document/woocommerce-customizer/?utm_source=inbox&utm_medium=product','actioned','',NULL,NULL),(9053,3,'browse_extensions','Browse extensions','https://sirensdream.com/wp-admin/admin.php?page=wc-addons','unactioned','',NULL,NULL),(69125,4,'wayflyer_bnpl_q4_2021','Level up with funding','https://woocommerce.com/products/wayflyer/?utm_source=inbox_note&utm_medium=product&utm_campaign=wayflyer_bnpl_q4_2021','actioned','',NULL,NULL),(69126,5,'wc_shipping_mobile_app_usps_q4_2021','Get WooCommerce Shipping','https://woocommerce.com/woocommerce-shipping/?utm_source=inbox_note&utm_medium=product&utm_campaign=wc_shipping_mobile_app_usps_q4_2021','actioned','',NULL,NULL),(44186,6,'learn-more','Learn more','https://docs.woocommerce.com/document/woocommerce-shipping-and-tax/?utm_source=inbox','unactioned','',NULL,NULL),(69127,7,'learn-more','Learn more','https://woocommerce.com/posts/ecommerce-shipping-solutions-guide/?utm_source=inbox_note&utm_medium=product&utm_campaign=learn-more','actioned','',NULL,NULL),(69128,8,'optimizing-the-checkout-flow','Learn more','https://woocommerce.com/posts/optimizing-woocommerce-checkout?utm_source=inbox_note&utm_medium=product&utm_campaign=optimizing-the-checkout-flow','actioned','',NULL,NULL),(69129,9,'qualitative-feedback-from-new-users','Share feedback','https://automattic.survey.fm/woopayments-new-user-feedback','actioned','',NULL,NULL),(69130,10,'share-feedback','Share feedback','http://automattic.survey.fm/paypal-feedback','unactioned','',NULL,NULL),(69132,12,'update-wc-subscriptions-3-0-15','View latest version','https://sirensdream.com/wp-admin/&page=wc-addons&section=helper','actioned','',NULL,NULL),(69133,13,'update-wc-core-5-4-0','How to update WooCommerce','https://docs.woocommerce.com/document/how-to-update-woocommerce/','actioned','',NULL,NULL),(69134,16,'ppxo-pps-install-paypal-payments-1','View upgrade guide','https://docs.woocommerce.com/document/woocommerce-paypal-payments/paypal-payments-upgrade-guide/','actioned','',NULL,NULL),(69135,17,'ppxo-pps-install-paypal-payments-2','View upgrade guide','https://docs.woocommerce.com/document/woocommerce-paypal-payments/paypal-payments-upgrade-guide/','actioned','',NULL,NULL),(69137,18,'dismiss','Dismiss','','actioned','',NULL,NULL),(69139,19,'dismiss','Dismiss','','actioned','',NULL,NULL),(69141,20,'dismiss','Dismiss','','actioned','',NULL,NULL),(69143,21,'dismiss','Dismiss','','actioned','',NULL,NULL),(69144,22,'share-feedback','Share feedback','https://automattic.survey.fm/store-management','unactioned','',NULL,NULL),(69145,23,'learn-more','Learn more','https://developer.woocommerce.com/2022/03/10/woocommerce-3-5-10-6-3-1-security-releases/','unactioned','',NULL,NULL),(69146,23,'woocommerce-core-paypal-march-2022-dismiss','Dismiss','','actioned','',NULL,NULL),(69148,24,'dismiss','Dismiss','','actioned','',NULL,NULL),(69149,25,'pinterest_03_2022_update','Update Instructions','https://woocommerce.com/document/pinterest-for-woocommerce/?utm_source=inbox_note&utm_medium=product&utm_campaign=pinterest_03_2022_update#section-3','actioned','',NULL,NULL),(69150,26,'store_setup_survey_survey_q2_2022_share_your_thoughts','Tell us how it’s going','https://automattic.survey.fm/store-setup-survey-2022','actioned','',NULL,NULL),(9171,27,'wc-admin-wisepad3','Grow my business offline','https://woocommerce.com/products/wisepad3-card-reader/?utm_source=inbox_note&utm_medium=product&utm_campaign=wc-admin-wisepad3','actioned','',NULL,NULL),(31325,28,'dismiss','Dismiss','','actioned','',NULL,NULL),(31327,29,'dismiss','Dismiss','','actioned','',NULL,NULL),(9621,30,'google_listings_ads_custom_attribute_mapping_q4_2022','Learn more','https://woocommerce.com/document/google-listings-and-ads/?utm_source=inbox_note&utm_medium=product&utm_campaign=google_listings_ads_custom_attribute_mapping_q4_2022#attribute-mapping','actioned','',NULL,NULL),(69151,31,'needs-update-eway-payment-gateway-rin-action-button-2022-12-20','See available updates','https://sirensdream.com/wp-admin/update-core.php','unactioned','',NULL,NULL),(69152,31,'needs-update-eway-payment-gateway-rin-dismiss-button-2022-12-20','Dismiss','#','actioned','',NULL,NULL),(69153,32,'updated-eway-payment-gateway-rin-action-button-2022-12-20','See all updates','https://sirensdream.com/wp-admin/update-core.php','unactioned','',NULL,NULL),(69154,32,'updated-eway-payment-gateway-rin-dismiss-button-2022-12-20','Dismiss','#','actioned','',NULL,NULL),(69155,33,'share-navigation-survey-feedback','Share feedback','https://automattic.survey.fm/new-ecommerce-plan-navigation','actioned','',NULL,NULL),(42,34,'connect','Connect','?page=wc-addons&section=helper','unactioned','',NULL,NULL),(43,35,'visit-the-theme-marketplace','Visit the theme marketplace','https://woocommerce.com/product-category/themes/?utm_source=inbox&utm_medium=product','actioned','',NULL,NULL),(69136,18,'learn-more','Learn more','https://woocommerce.com/posts/critical-vulnerability-detected-july-2021/?utm_source=inbox_note&utm_medium=product&utm_campaign=learn-more','unactioned','',NULL,NULL),(69138,19,'learn-more','Learn more','https://woocommerce.com/posts/critical-vulnerability-detected-july-2021/?utm_source=inbox_note&utm_medium=product&utm_campaign=learn-more','unactioned','',NULL,NULL),(69140,20,'learn-more','Learn more','https://woocommerce.com/posts/critical-vulnerability-detected-july-2021/?utm_source=inbox_note&utm_medium=product&utm_campaign=learn-more','unactioned','',NULL,NULL),(69142,21,'learn-more','Learn more','https://woocommerce.com/posts/critical-vulnerability-detected-july-2021/?utm_source=inbox_note&utm_medium=product&utm_campaign=learn-more','unactioned','',NULL,NULL),(280,38,'learn-more','Learn more','https://woocommerce.com/payments/?utm_medium=product','unactioned','',NULL,NULL),(69147,24,'learn-more','Learn more','https://developer.woocommerce.com/2022/03/10/woocommerce-3-5-10-6-3-1-security-releases/','unactioned','',NULL,NULL),(31324,28,'learn-more','Find out more','https://developer.woocommerce.com/2022/08/09/woocommerce-payments-3-9-4-4-5-1-security-releases/','unactioned','',NULL,NULL),(31326,29,'learn-more','Find out more','https://developer.woocommerce.com/2022/08/09/woocommerce-payments-3-9-4-4-5-1-security-releases/','unactioned','',NULL,NULL),(83,36,'learn-more','Learn more','https://woocommerce.com/mobile/?utm_medium=product','actioned','',NULL,NULL),(279,37,'tracking-opt-in','Activate usage tracking','','actioned','',NULL,NULL),(281,38,'get-started','Get started','https://sirensdream.com/wp-admin/admin.php?page=wc-admin&action=setup-woocommerce-payments','actioned','','setup-woocommerce-payments',''),(1155,39,'affirm_q1_2023','Get started with Affirm','https://woocommerce.com/products/woocommerce-gateway-affirm/?utm_source=inbox_note&utm_medium=product&utm_campaign=affirm_q1_2023','actioned','',NULL,NULL),(5037,40,'google_listings_ads_pmax_i1_q1_2023_no_gla','Boost my business with Google','https://woocommerce.com/products/google-listings-and-ads/?utm_source=inbox_note&utm_medium=product&utm_campaign=google_listings_ads_pmax_i1_q1_2023_no_gla','actioned','',NULL,NULL),(5038,41,'google_listings_ads_pmax_i1_q1_2023_with_gla','Create a new ad','https://woocommerce.com/products/google-listings-and-ads/?utm_source=inbox_note&utm_medium=product&utm_campaign=google_listings_ads_pmax_i1_q1_2023_with_gla','actioned','',NULL,NULL),(69161,45,'extension-settings','See available updates','https://sirensdream.com/wp-admin/update-core.php','unactioned','',NULL,NULL),(69158,42,'woocommerce-wcpay-march-2023-update-needed-button','See Blog Post','https://developer.woocommerce.com/2023/03/23/critical-vulnerability-detected-in-woocommerce-payments-what-you-need-to-know','unactioned','',NULL,NULL),(69159,42,'woocommerce-wcpay-march-2023-update-needed-dismiss-button','Dismiss','#','actioned','',NULL,NULL),(69162,45,'dismiss','Dismiss','#','actioned','',NULL,NULL),(69160,43,'tap_to_pay_iphone_q2_2023_no_wcpay','Simplify my payments','https://woocommerce.com/products/woocommerce-payments/?utm_source=inbox_note&utm_medium=product&utm_campaign=tap_to_pay_iphone_q2_2023_no_wcpay','actioned','',NULL,NULL),(13128,44,'tap_to_pay_iphone_q2_2023_with_wcpay','Set up Tap to Pay on iPhone','https://woocommerce.com/document/woopayments/in-person-payments/tap-to-pay-iphone?utm_source=inbox_note&utm_medium=product&utm_campaign=tap_to_pay_iphone_q2_2023_with_wcpay','actioned','',NULL,NULL),(5621,46,'wc-admin-wcpay-denmark-Q2-2023','Simplify my payments','https://woocommerce.com/payments/denmark/?utm_source=inbox_note&utm_medium=product&utm_campaign=wc-admin-wcpay-denmark-Q2-2023','actioned','',NULL,NULL),(5622,47,'wc-admin-wcpay-greece-Q2-2023','Simplify my payments','https://woocommerce.com/payments/greece/?utm_source=inbox_note&utm_medium=product&utm_campaign=wc-admin-wcpay-greece-Q2-2023','actioned','',NULL,NULL),(5623,48,'wc-admin-wcpay-norway-Q2-2023','Simplify my payments','https://woocommerce.com/payments/norway/?utm_source=inbox_note&utm_medium=product&utm_campaign=wc-admin-wcpay-norway-Q2-2023','actioned','',NULL,NULL),(5624,49,'wc-admin-wcpay-slovakia-Q2-2023','Simplify my payments','https://woocommerce.com/payments/slovakia/?utm_source=inbox_note&utm_medium=product&utm_campaign=wc-admin-wcpay-slovakia-Q2-2023','actioned','',NULL,NULL),(5625,50,'wc-admin-wcpay-finland-Q2-2023','Simplify my payments','https://woocommerce.com/payments/finland/?utm_source=inbox_note&utm_medium=product&utm_campaign=wc-admin-wcpay-finland-Q2-2023','actioned','',NULL,NULL),(5626,51,'wc-admin-wcpay-estonia-Q2-2023','Simplify my payments','https://woocommerce.com/payments/estonia/?utm_source=inbox_note&utm_medium=product&utm_campaign=wc-admin-wcpay-estonia-Q2-2023','actioned','',NULL,NULL),(5627,52,'wc-admin-wcpay-lithuania-Q2-2023','Simplify my payments','https://woocommerce.com/payments/lithuania/?utm_source=inbox_note&utm_medium=product&utm_campaign=wc-admin-wcpay-lithuania-Q2-2023','actioned','',NULL,NULL),(5628,53,'wc-admin-wcpay-slovenia-Q2-2023','Simplify my payments','https://woocommerce.com/payments/slovenia/?utm_source=inbox_note&utm_medium=product&utm_campaign=wc-admin-wcpay-slovenia-Q2-2023','actioned','',NULL,NULL),(5629,54,'wc-admin-wcpay-latvia-Q2-2023','Simplify my payments','https://woocommerce.com/payments/latvia/?utm_source=inbox_note&utm_medium=product&utm_campaign=wc-admin-wcpay-latvia-Q2-2023','actioned','',NULL,NULL),(5630,55,'wc-admin-wcpay-cyprus-Q2-2023','Simplify my payments','https://woocommerce.com/payments/cyprus/?utm_source=inbox_note&utm_medium=product&utm_campaign=wc-admin-wcpay-cyprus-Q2-2023','actioned','',NULL,NULL),(5631,56,'wc-admin-wcpay-malta-Q2-2023','Simplify my payments','https://woocommerce.com/payments/malta/?utm_source=inbox_note&utm_medium=product&utm_campaign=wc-admin-wcpay-malta-Q2-2023','actioned','',NULL,NULL),(5632,57,'wc-admin-wcpay-luxembourg-Q2-2023','Simplify my payments','https://woocommerce.com/payments/luxembourg/?utm_source=inbox_note&utm_medium=product&utm_campaign=wc-admin-wcpay-luxembourg-Q2-2023','actioned','',NULL,NULL),(4451,58,'wc-admin-BNPL-WCPay-coming-soon','Sign up now','https://woocommerce.com/buy-now-pay-later-for-woocommerce-payments/?utm_source=inbox_note&utm_medium=product&utm_campaign=wc-admin-BNPL-WCPay-coming-soon','actioned','',NULL,NULL),(69165,59,'woopay-beta-existingmerchants-noaction-documentation-27APR23','Documentation','https://woocommerce.com/document/woopay-merchant-documentation/?utm_source=inbox_note&utm_medium=product&utm_campaign=woopay-beta-existingmerchants-noaction-documentation-27APR23','actioned','',NULL,NULL),(69166,60,'woopay-beta-existingmerchants-update-WCPay-27APR23','Update WooCommerce Payments','https://sirensdream.com/wp-admin/plugins.php?plugin_status=all','actioned','',NULL,NULL),(3079,61,'woopay-beta-existingmerchants-noaction-documentation-27APR23-test2','Documentation','https://woocommerce.com/document/woopay-merchant-documentation/?utm_source=inbox_note&utm_medium=product&utm_campaign=woopay-beta-existingmerchants-noaction-documentation-27APR23-test2','actioned','',NULL,NULL),(3080,61,'woopay-beta-existingmerchants-noaction-documentation-27APR23-dismiss-test2','Dismiss','https://sirensdream.com/wp-admin/#','actioned','',NULL,NULL),(3081,62,'woopay-beta-existingmerchants-update-WCPay-27APR23-test','Update WooCommerce Payments','https://sirensdream.com/wp-admin/plugins.php?plugin_status=all','actioned','',NULL,NULL),(3082,62,'woopay-beta-existingmerchants-update-WCPay-27APR23-dismiss-test','Dismiss','https://sirensdream.com/wp-admin/#','actioned','',NULL,NULL),(69156,63,'woopay-beta-merchantrecruitment-activate-04MAY23','Activate WooPay','https://sirensdream.com/wp-admin/admin.php?page=wc-settings&tab=checkout&section=woocommerce_payments&method=platform_checkout','actioned','',NULL,NULL),(69157,63,'woopay-beta-merchantrecruitment-activate-learnmore-04MAY23','Learn More','https://woocommerce.com/woopay-businesses/?utm_source=inbox_note&utm_medium=product&utm_campaign=woopay-beta-merchantrecruitment-activate-learnmore-04MAY23','unactioned','',NULL,NULL),(69163,64,'woopay-beta-merchantrecruitment-update-WCPay-04MAY23','Update WooCommerce Payments','https://sirensdream.com/wp-admin/plugins.php?plugin_status=all','unactioned','',NULL,NULL),(69167,65,'woopay-beta-merchantrecruitment-short-activate-04MAY23','Activate WooPay','https://sirensdream.com/wp-admin/admin.php?page=wc-settings&tab=checkout&section=woocommerce_payments&method=platform_checkout','actioned','',NULL,NULL),(69168,65,'woopay-beta-merchantrecruitment-short-activate-learnmore-04MAY23','Learn More','https://woocommerce.com/woopay-businesses/?utm_source=inbox_note&utm_medium=product&utm_campaign=woopay-beta-merchantrecruitment-short-activate-learnmore-04MAY23','actioned','',NULL,NULL),(69169,66,'woopay-beta-merchantrecruitment-short-update-WCPay-04MAY23','Update WooCommerce Payments','https://sirensdream.com/wp-admin/plugins.php?plugin_status=all','unactioned','',NULL,NULL),(69170,66,'woopay-beta-merchantrecruitment-short-update-activate-04MAY23','Activate WooPay','https://sirensdream.com/wp-admin/admin.php?page=wc-settings&tab=checkout&section=woocommerce_payments&method=platform_checkout','actioned','',NULL,NULL),(69171,67,'woopay-beta-merchantrecruitment-short-activate-06MAY23-TESTA','Activate WooPay Test A','https://sirensdream.com/wp-admin/admin.php?page=wc-settings&tab=checkout&section=woocommerce_payments&method=platform_checkout','unactioned','',NULL,NULL),(13679,74,'ipp_refresh_q2_2023_us_inbox_notification','Grow my business on the go','https://woocommerce.com/in-person-payments/?utm_source=inbox_note&utm_medium=product&utm_campaign=ipp_refresh_q2_2023_us_inbox_notification','actioned','',NULL,NULL),(69172,67,'woopay-beta-merchantrecruitment-short-activate-learnmore-06MAY23-TESTA','Learn More','https://woocommerce.com/woopay-businesses/?utm_source=inbox_note&utm_medium=product&utm_campaign=woopay-beta-merchantrecruitment-short-activate-learnmore-06MAY23-TESTA','unactioned','',NULL,NULL),(69174,68,'woopay-beta-merchantrecruitment-short-activate-learnmore-06MAY23-TESTA','Learn More','https://woocommerce.com/woopay-businesses/?utm_source=inbox_note&utm_medium=product&utm_campaign=woopay-beta-merchantrecruitment-short-activate-learnmore-06MAY23-TESTA','unactioned','',NULL,NULL),(69173,68,'woopay-beta-merchantrecruitment-short-activate-06MAY23-TESTB','Activate WooPay Test B','https://sirensdream.com/wp-admin/admin.php?page=wc-settings&tab=checkout&section=woocommerce_payments&method=platform_checkout','unactioned','',NULL,NULL),(69176,69,'woopay-beta-merchantrecruitment-short-activate-learnmore-06MAY23-TESTC','Learn More','https://woocommerce.com/woopay-businesses/?utm_source=inbox_note&utm_medium=product&utm_campaign=woopay-beta-merchantrecruitment-short-activate-learnmore-06MAY23-TESTC','unactioned','',NULL,NULL),(69175,69,'woopay-beta-merchantrecruitment-short-activate-06MAY23-TESTC','Activate WooPay Test C','https://sirensdream.com/wp-admin/admin.php?page=wc-settings&tab=checkout&section=woocommerce_payments&method=platform_checkout','unactioned','',NULL,NULL),(35166,78,'woocommerce-WCStripe-May-2023-updated-needed-Plugin-Settings','See available updates','https://sirensdream.com/wp-admin/plugins.php?plugin_status=all','unactioned','',NULL,NULL),(69177,70,'woopay-beta-merchantrecruitment-short-activate-06MAY23-TESTD','Activate WooPay Test D','https://sirensdream.com/wp-admin/admin.php?page=wc-settings&tab=checkout&section=woocommerce_payments&method=platform_checkout','unactioned','',NULL,NULL),(69178,70,'woopay-beta-merchantrecruitment-short-activate-learnmore-06MAY23-TESTD','Learn More','https://woocommerce.com/woopay-businesses/?utm_source=inbox_note&utm_medium=product&utm_campaign=woopay-beta-merchantrecruitment-short-activate-learnmore-06MAY23-TESTD','unactioned','',NULL,NULL),(69179,71,'woopay-beta-merchantrecruitment-short-activate-button-09MAY23','Activate WooPay','https://sirensdream.com/wp-admin/admin.php?page=wc-settings&tab=checkout&section=woocommerce_payments&method=platform_checkout','unactioned','',NULL,NULL),(69180,71,'woopay-beta-merchantrecruitment-short-activate-learnmore-button2-09MAY23','Learn More','https://woocommerce.com/woopay-businesses/?utm_source=inbox_note&utm_medium=product&utm_campaign=woopay-beta-merchantrecruitment-short-activate-learnmore-button2-09MAY23','unactioned','',NULL,NULL),(11105,96,'wc-admin-woopayments-rebrand','Learn more about WooPayments','https://woocommerce.com/payments/?utm_source=inbox_note&utm_medium=product&utm_campaign=wc-admin-woopayments-rebrand','actioned','',NULL,NULL),(69181,72,'woopay-beta-merchantrecruitment-short-update-WCPay-09MAY23','Update WooCommerce Payments','https://sirensdream.com/wp-admin/plugins.php?plugin_status=all','unactioned','',NULL,NULL),(69182,72,'woopay-beta-merchantrecruitment-short-update-activate-09MAY23','Activate WooPay','https://sirensdream.com/wp-admin/admin.php?page=wc-settings&tab=checkout&section=woocommerce_payments&method=platform_checkout','unactioned','',NULL,NULL),(4826,73,'payoneer_q2_2023','Get started with Payoneer','https://woocommerce.com/products/payoneer-checkout?utm_source=inbox_note&utm_medium=product&utm_campaign=payoneer_q2_2023','actioned','',NULL,NULL),(13680,75,'ipp_refresh_q2_2023_ca_inbox_notification','Grow my business on the go','https://woocommerce.com/in-person-payments/?utm_source=inbox_note&utm_medium=product&utm_campaign=ipp_refresh_q2_2023_ca_inbox_notification','actioned','',NULL,NULL),(5655,76,'product_management_card_sorting','Get started','https://t.maze.co/163892579','unactioned','',NULL,NULL),(4744,77,'learn-more','Learn more','https://woocommerce.com/mobile/?utm_source=inbox&utm_medium=product','actioned','',NULL,NULL),(69164,64,'woopay-beta-merchantrecruitment-update-activate-04MAY23','Activate WooPay','https://sirensdream.com/wp-admin/admin.php?page=wc-settings&tab=checkout&section=woocommerce_payments&method=platform_checkout','actioned','',NULL,NULL),(35344,81,'woocommerce-WCPayments-June-2023-updated-needed-Plugin-Settings','See available updates','https://sirensdream.com/wp-admin/plugins.php?plugin_status=all','unactioned','',NULL,NULL),(35345,81,'woocommerce-WCPayments-June-2023-updated-needed-Dismiss','Dismiss','#','actioned','',NULL,NULL),(69186,79,'woocommerce-WCReturnsWarranty-June-2023-updated-needed','Dismiss','#','actioned','',NULL,NULL),(69185,79,'woocommerce-WCReturnsWarranty-June-2023-updated-needed','See available updates','https://sirensdream.com/wp-admin/plugins.php?plugin_status=all','unactioned','',NULL,NULL),(69184,80,'woocommerce-WCSubscriptions-June-2023-updated-needed-dismiss','Dismiss','#','actioned','',NULL,NULL),(69183,80,'woocommerce-WCSubscriptions-June-2023-updated-needed-Plugin-Settings','See available updates','https://sirensdream.com/wp-admin/plugins.php?plugin_status=all','unactioned','',NULL,NULL),(10466,82,'woocommerce_hpos_1st_notification_q2_2023','Learn more about HPOS','https://woocommerce.com/posts/platform-update-high-performance-order-storage-for-woocommerce/?utm_source=inbox_note&utm_medium=product&utm_campaign=woocommerce_hpos_1st_notification_q2_2023','actioned','',NULL,NULL),(69239,83,'update-db_learn-more','Learn more about updates','https://docs.woocommerce.com/document/how-to-update-woocommerce/','unactioned','',NULL,NULL),(35167,78,'woocommerce-WCStripe-May-2023-updated-needed-Plugin-Settings-dismiss','Dismiss','#','actioned','',NULL,NULL),(69188,84,'woocommerce-WCOPC-June-2023-updated-needed','Dismiss','https://sirensdream.com/wp-admin/#','actioned','',NULL,NULL),(69187,84,'woocommerce-WCOPC-June-2023-updated-needed','See available updates','https://sirensdream.com/wp-admin/plugins.php?plugin_status=all','actioned','',NULL,NULL),(12276,85,'wc-admin-wcpay-bulgaria-Q2-2023','Simplify my payments','https://woocommerce.com/payments/bulgaria/?utm_source=inbox_note&utm_medium=product&utm_campaign=wc-admin-wcpay-bulgaria-Q2-2023','actioned','',NULL,NULL),(12277,86,'wc-admin-wcpay-czechia-Q2-2023','Simplify my payments','https://woocommerce.com/payments/czechia/?utm_source=inbox_note&utm_medium=product&utm_campaign=wc-admin-wcpay-czechia-Q2-2023','actioned','',NULL,NULL),(12278,87,'wc-admin-wcpay-croatia-Q2-2023','Simplify my payments','https://woocommerce.com/payments/croatia/?utm_source=inbox_note&utm_medium=product&utm_campaign=wc-admin-wcpay-croatia-Q2-2023','actioned','',NULL,NULL),(12279,88,'wc-admin-wcpay-hungary-Q2-2023','Simplify my payments','https://woocommerce.com/payments/hungary/?utm_source=inbox_note&utm_medium=product&utm_campaign=wc-admin-wcpay-hungary-Q2-2023','actioned','',NULL,NULL),(12280,89,'wc-admin-wcpay-romania-Q2-2023','Simplify my payments','https://woocommerce.com/payments/romania/?utm_source=inbox_note&utm_medium=product&utm_campaign=wc-admin-wcpay-romania-Q2-2023','actioned','',NULL,NULL),(12281,90,'wc-admin-wcpay-sweden-Q2-2023','Simplify my payments','https://woocommerce.com/payments/sweden/?utm_source=inbox_note&utm_medium=product&utm_campaign=wc-admin-wcpay-sweden-Q2-2023','actioned','',NULL,NULL),(8253,91,'tiktok-spc_june-2023','Optimize my advertising','https://woocommerce.com/products/tiktok-for-woocommerce/?utm_source=inbox_note&utm_medium=product&utm_campaign=tiktok-spc_june-2023','actioned','',NULL,NULL),(69190,92,'woocommerce-WCGC-July-2023-update-needed','Dismiss','#','actioned','',NULL,NULL),(69189,92,'woocommerce-WCGC-July-2023-update-needed','See available updates','https://sirensdream.com/wp-admin/plugins.php?plugin_status=all','unactioned','',NULL,NULL),(69191,93,'learn-more','Learn more','https://woocommerce.com/document/fedex/?utm_medium=product&utm_source=inbox_note&utm_campaign=learn-more#july-2023-api-outage','unactioned','',NULL,NULL),(69193,94,'dismiss','Dismiss','https://sirensdream.com/wp-admin/admin.php?page=wc-admin','actioned','',NULL,NULL),(69194,97,'woocommerce-WCStripe-Aug-2023-update-needed','See available updates','https://sirensdream.com/wp-admin/update-core.php?','unactioned','',NULL,NULL),(69192,94,'plugin-list','See available updates','https://sirensdream.com/wp-admin/plugins.php?plugin_status=all','unactioned','',NULL,NULL),(10744,95,'square_button_q3_2023','Get started with Square','https://woocommerce.com/products/square/?utm_source=inbox_note&utm_medium=product&utm_campaign=square_button_q3_2023','actioned','',NULL,NULL),(69195,97,'dismiss','Dismiss','#','actioned','',NULL,NULL),(69196,98,'dismiss','Dismiss','#','actioned','',NULL,NULL),(35360,99,'woocommerce-WooPayments-Aug-2023-update-needed','See available updates','https://sirensdream.com/wp-admin/update-core.php?','unactioned','',NULL,NULL),(35361,99,'dismiss','Dismiss','#','actioned','',NULL,NULL),(69197,100,'dismiss','Dismiss','#','actioned','',NULL,NULL),(11205,101,'tiktok-apac-webinar-2023','RSVP today','https://unlockingtiktokwithwoocommerce.splashthat.com/','actioned','',NULL,NULL),(69198,102,'avalara_q3-2023_noAvaTax','Automate my sales tax','https://woocommerce.com/products/woocommerce-avatax/?utm_source=inbox_note&utm_medium=product&utm_campaign=avalara_q3-2023_noAvaTax','unactioned','',NULL,NULL),(11819,103,'avalara_q3-2023_withAvaTax','Learn more about VAT settings','https://woocommerce.com/document/avalara-avatax/?utm_source=inbox_note&utm_medium=product&utm_campaign=avalara_q3-2023_withAvaTax#section-15','unactioned','',NULL,NULL),(11915,104,'google_uxstudy_recruitment_q3-2023','Take the survey','https://eachandother.fra1.qualtrics.com/jfe/form/SV_0W118szcJOtIkzc','unactioned','',NULL,NULL),(12556,105,'learn-more','Learn more','https://woocommerce.com/mobile/?utm_source=inbox&utm_medium=product','actioned','',NULL,NULL),(14914,109,'klaviyo_q3_2023','Integrate in minutes','https://woocommerce.com/products/klaviyo-for-woocommerce/?utm_source=inbox_note&utm_medium=product&utm_campaign=klaviyo_q3_2023','unactioned','',NULL,NULL),(45243,106,'woo-activation-survey-blockers-survey-button-22AUG23','Take our short survey','https://woocommerce.survey.fm/getting-started-with-woo','unactioned','',NULL,NULL),(14308,107,'tiktok_shopGTM_q3-2023_hasTikTok','Learn more','https://woocommerce.com/document/tiktok-for-woocommerce/?utm_source=inbox_note&utm_medium=product&utm_campaign=tiktok_shopGTM_q3-2023_hasTikTok','unactioned','',NULL,NULL),(14395,108,'tiktok_shopGTM_q3-2023_noTikTok','Learn more','https://woocommerce.com/products/tiktok-for-woocommerce/?utm_source=inbox_note&utm_medium=product&utm_campaign=tiktok_shopGTM_q3-2023_noTikTok','unactioned','',NULL,NULL),(16322,110,'wc_admin_BNPL_WCPay_Q3_2023','Enable buy now, pay later','https://woocommerce.com/?post_type=documentation&p=18734002212927&preview=true&utm_source=inbox_note&utm_medium=product&utm_campaign=wc_admin_BNPL_WCPay_Q3_2023','actioned','',NULL,NULL),(16323,111,'wc_admin_afterpay_WCPay_Q3_2023','Enable buy now, pay later','https://woocommerce.com/?post_type=documentation&p=18734002212927&preview=true&utm_source=inbox_note&utm_medium=product&utm_campaign=wc_admin_afterpay_WCPay_Q3_2023','actioned','',NULL,NULL),(19058,118,'wc_admin_WooPay_Q4_2023','Get started today','https://sirensdream.com/wp-admin/https://woocommerce.com/document/woopay-merchant-documentation/?utm_source=inbox_note&utm_medium=product&utm_campaign=wc_admin_WooPay_Q4_2023','actioned','',NULL,NULL),(69199,112,'woocommerce-usermeta-Sept2023-productvendors','See available updates','https://sirensdream.com/wp-admin/plugins.php','unactioned','',NULL,NULL),(17305,113,'Klarna_Enable_CTA_10OCT23','Enable Klarna','https://sirensdream.com/wp-admin/wp-admin/admin.php?page=wc-settings&tab=checkout&section=woocommerce_payments/#payment-methods','actioned','',NULL,NULL),(69200,112,'dismiss','Dismiss','https://sirensdream.com/wp-admin/#','actioned','',NULL,NULL),(17306,113,'Klarna_Update_CTA_10OCT23','Update WooPayments','https://sirensdream.com/wp-admin/wp-admin/plugins.php?s=woocommercepayments&plugin_status=all','actioned','',NULL,NULL),(18962,114,'wc_com_in_person_payments_card_sale_US_inbox_note_q4_23','Save 35%','https://woocommerce.com/products/m2-card-reader/?utm_source=inbox_note&utm_medium=product&utm_campaign=wc_com_in_person_payments_card_sale_US_inbox_note_q4_23','actioned','',NULL,NULL),(18963,115,'wc_com_in_person_payments_card_sale_UK_inbox_note_q4_23','Save 35%','https://woocommerce.com/products/wisepad3-card-reader/?utm_source=inbox_note&utm_medium=product&utm_campaign=wc_com_in_person_payments_card_sale_UK_inbox_note_q4_23','actioned','',NULL,NULL),(18964,116,'wc_com_in_person_payments_card_sale_CA_inbox_note_q4_23','Save 35%','https://woocommerce.com/products/wisepad3-card-reader/?utm_source=inbox_note&utm_medium=product&utm_campaign=wc_com_in_person_payments_card_sale_CA_inbox_note_q4_23','actioned','',NULL,NULL),(69202,117,'dismiss','Dismiss','#','actioned','',NULL,NULL),(19724,120,'paypal_paylater_g2_q4_22','Install PayPal Payments','https://woo.com/products/woocommerce-paypal-payments/?utm_source=inbox_note&utm_medium=product&utm_campaign=paypal_paylater_g2_q4_22','unactioned','',NULL,NULL),(69201,117,'woocommerce-STRIPE-Oct-2023-update-needed','See available updates','https://sirensdream.com/wp-admin/update-core.php','unactioned','',NULL,NULL),(20057,119,'wc_admin_WooPay_Oct30_2023','Get started today','https://woo.com/document/woopay-merchant-documentation/?utm_source=inbox_note&utm_medium=product&utm_campaign=wc_admin_WooPay_Oct30_2023','actioned','',NULL,NULL),(20598,121,'learn-more','Learn more','https://woocommerce.com/mobile/?utm_source=inbox&utm_medium=product','actioned','',NULL,NULL),(23431,122,'tap_to_pay_iphone_q4_2023_no_woopayments','Simplify my payments','https://woo.com/products/woopayments/?utm_source=inbox_note&utm_medium=product&utm_campaign=tap_to_pay_iphone_q4_2023_no_woopayments','actioned','',NULL,NULL),(23432,123,'tap_to_pay_iphone_q4_2023_with_woopayments','Set up Tap to Pay on iPhone','https://woo.com/document/woopayments/in-person-payments/tap-to-pay-iphone/?utm_source=inbox_note&utm_medium=product&utm_campaign=tap_to_pay_iphone_q4_2023_with_woopayments','actioned','',NULL,NULL),(32674,125,'amazon_pay_ext-link_q1-24','Register your account now','https://eu.amazonpayments.com/2024-uk-woopricepromoregistration?utm_campaign=woo_price_promo&utm_medium=EM&utm_source=direct&utm_content=cta&utm_creative=&ld=EMUKAPA-woo_price_promo-direct-24Q1','actioned','',NULL,NULL),(69203,124,'amazon-mcf-review-button-2023-12-07','Leave a review','https://woocommerce.com/products/woocommerce-amazon-fulfillment/?review&utm_source=inbox_note&utm_medium=product&utm_campaign=amazon-mcf-review-button-2023-12-07','actioned','',NULL,NULL),(69205,126,'view_docs','Learn about Deposit schedules','https://woocommerce.com/document/woopayments/deposits/deposit-schedule/?utm_source=inbox_note&utm_medium=product&utm_campaign=view_docs#available-funds','unactioned','',NULL,NULL),(69204,124,'amazon-mcf-support-button-2023-12-07','Request support','https://woocommerce.com/my-account/contact-support/?utm_source=inbox_note&utm_medium=product&utm_campaign=amazon-mcf-support-button-2023-12-07','actioned','',NULL,NULL),(36464,130,'airwallex_q1_2024','Get started with Airwallex','https://woocommerce.com/products/airwallexpayments/?utm_source=inbox_note&utm_medium=product&utm_campaign=airwallex_q1_2024','actioned','',NULL,NULL),(29490,127,'custom_order_attribution_inbox_q1_2024','Find more clarity','https://woo.com/document/order-attribution-tracking/?utm_source=inbox_note&utm_medium=product&utm_campaign=custom_order_attribution_inbox_q1_2024','actioned','',NULL,NULL),(29395,128,'learn-more','Learn more','https://woocommerce.com/mobile/?utm_source=inbox&utm_medium=product','actioned','',NULL,NULL),(32311,129,'wc_admin_UKpricingchange_WCPay_Q1_2024','See related fees for each country','https://woo.com/document/woopayments/fees-and-debits/fees/?utm_source=inbox_note&utm_medium=product&utm_campaign=wc_admin_UKpricingchange_WCPay_Q1_2024#countries-in-europe','actioned','',NULL,NULL),(69131,11,'get-started','Get started','https://woocommerce.com/products/google-listings-and-ads?utm_source=inbox_note&utm_medium=product&utm_campaign=get-started','actioned','',NULL,NULL),(69238,83,'update-db_run','Update WooCommerce Database','https://sirensdream.com/wp-admin/plugins.php?do_update_woocommerce=true','unactioned','wc_db_update','wc_db_update','wc_db_update_nonce');

--
-- Table structure for table `wpSD_wc_admin_notes`
--

CREATE TABLE `wpSD_wc_admin_notes` (
  `note_id` bigint(20) unsigned NOT NULL AUTO_INCREMENT,
  `name` varchar(255) NOT NULL,
  `type` varchar(20) NOT NULL,
  `locale` varchar(20) NOT NULL,
  `title` longtext NOT NULL,
  `content` longtext NOT NULL,
  `content_data` longtext DEFAULT NULL,
  `status` varchar(200) NOT NULL,
  `source` varchar(200) NOT NULL,
  `date_created` datetime NOT NULL DEFAULT '0000-00-00 00:00:00',
  `date_reminder` datetime DEFAULT NULL,
  `is_snoozable` tinyint(1) NOT NULL DEFAULT 0,
  `layout` varchar(20) NOT NULL DEFAULT '',
  `image` varchar(200) DEFAULT NULL,
  `is_deleted` tinyint(1) NOT NULL DEFAULT 0,
  `is_read` tinyint(1) NOT NULL DEFAULT 0,
  `icon` varchar(200) NOT NULL DEFAULT 'info',
  PRIMARY KEY (`note_id`)
) ENGINE=MyISAM AUTO_INCREMENT=131 DEFAULT CHARSET=utf8mb4 COLLATE=utf8mb4_unicode_520_ci;

--
-- Dumping data for table `wpSD_wc_admin_notes`
--

INSERT INTO `wpSD_wc_admin_notes` VALUES (1,'wc-admin-orders-milestone','info','en_US','First order received','Congratulations on getting your first order! Now is a great time to learn how to manage your orders.','{\"current_milestone\":1}','unactioned','woocommerce-admin','2023-02-20 12:44:18',NULL,0,'plain','',0,0,'info'),(2,'wc-admin-customizing-product-catalog','info','en_US','How to customize your product catalog','You want your product catalog and images to look great and align with your brand. This guide will give you all the tips you need to get your products looking great in your store.','{}','unactioned','woocommerce-admin','2023-02-20 12:44:18',NULL,0,'plain','',0,0,'info'),(3,'new_in_app_marketplace_2021','info','en_US','Customize your store with extensions','Check out our NEW Extensions tab to see our favorite extensions for customizing your store, and discover the most popular extensions in the WooCommerce Marketplace.','{}','unactioned','woocommerce.com','2023-02-20 12:44:18',NULL,0,'plain','',0,0,'info'),(4,'wayflyer_bnpl_q4_2021','marketing','en_US','Grow your business with funding through Wayflyer','Fast, flexible financing to boost cash flow and help your business grow – one fee, no interest rates, penalties, equity, or personal guarantees. Based on your store’s performance, Wayflyer provides funding and analytical insights to invest in your business.','{}','pending','woocommerce.com','2023-02-20 12:44:18',NULL,0,'plain','',0,0,'info'),(5,'wc_shipping_mobile_app_usps_q4_2021','marketing','en_US','Print and manage your shipping labels with WooCommerce Shipping and the WooCommerce Mobile App','Save time by printing, purchasing, refunding, and tracking shipping labels generated by <a href=\"https://woocommerce.com/woocommerce-shipping/\">WooCommerce Shipping</a> – all directly from your mobile device!','{}','pending','woocommerce.com','2023-02-20 12:44:18',NULL,0,'plain','',0,0,'info'),(6,'woocommerce-services','info','en_US','WooCommerce Shipping & Tax','WooCommerce Shipping &amp; Tax helps get your store \"ready to sell\" as quickly as possible. You create your products. We take care of tax calculation, payment processing, and shipping label printing! Learn more about the extension that you just installed.','{}','pending','woocommerce.com','2023-02-20 12:44:18',NULL,0,'plain','',0,0,'info'),(7,'your-first-product','info','en_US','Your first product','That’s huge! You’re well on your way to building a successful online store — now it’s time to think about how you’ll fulfill your orders.<br /><br />Read our shipping guide to learn best practices and options for putting together your shipping strategy. And for WooCommerce stores in the United States, you can print discounted shipping labels via USPS with <a href=\"https://href.li/?https://woocommerce.com/shipping\" target=\"_blank\">WooCommerce Shipping</a>.','{}','pending','woocommerce.com','2023-02-20 12:44:18',NULL,0,'plain','',0,0,'info'),(8,'wc-admin-optimizing-the-checkout-flow','info','en_US','Optimizing the checkout flow','It’s crucial to get your store’s checkout as smooth as possible to avoid losing sales. Let’s take a look at how you can optimize the checkout experience for your shoppers.','{}','pending','woocommerce.com','2023-02-20 12:44:18',NULL,0,'plain','',0,0,'info'),(9,'wc-payments-qualitative-feedback','info','en_US','WooPayments setup - let us know what you think','Congrats on enabling WooPayments for your store. Please share your feedback in this 2 minute survey to help us improve the setup process.','{}','pending','woocommerce.com','2023-02-20 12:44:18',NULL,0,'plain','',0,0,'info'),(10,'share-your-feedback-on-paypal','info','en_US','Share your feedback on PayPal','Share your feedback in this 2 minute survey about how we can make the process of accepting payments more useful for your store.','{}','pending','woocommerce.com','2023-02-20 12:44:18',NULL,0,'plain','',0,0,'info'),(11,'google_listings_and_ads_install','marketing','en_US','Drive traffic and sales with Google','Reach online shoppers to drive traffic and sales for your store by showcasing products across Google, for free or with ads.','{}','pending','woocommerce.com','2023-02-20 12:44:18',NULL,0,'plain','',0,0,'info'),(12,'wc-subscriptions-security-update-3-0-15','info','en_US','WooCommerce Subscriptions security update!','We recently released an important security update to WooCommerce Subscriptions. To ensure your site’s data is protected, please upgrade <strong>WooCommerce Subscriptions to version 3.0.15</strong> or later.<br /><br />Click the button below to view and update to the latest Subscriptions version, or log in to <a href=\"https://woocommerce.com/my-dashboard\">WooCommerce.com Dashboard</a> and navigate to your <strong>Downloads</strong> page.<br /><br />We recommend always using the latest version of WooCommerce Subscriptions, and other software running on your site, to ensure maximum security.<br /><br />If you have any questions we are here to help — just <a href=\"https://woocommerce.com/my-account/create-a-ticket/\">open a ticket</a>.','{}','pending','woocommerce.com','2023-02-20 12:44:18',NULL,0,'plain','',0,0,'info'),(13,'woocommerce-core-update-5-4-0','info','en_US','Update to WooCommerce 5.4.1 now','WooCommerce 5.4.1 addresses a checkout issue discovered in WooCommerce 5.4. We recommend upgrading to WooCommerce 5.4.1 as soon as possible.','{}','pending','woocommerce.com','2023-02-20 12:44:18',NULL,0,'plain','',0,0,'info'),(14,'wcpay-promo-2020-11','marketing','en_US','wcpay-promo-2020-11','wcpay-promo-2020-11','{}','pending','woocommerce.com','2023-02-20 12:44:18',NULL,0,'plain','',0,0,'info'),(15,'wcpay-promo-2020-12','marketing','en_US','wcpay-promo-2020-12','wcpay-promo-2020-12','{}','pending','woocommerce.com','2023-02-20 12:44:18',NULL,0,'plain','',0,0,'info'),(16,'ppxo-pps-upgrade-paypal-payments-1','info','en_US','Get the latest PayPal extension for WooCommerce','Heads up! There’s a new PayPal on the block!<br /><br />Now is a great time to upgrade to our latest <a href=\"https://woocommerce.com/products/woocommerce-paypal-payments/\" target=\"_blank\">PayPal extension</a> to continue to receive support and updates with PayPal.<br /><br />Get access to a full suite of PayPal payment methods, extensive currency and country coverage, and pay later options with the all-new PayPal extension for WooCommerce.','{}','unactioned','woocommerce.com','2023-02-20 12:44:18',NULL,0,'plain','',0,0,'info'),(17,'ppxo-pps-upgrade-paypal-payments-2','info','en_US','Upgrade your PayPal experience!','Get access to a full suite of PayPal payment methods, extensive currency and country coverage, offer subscription and recurring payments, and the new PayPal pay later options.<br /><br />Start using our <a href=\"https://woocommerce.com/products/woocommerce-paypal-payments/\" target=\"_blank\">latest PayPal today</a> to continue to receive support and updates.','{}','pending','woocommerce.com','2023-02-20 12:44:18',NULL,0,'plain','',0,0,'info'),(18,'woocommerce-core-sqli-july-2021-need-to-update','update','en_US','Action required: Critical vulnerabilities in WooCommerce','In response to a critical vulnerability identified on July 13, 2021, we are working with the WordPress Plugins Team to deploy software updates to stores running WooCommerce (versions 3.3 to 5.5) and the WooCommerce Blocks feature plugin (versions 2.5 to 5.5).<br /><br />Our investigation into this vulnerability is ongoing, but <strong>we wanted to let you know now about the importance of updating immediately</strong>.<br /><br />For more information on which actions you should take, as well as answers to FAQs, please urgently review our blog post detailing this issue.','{}','pending','woocommerce.com','2023-02-20 12:44:18',NULL,0,'plain','',0,0,'info'),(19,'woocommerce-blocks-sqli-july-2021-need-to-update','update','en_US','Action required: Critical vulnerabilities in WooCommerce Blocks','In response to a critical vulnerability identified on July 13, 2021, we are working with the WordPress Plugins Team to deploy software updates to stores running WooCommerce (versions 3.3 to 5.5) and the WooCommerce Blocks feature plugin (versions 2.5 to 5.5).<br /><br />Our investigation into this vulnerability is ongoing, but <strong>we wanted to let you know now about the importance of updating immediately</strong>.<br /><br />For more information on which actions you should take, as well as answers to FAQs, please urgently review our blog post detailing this issue.','{}','pending','woocommerce.com','2023-02-20 12:44:18',NULL,0,'plain','',0,0,'info'),(20,'woocommerce-core-sqli-july-2021-store-patched','update','en_US','Solved: Critical vulnerabilities patched in WooCommerce','In response to a critical vulnerability identified on July 13, 2021, we worked with the WordPress Plugins Team to deploy software updates to stores running WooCommerce (versions 3.3 to 5.5) and the WooCommerce Blocks feature plugin (versions 2.5 to 5.5).<br /><br /><strong>Your store has been updated to the latest secure version(s)</strong>. For more information and answers to FAQs, please review our blog post detailing this issue.','{}','pending','woocommerce.com','2023-02-20 12:44:18',NULL,0,'plain','',0,0,'info'),(21,'woocommerce-blocks-sqli-july-2021-store-patched','update','en_US','Solved: Critical vulnerabilities patched in WooCommerce Blocks','In response to a critical vulnerability identified on July 13, 2021, we worked with the WordPress Plugins Team to deploy software updates to stores running WooCommerce (versions 3.3 to 5.5) and the WooCommerce Blocks feature plugin (versions 2.5 to 5.5).<br /><br /><strong>Your store has been updated to the latest secure version(s)</strong>. For more information and answers to FAQs, please review our blog post detailing this issue.','{}','pending','woocommerce.com','2023-02-20 12:44:18',NULL,0,'plain','',0,0,'info'),(22,'habit-moment-survey','marketing','en_US','We’re all ears! Share your experience so far with WooCommerce','We’d love your input to shape the future of WooCommerce together. Feel free to share any feedback, ideas or suggestions that you have.','{}','pending','woocommerce.com','2023-02-20 12:44:18',NULL,0,'plain','',0,0,'info'),(23,'woocommerce-core-paypal-march-2022-updated','update','en_US','Security auto-update of WooCommerce','<strong>Your store has been updated to the latest secure version of WooCommerce</strong>. We worked with WordPress to deploy PayPal Standard security updates for stores running WooCommerce (version 3.5 to 6.3). It’s recommended to disable PayPal Standard, and use <a href=\"https://woocommerce.com/products/woocommerce-paypal-payments/\" target=\"_blank\">PayPal Payments</a> to accept PayPal.','{}','pending','woocommerce.com','2023-02-20 12:44:18',NULL,0,'plain','',0,0,'info'),(24,'woocommerce-core-paypal-march-2022-updated-nopp','update','en_US','Security auto-update of WooCommerce','<strong>Your store has been updated to the latest secure version of WooCommerce</strong>. We worked with WordPress to deploy security updates related to PayPal Standard payment gateway for stores running WooCommerce (version 3.5 to 6.3).','{}','pending','woocommerce.com','2023-02-20 12:44:18',NULL,0,'plain','',0,0,'info'),(25,'pinterest_03_2022_update','marketing','en_US','Your Pinterest for WooCommerce plugin is out of date!','Update to the latest version of Pinterest for WooCommerce to continue using this plugin and keep your store connected with Pinterest. To update, visit <strong>Plugins &gt; Installed Plugins</strong>, and click on “update now” under Pinterest for WooCommerce.','{}','pending','woocommerce.com','2023-02-20 12:44:18',NULL,0,'plain','',0,0,'info'),(26,'store_setup_survey_survey_q2_2022','survey','en_US','How is your store setup going?','Our goal is to make sure you have all the right tools to start setting up your store in the smoothest way possible.\r\nWe’d love to know if we hit our mark and how we can improve. To collect your thoughts, we made a 2-minute survey.','{}','unactioned','woocommerce.com','2023-02-27 13:39:18',NULL,0,'plain','',0,0,'info'),(27,'wc-admin-wisepad3','marketing','en_US','Take your business on the go in Canada with WooCommerce In-Person Payments','Quickly create new orders, accept payment in person for orders placed online, and automatically sync your inventory – no matter where your business takes you. With WooCommerce In-Person Payments and the WisePad 3 card reader, you can bring the power of your store anywhere.','{}','pending','woocommerce.com','2023-02-20 12:44:18',NULL,0,'plain','',0,0,'info'),(28,'woocommerce-payments-august-2022-need-to-update','update','en_US','Action required: Please update WooCommerce Payments','An updated secure version of WooCommerce Payments is available – please ensure that you’re using the latest patch version. For more information on what action you need to take, please review the article below.','{}','pending','woocommerce.com','2023-02-20 12:44:18',NULL,0,'plain','',0,0,'info'),(29,'woocommerce-payments-august-2022-store-patched','update','en_US','WooCommerce Payments has been automatically updated','You’re now running the latest secure version of WooCommerce Payments. We’ve worked with the WordPress Plugins team to deploy a security update to stores running WooCommerce Payments (version 3.9 to 4.5). For further information, please review the article below.','{}','pending','woocommerce.com','2023-02-20 12:44:18',NULL,0,'plain','',0,0,'info'),(30,'google_listings_ads_custom_attribute_mapping_q4_2022','marketing','en_US','Our latest improvement to the Google Listings & Ads extension: Attribute Mapping','You spoke, we listened. This new feature enables you to easily upload your products, customize your product attributes in one place, and target shoppers with more relevant ads. Extend how far your ad dollars go with each campaign.','{}','pending','woocommerce.com','2023-02-20 12:44:18',NULL,0,'plain','',0,0,'info'),(31,'needs-update-eway-payment-gateway-rin-2022-12-20','update','en_US','Security vulnerability patched in WooCommerce Eway Gateway','In response to a potential vulnerability identified in WooCommerce Eway Gateway versions 3.1.0 to 3.5.0, we’ve worked to deploy security fixes and have released an updated version.\r\nNo external exploits have been detected, but we recommend you update to your latest supported version 3.1.26, 3.2.3, 3.3.1, 3.4.6, or 3.5.1','{}','pending','woocommerce.com','2023-02-20 12:44:18',NULL,0,'plain','',0,0,'info'),(32,'updated-eway-payment-gateway-rin-2022-12-20','update','en_US','WooCommerce Eway Gateway has been automatically updated','Your store is now running the latest secure version of WooCommerce Eway Gateway. We worked with the WordPress Plugins team to deploy a software update to stores running WooCommerce Eway Gateway (versions 3.1.0 to 3.5.0) in response to a security vulnerability that was discovered.','{}','pending','woocommerce.com','2023-02-20 12:44:18',NULL,0,'plain','',0,0,'info'),(33,'ecomm-wc-navigation-survey-2023','info','en_US','Navigating WooCommerce on WordPress.com','We are improving the WooCommerce navigation on WordPress.com and would love your help to make it better! Please share your experience with us in this 2-minute survey.','{}','pending','woocommerce.com','2023-02-20 12:44:18',NULL,0,'plain','',0,0,'info'),(34,'wc-admin-wc-helper-connection','info','en_US','Connect to WooCommerce.com','Connect to get important product notifications and updates.','{}','unactioned','woocommerce-admin','2023-02-20 12:44:56',NULL,0,'plain','',0,0,'info'),(35,'wc-admin-choosing-a-theme','marketing','en_US','Choosing a theme?','Check out the themes that are compatible with WooCommerce and choose one aligned with your brand and business needs.','{}','unactioned','woocommerce-admin','2023-02-21 12:51:31',NULL,0,'plain','',0,0,'info'),(36,'wc-admin-mobile-app','info','en_US','Install Woo mobile app','Install the WooCommerce mobile app to manage orders, receive sales notifications, and view key metrics — wherever you are.','{}','unactioned','woocommerce-admin','2023-02-22 12:55:50',NULL,0,'plain','',0,0,'info'),(37,'wc-admin-usage-tracking-opt-in','info','en_US','Help WooCommerce improve with usage tracking','Gathering usage data allows us to improve WooCommerce. Your store will be considered as we evaluate new features, judge the quality of an update, or determine if an improvement makes sense. You can always visit the <a href=\"https://sirensdream.com/wp-admin/admin.php?page=wc-settings&#038;tab=advanced&#038;section=woocommerce_com\" target=\"_blank\">Settings</a> and choose to stop sharing data. <a href=\"https://woocommerce.com/usage-tracking?utm_medium=product\" target=\"_blank\">Read more</a> about what data we collect.','{}','unactioned','woocommerce-admin','2023-02-27 13:39:18',NULL,0,'plain','',0,0,'info'),(38,'wc-admin-woocommerce-payments','marketing','en_US','Try the new way to get paid','Securely accept credit and debit cards on your site. Manage transactions without leaving your WordPress dashboard. Only with <strong>WooCommerce Payments</strong>.<br><br>By clicking \"Get started\", you agree to our <a href=\"https://wordpress.com/tos/\" target=\"_blank\">Terms of Service</a>','{}','unactioned','woocommerce-admin','2023-02-27 13:39:18',NULL,0,'plain','',0,0,'info'),(39,'affirm_q1_2023','marketing','en_US','Turn more browsers into buyers with flexible payments','When you offer flexible payment options to shoppers, they\'re more likely to convert. It’s why businesses offering Affirm see an average order value lift of 63%. Affirm tailors your store\'s payment options with terms proven to reach new customers, boost conversions, and grow sales.','{}','unactioned','woocommerce.com','2023-03-13 12:44:16',NULL,0,'plain','',0,0,'info'),(40,'google_listings_ads_pmax_i1_q1_2023_no_gla','marketing','en_US','Create more engaging ads – without the hard work','Get in front of millions of shoppers searching for products like yours with Google Listings &amp; Ads. With new customization features, Google automatically tests multiple combinations of text and images to create the most engaging ad to boost your business. Plus, get up to $500 in ad credit – terms and conditions apply.','{}','unactioned','woocommerce.com','2023-03-16 12:47:19',NULL,0,'plain','',0,0,'info'),(41,'google_listings_ads_pmax_i1_q1_2023_with_gla','marketing','en_US','New customization features to boost your business','You can now add custom images, messaging, and URLs to campaigns in Google Listings &amp; Ads. Google then automatically tests multiple combinations to create the most engaging version to help boost your business. Get more sales with dynamic content – edit an existing campaign or create a new ad now.','{}','pending','woocommerce.com','2023-03-16 12:47:19',NULL,0,'plain','',0,0,'info'),(42,'woocommerce-wcpay-march-2023-update-needed','update','en_US','Action required: Security update for WooCommerce Payments','<strong>Your store requires a security update for WooCommerce Payments</strong>. Please update to the latest version of WooCommerce Payments immediately to address a potential vulnerability discovered on March 22. For more information on how to update, visit this WooCommerce Developer Blog Post.','{}','pending','woocommerce.com','2023-03-24 12:57:50',NULL,0,'plain','',0,0,'info'),(43,'tap_to_pay_iphone_q2_2023_no_wcpay','marketing','en_US','Accept in-person contactless payments on your iPhone','Tap to Pay on iPhone and WooCommerce Payments is quick, secure, and simple to set up — no extra terminals or card readers are needed. Accept contactless debit and credit cards, Apple Pay, and other NFC digital wallets in person.','{}','unactioned','woocommerce.com','2023-04-04 12:49:06',NULL,0,'plain','',0,0,'info'),(44,'tap_to_pay_iphone_q2_2023_with_wcpay','marketing','en_US','New: accept in-person contactless payments on your iPhone','Tap to Pay on iPhone is quick, secure, and simple to set up in WooCommerce Payments — no extra terminals or card readers are needed. Accept contactless debit and credit cards, Apple Pay, and other NFC digital wallets in person in a few short steps!','{}','pending','woocommerce.com','2023-04-04 12:49:06',NULL,0,'plain','',0,0,'info'),(45,'woocommerce-WCPreOrders-april-2023-update-needed','update','en_US','Action required: Security update of WooCommerce Pre-Orders extension','<strong>Your store requires a security update for the WooCommerce Pre-Orders extension</strong>. Please update the WooCommerce Pre-Orders extension immediately to address a potential vulnerability discovered on April 11.','{}','pending','woocommerce.com','2023-04-15 12:50:08',NULL,0,'plain','',0,0,'info'),(46,'wc-admin-wcpay-denmark-Q2-2023','marketing','en_US','WooCommerce Payments is now available in Denmark!','We’ve recently released WooCommerce Payments in Denmark. You can view and manage transactions right in your WordPress dashboard while securely accepting major cards, Apple Pay, and payments in over 100 currencies.','{}','pending','woocommerce.com','2023-04-15 12:50:08',NULL,0,'plain','',0,0,'info'),(47,'wc-admin-wcpay-greece-Q2-2023','marketing','en_US','WooCommerce Payments is now available in Greece!','We’ve recently released WooCommerce Payments in Greece. You can view and manage transactions right in your WordPress dashboard while securely accepting major cards, Apple Pay, and payments in over 100 currencies.','{}','pending','woocommerce.com','2023-04-15 12:50:08',NULL,0,'plain','',0,0,'info'),(48,'wc-admin-wcpay-norway-Q2-2023','marketing','en_US','WooCommerce Payments is now available in Norway!','We’ve recently released WooCommerce Payments in Norway. You can view and manage transactions right in your WordPress dashboard while securely accepting major cards, Apple Pay, and payments in over 100 currencies.','{}','pending','woocommerce.com','2023-04-15 12:50:08',NULL,0,'plain','',0,0,'info'),(49,'wc-admin-wcpay-slovakia-Q2-2023','marketing','en_US','WooCommerce Payments is now available in Slovakia!','We’ve recently released WooCommerce Payments in Slovakia. You can view and manage transactions right in your WordPress dashboard while securely accepting major cards, Apple Pay, and payments in over 100 currencies.','{}','pending','woocommerce.com','2023-04-15 12:50:08',NULL,0,'plain','',0,0,'info'),(50,'wc-admin-wcpay-finland-Q2-2023','marketing','en_US','WooCommerce Payments is now available in Finland!','We’ve recently released WooCommerce Payments in Finland. You can view and manage transactions right in your WordPress dashboard while securely accepting major cards, Apple Pay, and payments in over 100 currencies.','{}','pending','woocommerce.com','2023-04-15 12:50:08',NULL,0,'plain','',0,0,'info'),(51,'wc-admin-wcpay-estonia-Q2-2023','marketing','en_US','WooCommerce Payments is now available in Estonia!','We’ve recently released WooCommerce Payments in Estonia. You can view and manage transactions right in your WordPress dashboard while securely accepting major cards, Apple Pay, and payments in over 100 currencies.','{}','pending','woocommerce.com','2023-04-15 12:50:08',NULL,0,'plain','',0,0,'info'),(52,'wc-admin-wcpay-lithuania-Q2-2023','marketing','en_US','WooCommerce Payments is now available in Lithuania!','We’ve recently released WooCommerce Payments in Lithuania. You can view and manage transactions right in your WordPress dashboard while securely accepting major cards, Apple Pay, and payments in over 100 currencies.','{}','pending','woocommerce.com','2023-04-15 12:50:08',NULL,0,'plain','',0,0,'info'),(53,'wc-admin-wcpay-slovenia-Q2-2023','marketing','en_US','WooCommerce Payments is now available in Slovenia!','We’ve recently released WooCommerce Payments in Slovenia. You can view and manage transactions right in your WordPress dashboard while securely accepting major cards, Apple Pay, and payments in over 100 currencies.','{}','pending','woocommerce.com','2023-04-15 12:50:08',NULL,0,'plain','',0,0,'info'),(54,'wc-admin-wcpay-latvia-Q2-2023','marketing','en_US','WooCommerce Payments is now available in Latvia!','We’ve recently released WooCommerce Payments in Latvia. You can view and manage transactions right in your WordPress dashboard while securely accepting major cards, Apple Pay, and payments in over 100 currencies.','{}','pending','woocommerce.com','2023-04-15 12:50:08',NULL,0,'plain','',0,0,'info'),(55,'wc-admin-wcpay-cyprus-Q2-2023','marketing','en_US','WooCommerce Payments is now available in Cyprus!','We’ve recently released WooCommerce Payments in Cyprus. You can view and manage transactions right in your WordPress dashboard while securely accepting major cards, Apple Pay, and payments in over 100 currencies.','{}','pending','woocommerce.com','2023-04-15 12:50:08',NULL,0,'plain','',0,0,'info'),(56,'wc-admin-wcpay-malta-Q2-2023','marketing','en_US','WooCommerce Payments is now available in Malta!','We’ve recently released WooCommerce Payments in Malta. You can view and manage transactions right in your WordPress dashboard while securely accepting major cards, Apple Pay, and payments in over 100 currencies.','{}','pending','woocommerce.com','2023-04-15 12:50:08',NULL,0,'plain','',0,0,'info'),(57,'wc-admin-wcpay-luxembourg-Q2-2023','marketing','en_US','WooCommerce Payments is now available in Luxembourg!','We’ve recently released WooCommerce Payments in Luxembourg. You can view and manage transactions right in your WordPress dashboard while securely accepting major cards, Apple Pay, and payments in over 100 currencies.','{}','pending','woocommerce.com','2023-04-15 12:50:08',NULL,0,'plain','',0,0,'info'),(58,'wc_admin_BNPL_WCPay_coming-soon_Q1_2023','marketing','en_US','Buy now, pay later is heading to WooCommerce Payments','Great news: full integration with Afterpay and Affirm is on its way to WooCommerce Payments! You’ll soon be able to increase your order values, sell more, and offer customers a payment option they’ll love — with no extra downloads or extensions required.','{}','pending','woocommerce.com','2023-04-27 12:51:00',NULL,0,'plain','',0,0,'info'),(59,'woopay-beta-existingmerchants-noaction-27APR23','info','en_US','WooPay is back!','Thanks for previously trying WooPay, the express checkout feature built into WooCommerce Payments. We’re excited to announce that WooPay availability has resumed. No action is required on your part.\r\n<br /><br />\r\nYou can now continue boosting conversions by offering your customers a simple, secure way to pay with a single click.','{}','pending','woocommerce.com','2023-04-28 13:11:20',NULL,0,'plain','',0,0,'info'),(60,'woopay-beta-existingmerchants-update-27APR23','info','en_US','WooPay is back!','Thanks for previously trying WooPay, the express checkout feature built into WooCommerce Payments. We’re excited to announce that WooPay availability has resumed.\r\n<br /><br />\r\n\r\nUpdate to the latest WooCommerce Payments version to continue boosting conversions by offering your customers a simple, secure way to pay with a single click.','{}','pending','woocommerce.com','2023-04-28 13:11:20',NULL,0,'plain','',0,0,'info'),(61,'woopay-beta-existingmerchants-noaction-27APR23-test2','info','en_US','WooPay is back!','Thanks for previously trying WooPay, the express checkout feature built into WooCommerce Payments. We’re excited to announce that WooPay availability has resumed. No action is required on your part.\r\n<br /><br />\r\nYou can now continue boosting conversions by offering your customers a simple, secure way to pay with a single click.','{}','pending','woocommerce.com','2023-04-28 13:11:20',NULL,0,'plain','',0,0,'info'),(62,'woopay-beta-existingmerchants-update-27APR23-test','info','en_US','WooPay is back!','Thanks for previously trying WooPay, the express checkout feature built into WooCommerce Payments. We’re excited to announce that WooPay availability has resumed.\r\n<br /><br />\r\n\r\nUpdate to the latest WooCommerce Payments version to continue boosting conversions by offering your customers a simple, secure way to pay with a single click.','{}','pending','woocommerce.com','2023-04-28 13:11:20',NULL,0,'plain','',0,0,'info'),(63,'woopay-beta-merchantrecruitment-04MAY23','info','en_US','Increase conversions with WooPay — our fastest checkout yet','WooPay, a new express checkout feature built into WooCommerce Payments, is now available —and we’re inviting you to be one of the first to try it. \r\n<br><br>\r\nBoost conversions by offering your customers a simple, secure way to pay with a single click.\r\n<br><br>\r\nGet started in seconds.','{}','pending','woocommerce.com','2023-05-05 12:54:26',NULL,0,'plain','',0,0,'info'),(64,'woopay-beta-merchantrecruitment-update-04MAY23','info','en_US','Increase conversions with WooPay — our fastest checkout yet','WooPay, a new express checkout feature built into WooCommerce Payments, is now available — and you’re invited to try it. \r\n<br /><br />\r\nBoost conversions by offering your customers a simple, secure way to pay with a single click.\r\n<br /><br />\r\nUpdate WooCommerce Payments to get started.','{}','pending','woocommerce.com','2023-05-05 12:54:26',NULL,0,'plain','',0,0,'info'),(65,'woopay-beta-merchantrecruitment-short-04MAY23','info','en_US','Increase conversions with WooPay — our fastest checkout yet','Be one of the first to try WooPay, a new express checkout feature for WooCommerce Payments. \r\n<br><br>\r\nBoost conversions by letting customers pay with a single click.','{}','pending','woocommerce.com','2023-05-05 12:54:26',NULL,0,'plain','',0,0,'info'),(66,'woopay-beta-merchantrecruitment-short-update-04MAY23','info','en_US','Increase conversions with WooPay — our fastest checkout yet','Be one of the first to try WooPay, our new express checkout feature. <br>Boost conversions by letting customers pay with a single click. <br><br>Update to the latest version of WooCommerce Payments to get started.','{}','pending','woocommerce.com','2023-05-05 12:54:26',NULL,0,'plain','',0,0,'info'),(67,'woopay-beta-merchantrecruitment-short-06MAY23-TESTA','info','en_US','Increase conversions with WooPay — our fastest checkout yet','Be one of the first to try WooPay, a new express checkout feature for WooCommerce Payments. \r\n<br><br>\r\nBoost conversions by letting customers pay with a single click.','{}','pending','woocommerce.com','2023-05-07 12:50:09',NULL,0,'plain','',0,0,'info'),(68,'woopay-beta-merchantrecruitment-short-06MAY23-TESTB','info','en_US','Increase conversions with WooPay — our fastest checkout yet','Be one of the first to try WooPay, a new express checkout feature for WooCommerce Payments. \r\n<br><br>\r\nBoost conversions by letting customers pay with a single click.','{}','pending','woocommerce.com','2023-05-07 12:50:09',NULL,0,'plain','',0,0,'info'),(69,'woopay-beta-merchantrecruitment-short-06MAY23-TESTC','info','en_US','Increase conversions with WooPay — our fastest checkout yet','Be one of the first to try WooPay, a new express checkout feature for WooCommerce Payments. \r\n<br><br>\r\nBoost conversions by letting customers pay with a single click.','{}','pending','woocommerce.com','2023-05-07 12:50:09',NULL,0,'plain','',0,0,'info'),(70,'woopay-beta-merchantrecruitment-short-06MAY23-TESTD','info','en_US','Increase conversions with WooPay — our fastest checkout yet','Be one of the first to try WooPay, a new express checkout feature for WooCommerce Payments. \r\n<br><br>\r\nBoost conversions by letting customers pay with a single click.','{}','pending','woocommerce.com','2023-05-07 12:50:09',NULL,0,'plain','',0,0,'info'),(71,'woopay-beta-merchantrecruitment-short-09MAY23','info','en_US','Increase conversions with WooPay — our fastest checkout yet','Be one of the first to try WooPay, a new express checkout feature for WooCommerce Payments. \r\n<br><br>\r\nBoost conversions by letting customers pay with a single click.','{}','pending','woocommerce.com','2023-05-10 12:51:47',NULL,0,'plain','',0,0,'info'),(72,'woopay-beta-merchantrecruitment-short-update-09MAY23','info','en_US','Increase conversions with WooPay — our fastest checkout yet','Be one of the first to try WooPay, our new express checkout feature. <br>Boost conversions by letting customers pay with a single click. <br><br>Update to the latest version of WooCommerce Payments to get started.','{}','pending','woocommerce.com','2023-05-10 12:51:47',NULL,0,'plain','',0,0,'info'),(73,'payoneer_q2_2023','marketing','en_US','Grow with the next generation of payment processing','Ready to stand out in the new global economy? Payoneer Checkout gives you the power to securely accept payments worldwide, build a checkout that customers love, and manage your store’s transactions and finances – all from the same place.','{}','pending','woocommerce.com','2023-05-14 12:50:55',NULL,0,'plain','',0,0,'info'),(74,'ipp_refresh_q2_2023_us_inbox_notification','marketing','en_US','Grow on the go with in-person payments','Sell your products or services on the go with the M2 card reader – a quick, synchronized, and secure way to take payments, no matter where you are. Create an order using the WooCommerce mobile app and connect your card reader to accept payments.','{}','unactioned','woocommerce.com','2023-05-18 12:58:25',NULL,0,'plain','',0,0,'info'),(75,'ipp_refresh_q2_2023_ca_inbox_notification','marketing','en_US','Grow on the go with in-person payments','Sell your products or services on the go with the WisePad 3 card reader – a quick, synchronized, and secure way to take payments, no matter where you are. Create an order using the WooCommerce mobile app and connect your card reader to accept payments.','{}','pending','woocommerce.com','2023-05-18 12:58:25',NULL,0,'plain','',0,0,'info'),(76,'product_management_card_sorting','survey','en_US','How do you create and edit products?','Have a say in the future of WooCommerce. Take part in a brief exercise and help us understand what information is important to you while editing products.','{}','unactioned','woocommerce.com','2023-05-19 12:47:56',NULL,0,'plain','',0,0,'info'),(77,'wc-admin-real-time-order-alerts','info','en_US','Get real-time order alerts anywhere','Get notifications about store activity, including new orders and product reviews directly on your mobile devices with the Woo app.','{}','unactioned','woocommerce-admin','2023-05-21 14:17:47',NULL,0,'plain','',0,0,'info'),(78,'woocommerce-WCstripe-May-2023-updated-needed','update','en_US','Action required: Security update of WooCommerce Stripe plugin','<strong>Your store requires a security update for the WooCommerce Stripe plugin</strong>. Please update the WooCommerce Stripe plugin immediately to address a potential vulnerability.','{}','pending','woocommerce.com','2023-06-02 12:49:35',NULL,0,'plain','',0,0,'info'),(79,'woocommerce-WCReturnsWarranty-June-2023-updated-needed','update','en_US','Action required: Security update of WooCommerce Returns and Warranty Requests extension','<strong>Your store requires a security update for the Returns and Warranty Requests extension</strong>.  Please update to the latest version of the WooCommerce Returns and Warranty Requests extension immediately to address a potential vulnerability discovered on May 31.','{}','pending','woocommerce.com','2023-06-03 12:49:35',NULL,0,'plain','',0,0,'info'),(80,'woocommerce-WCSubscriptions-June-2023-updated-needed','marketing','en_US','Action required: Security update of WooCommerce Subscriptions','<strong>Your store requires a security update for the WooCommerce Subscriptions plugin</strong>. Please update the WooCommerce Subscriptions plugin immediately to address a potential vulnerability.','{}','pending','woocommerce.com','2023-06-06 13:02:44',NULL,0,'plain','',0,0,'info'),(81,'woocommerce-WCPayments-June-2023-updated-needed','update','en_US','Action required: Security update of WooCommerce Payments','<strong>Your store requires a security update for the WooCommerce Payments plugin</strong>. Please update the WooCommerce Payments plugin immediately to address a potential vulnerability.','{}','pending','woocommerce.com','2023-06-07 12:44:44',NULL,0,'plain','',0,0,'info'),(82,'woocommerce_hpos_1st_notification_q2_2023','marketing','en_US','High-Performance Order Storage (HPOS) is on its way','Our team is targeting August 2023 to roll out a major database upgrade that can unlock faster checkout and order creation for your customers — and lightning-quick order lookup for you. Enablement is optional and you won’t be forced to update, but read on to see why this was our most requested new feature.','{}','unactioned','woocommerce.com','2023-06-07 12:44:44',NULL,0,'plain','',0,0,'info'),(83,'wc-update-db-reminder','update','en_US','WooCommerce database update required','WooCommerce has been updated! To keep things running smoothly, we have to update your database to the newest version. The database update process runs in the background and may take a little while, so please be patient. Advanced users can alternatively update via <a href=\"https://github.com/woocommerce/woocommerce/wiki/Upgrading-the-database-using-WP-CLI\">WP CLI</a>.','{}','unactioned','woocommerce-core','2023-06-07 21:43:12',NULL,0,'plain','',0,0,'info'),(84,'woocommerce-WCOPC-June-2023-updated-needed','update','en_US','Action required: Security update of WooCommerce One Page Checkout','<strong>Your shop requires a security update to address a vulnerability in the WooCommerce One Page Checkout extension</strong>. The fix for this vulnerability was released for this extension on June 13th. Please update immediately.','{}','pending','woocommerce.com','2023-06-21 12:51:19',NULL,0,'plain','',0,0,'info'),(85,'wc-admin-wcpay-bulgaria-Q2-2023','marketing','en_US','WooCommerce Payments is now available in Bulgaria!','We’ve recently released WooCommerce Payments in Bulgaria. You can view and manage transactions right in your WordPress dashboard while securely accepting major cards, Apple Pay, and payments in over 100 currencies.','{}','pending','woocommerce.com','2023-06-30 12:47:15',NULL,0,'plain','',0,0,'info'),(86,'wc-admin-wcpay-czechia-Q2-2023','marketing','en_US','WooCommerce Payments is now available in Czechia!','We’ve recently released WooCommerce Payments in Czechia. You can view and manage transactions right in your WordPress dashboard while securely accepting major cards, Apple Pay, and payments in over 100 currencies.','{}','pending','woocommerce.com','2023-06-30 12:47:15',NULL,0,'plain','',0,0,'info'),(87,'wc-admin-wcpay-croatia-Q2-2023','marketing','en_US','WooCommerce Payments is now available in Croatia!','We’ve recently released WooCommerce Payments in Croatia. You can view and manage transactions right in your WordPress dashboard while securely accepting major cards, Apple Pay, and payments in over 100 currencies.','{}','pending','woocommerce.com','2023-06-30 12:47:15',NULL,0,'plain','',0,0,'info'),(88,'wc-admin-wcpay-hungary-Q2-2023','marketing','en_US','WooCommerce Payments is now available in Hungary!','We’ve recently released WooCommerce Payments in Hungary. You can view and manage transactions right in your WordPress dashboard while securely accepting major cards, Apple Pay, and payments in over 100 currencies.','{}','pending','woocommerce.com','2023-06-30 12:47:15',NULL,0,'plain','',0,0,'info'),(89,'wc-admin-wcpay-romania-Q2-2023','marketing','en_US','WooCommerce Payments is now available in Romania!','We’ve recently released WooCommerce Payments in Romania. You can view and manage transactions right in your WordPress dashboard while securely accepting major cards, Apple Pay, and payments in over 100 currencies.','{}','pending','woocommerce.com','2023-06-30 12:47:15',NULL,0,'plain','',0,0,'info'),(90,'wc-admin-wcpay-sweden-Q2-2023','marketing','en_US','WooCommerce Payments is now available in Sweden!','We’ve recently released WooCommerce Payments in Sweden. You can view and manage transactions right in your WordPress dashboard while securely accepting major cards, Apple Pay, and payments in over 100 currencies.','{}','pending','woocommerce.com','2023-06-30 12:47:15',NULL,0,'plain','',0,0,'info'),(91,'tiktok-spc_june-2023','marketing','en_US','Take the guesswork out of TikTok advertising','Save time and create smarter ads using new automated campaign management from TikTok for WooCommerce. Simplify your campaign creation and watch TikTok’s machine learning build, target, and optimize ads that support your advertising goals — and grow your audience.','{}','unactioned','woocommerce.com','2023-06-30 12:47:15',NULL,0,'plain','',0,0,'info'),(92,'woocommerce-WCGC-July-2023-update-needed','update','en_US','Action required: Security update of WooCommerce GoCardless Extension','<strong>Your shop requires a security update to address a vulnerability in the WooCommerce GoCardless extension</strong>. The fix for this vulnerability was released on July 4th. Please update immediately.','{}','pending','woocommerce.com','2023-07-05 13:27:19',NULL,0,'plain','',0,0,'info'),(93,'woocommerce-shipping-fedex-api-outage-2023-07-16','warning','en_US','Scheduled FedEx API outage — July 2023','On July 16 there will be a full outage of the FedEx API from 04:00 to 08:00 AM UTC. Due to planned maintenance by FedEx, you\'ll be unable to provide FedEx shipping rates during this time. Follow the link below for more information and recommendations on how to minimize impact.','{}','pending','woocommerce.com','2023-07-06 13:05:51',NULL,0,'plain','',0,0,'info'),(94,'wcship-2023-07-hazmat-update-needed','update','en_US','Action required: USPS HAZMAT compliance update for WooCommerce Shipping & Tax extension','<strong>Your store requires an update for the WooCommerce Shipping extension</strong>. Please update to the latest version of the WooCommerce Shipping &amp; Tax extension immediately to ensure compliance with new USPS HAZMAT rules currently in effect.','{}','pending','woocommerce.com','2023-07-12 12:46:09',NULL,0,'plain','',0,0,'info'),(95,'square_payments_q3_2023','marketing','en_US','Square for WooCommerce','Connect your Square account with WooCommerce to accept online and in-person payments (including contactless payments and cross-channel gift cards) quickly and securely. Save time by syncing sales, customers, and items and inventory — and manage everything through one centralized platform.','{}','unactioned','woocommerce.com','2023-07-20 13:14:34',NULL,0,'plain','',0,0,'info'),(96,'wc-admin-woopayments-rebrand','marketing','en_US','WooCommerce Payments is now WooPayments','We’ve changed the name as part of recent updates to the Woo brand. You’ll still enjoy the same seamless payments experience — just look for WooPayments in your WordPress admin.','{}','pending','woocommerce.com','2023-07-29 12:44:41',NULL,0,'plain','',0,0,'info'),(97,'woocommerce-WCStripe-Aug-2023-update-needed','update','en_US','Action required: Security update for WooCommerce Stripe plugin','<strong>Your shop requires an important security update for the  WooCommerce Stripe plugin</strong>. The fix for this vulnerability was released on July 31. Please update immediately.','{}','pending','woocommerce.com','2023-08-03 12:44:22',NULL,0,'plain','',0,0,'info'),(98,'woocommerce-WCStripe-Aug-2023-security-updated','update','en_US','Security update of WooCommerce Stripe plugin','<strong>Your store has been updated to the latest secure version of the WooCommerce Stripe plugin</strong>. This update was released on July 31.','{}','pending','woocommerce.com','2023-08-03 12:44:22',NULL,0,'plain','',0,0,'info'),(99,'woocommerce-WooPayments-Aug-2023-update-needed','update','en_US','Action required: Security update for WooPayments (WooCommerce Payments) plugin','<strong>Your shop requires an important security update for the WooPayments (WooCommerce Payments) extension</strong>. The fix for this vulnerability was released on July 31. Please update immediately.','{}','pending','woocommerce.com','2023-08-03 12:44:22',NULL,0,'plain','',0,0,'info'),(100,'woocommerce-WooPayments-Aug-2023-security-updated','update','en_US','Security update of WooPayments (WooCommerce Payments) plugin','<strong>Your store has been updated to the more secure version of WooPayments (WooCommerce Payments)</strong>. This update was released on July 31.','{}','pending','woocommerce.com','2023-08-03 12:44:22',NULL,0,'plain','',0,0,'info'),(101,'tiktok-apac-webinar-2023','marketing','en_US','Unlocking TikTok: Live Webinar August 9','Join us on August 9 for a free online masterclass with our partners at TikTok, tailored to Woo merchants in the APAC region (11 am AEST). You’ll learn how to connect your store to TikTok, unlock expert advertising tools, and reach its one billion active global users — all from the comfort of your own home.','{}','pending','woocommerce.com','2023-08-05 12:48:59',NULL,0,'plain','',0,0,'info'),(102,'avalara_q3-2023_noAvaTax','marketing','en_US','Automatically calculate VAT in real time','Take the effort out of determining tax rates and sell confidently across borders with automated tax management from Avalara AvaTax— including built-in VAT calculation when you sell into or across the EU and UK. Save time and stay compliant when you let Avalara do the heavy lifting.','{}','pending','woocommerce.com','2023-08-09 13:13:16',NULL,0,'plain','',0,0,'info'),(103,'avalara_q3-2023_withAvaTax','marketing','en_US','New in AvaTax: Calculate VAT in real time','Take the effort out of determining tax rates and sell confidently across borders with automated tax management from Avalara AvaTax— including built-in VAT calculation when you sell into or across the EU and UK. Save time and stay compliant when you let Avalara do the heavy lifting.','{}','pending','woocommerce.com','2023-08-09 13:13:16',NULL,0,'plain','',0,0,'info'),(104,'google_uxstudy_recruitment_q3-2023','marketing','en_US','Share your feedback in exchange for $150','Woo has teamed up with Google to collect feedback on advertising products and services available to you. If selected, you’ll receive an incentive equal to $150 USD for a 60-minute interview that can help improve the products you use to advertise. If interested, please take 2 minutes to complete the screening survey.','{}','pending','woocommerce.com','2023-08-10 12:48:02',NULL,0,'plain','',0,0,'info'),(105,'wc-admin-manage-orders-on-the-go','info','en_US','Manage your orders on the go','Look for orders, customer info, and process refunds in one click with the Woo app.','{}','unactioned','woocommerce-admin','2023-08-19 13:08:15',NULL,0,'plain','',0,0,'info'),(106,'woo-activation-survey-blockers-22AUG23','info','en_US','How can we help you get that first sale?','Your feedback is vital. Please take a minute to share your experience of setting up your new store and whether anything is preventing you from making those first few sales. Together, we can make Woo even better!','{}','pending','woocommerce.com','2023-08-23 13:28:33',NULL,0,'plain','',0,0,'info'),(107,'tiktok_shopGTM_q3-2023_hasTikTok','marketing','en_US','You can now sell your products on TikTok Shop','TikTok is changing the way shoppers find and connect with brands. With TikTok Shop, you can sync your entire catalog from within Woo and sell directly to TikTok users through in-feed videos, livestreams, and your product showcase tab.','{}','pending','woocommerce.com','2023-09-06 12:44:35',NULL,0,'plain','',0,0,'info'),(108,'tiktok_shopGTM_q3-2023_noTikTok','marketing','en_US','You can now sell your products on TikTok Shop','TikTok is changing the way shoppers find and connect with brands. With TikTok Shop, you can sync your entire catalog from within Woo and sell directly to TikTok users through in-feed videos, livestreams, and your product showcase tab.','{}','pending','woocommerce.com','2023-09-07 13:19:31',NULL,0,'plain','',0,0,'info'),(109,'klaviyo_q3_2023','marketing','en_US','Build long lasting relationships with Klaviyo for WooCommerce','Increase customer engagement and boost conversions with powerful email and SMS automation from Klaviyo. Fully integrated with your Woo store, Klaviyo enables you to send personalized communications to your customers — ensuring that the right message is delivered at the right time for maximum impact.','{}','unactioned','woocommerce.com','2023-09-12 13:10:05',NULL,0,'plain','',0,0,'info'),(110,'wc_admin_BNPL_WCPay_Q3_2023','marketing','en_US','Afterpay and Affirm have arrived in WooCommerce Payments!','Give your customers more power with buy now, pay later from Afterpay and Affirm — now included as part of WooCommerce Payments! With this new integration, you can quickly offer a checkout option that converts sales and boosts average order value, all from within the same payments dashboard you already know.','{}','pending','woocommerce.com','2023-09-19 12:51:24',NULL,0,'plain','',0,0,'info'),(111,'wc_admin_afterpay_WCPay_Q3_2023','marketing','en_US','Afterpay has arrived in WooCommerce Payments!','Give your customers more power with buy now, pay later from Afterpay — now included as part of WooCommerce Payments! With this new integration, you can quickly offer a checkout option that converts sales and boosts average order value, all from within the same payments dashboard you already know.','{}','pending','woocommerce.com','2023-09-19 12:51:24',NULL,0,'plain','',0,0,'info'),(112,'woocommerce-usermeta-Sept2023-productvendors','update','en_US','Your store requires a security update','<strong>Your shop needs an update to address a vulnerability in WooCommerce.</strong> The fix was released on Sept 15. Please update WooCommerce to the latest version immediately. <a href=\"https://developer.woocommerce.com/2023/09/16/woocommerce-vulnerability-reintroduced-from-7-0-1/\" />Read our developer update</a> for more information.','{}','pending','woocommerce.com','2023-09-20 12:44:30',NULL,0,'plain','',0,0,'info'),(113,'Klarna_10OCT23','marketing','en_US','Klarna is now available','This is a test. Klarna is now available.','{}','pending','woocommerce.com','2023-10-11 13:03:53',NULL,0,'plain','',0,0,'info'),(114,'wc_com_in_person_payments_card_sale_US_inbox_note_q4_23','marketing','en_US','Save 35% on a WooPayments card reader','Have you been thinking about selling your products or services in person? Now’s the perfect time to do so, as we’re discounting our M2 card readers by 35%! Securely process payments wherever your business takes you, with full store and inventory sync. Don’t miss out — this offer ends October 29, 2023.','{}','pending','woocommerce.com','2023-10-13 13:07:28',NULL,0,'plain','',0,0,'info'),(115,'wc_com_in_person_payments_card_sale_UK_inbox_note_q4_23','marketing','en_US','Save 35% on a WooPayments card reader','Have you been thinking about selling your products or services in person? Now’s the perfect time to do so, as we’re discounting our WisePad 3 card readers by 35%! Securely process payments wherever your business takes you, with full store and inventory sync. Don’t miss out — this offer ends 29th October 2023.','{}','pending','woocommerce.com','2023-10-13 13:07:28',NULL,0,'plain','',0,0,'info'),(116,'wc_com_in_person_payments_card_sale_CA_inbox_note_q4_23','marketing','en_US','Save 35% on a WooPayments card reader','Have you been thinking about selling your products or services in person? Now’s the perfect time to do so, as we’re discounting our WisePad 3 card readers by 35%! Securely process payments wherever your business takes you, with full store and inventory sync. Don’t miss out — this offer ends October 29, 2023.','{}','pending','woocommerce.com','2023-10-13 13:07:28',NULL,0,'plain','',0,0,'info'),(117,'woocommerce-STRIPE-Oct-2023-update-needed','update','en_US','Action required: Security update for WooCommerce Stripe Gateway','<strong>Your shop requires a security update to address a vulnerability in the WooCommerce Stripe Gateway</strong>. The fix for this vulnerability was released on October 17. Please update immediately.','{}','pending','woocommerce.com','2023-10-18 12:59:51',NULL,0,'plain','',0,0,'info'),(118,'wc_admin_WooPay_Q4_2023','marketing','en_US','Convert more sales with our fastest checkout yet','Enable WooPay and offer the only single-click checkout experience built by Woo, for Woo. Give shoppers the power to pay instantly and securely speed through checkout, even if it\'s their first visit. Add it for free with one tap in your WooPayments dashboard.','{}','pending','woocommerce.com','2023-10-28 13:00:28',NULL,0,'plain','',0,0,'info'),(119,'wc_admin_WooPay_Oct30_2023','marketing','en_US','Convert more sales with our fastest checkout yet','Enable WooPay and offer the only single-click checkout experience built by Woo, for Woo. Give shoppers the power to pay instantly and securely speed through checkout, even if it\'s their first visit. Add it for free with one tap in your WooPayments dashboard.','{}','pending','woocommerce.com','2023-11-03 13:06:18',NULL,0,'plain','',0,0,'info'),(120,'paypal_paylater_q4_23','marketing','en_US','Boost your sales this holiday season with PayPal','Set yourself up for success this holiday season by allowing customers to pay the way they prefer. With the latest version of PayPal Payments, you can accept PayPal, Venmo (US), Pay Later*, credit and debit cards, and popular alternative payment methods in one secure solution.','{}','pending','woocommerce.com','2023-11-07 13:16:22',NULL,0,'plain','',0,0,'info'),(121,'wc-admin-performance-on-mobile','info','en_US','Track your store performance on mobile','Monitor your sales and high performing products with the Woo app.','{}','unactioned','woocommerce-admin','2023-11-17 12:55:58',NULL,0,'plain','',0,0,'info'),(122,'tap_to_pay_iphone_q4_2023_no_woopayments','marketing','en_US','Accept in-person contactless payments on your iPhone','Tap to Pay on iPhone and WooPayments is quick, secure, and simple to set up — no extra terminals or card readers are needed. Accept contactless debit and credit cards, Apple Pay, and other NFC digital wallets in person.','{}','pending','woocommerce.com','2023-12-06 12:57:08',NULL,0,'plain','',0,0,'info'),(123,'tap_to_pay_iphone_q4_2023_with_woopayments','marketing','en_US','Accept in-person contactless payments on your iPhone','Tap to Pay on iPhone is quick, secure, and simple to set up in WooPayments — no extra terminals or card readers are needed. Accept contactless debit and credit cards, Apple Pay, and other NFC digital wallets in person in a few short steps!','{}','pending','woocommerce.com','2023-12-06 12:57:08',NULL,0,'plain','',0,0,'info'),(124,'amazon-mcf-reviews-2023-12-07','marketing','en_US','Enjoying Amazon MCF for WooCommerce?','We\'re Never Settle, the developers behind Amazon MCF for WooCommerce, and would be deeply honored to have your review. Reviews help immensely as other users can learn how MCF can solve their needs too! Not happy or need help? Please reach out for support and we’d love to make things right!','{}','pending','woocommerce.com','2023-12-07 12:50:42',NULL,0,'plain','',0,0,'info'),(125,'amazon_pay_reactivate_q1-24','marketing','en_US','Special offer: Activate 0% promo rate for Amazon Pay','For a limited time, Woo merchants who register with Amazon Pay can enjoy a promotional rate of 0% on all transaction fees for 30 days. Valid for businesses based in the United Kingdom. Terms and conditions apply.','{}','pending','woocommerce.com','2024-01-10 12:47:13',NULL,0,'plain','',0,0,'info'),(126,'remove_estimated_deposits_2024','marketing','en_US','Estimated deposits are going away','To provide more accurate deposit information and support the expansion of instant deposits, estimated deposit details will no longer be available in WooPayments. We recommend upgrading to the latest version of WooPayments for more detailed balance status information.','{}','pending','woocommerce.com','2024-01-19 12:53:58',NULL,0,'plain','',0,0,'info'),(127,'custom_order_attribution_inbox_q1_2024','marketing','en_US','NEW: Custom Order Attribution','Order attribution tracking is now available for all Woo stores! See whether an order came from a search ad, video, or email. Make better marketing decisions and watch your products go from “maybe” to “must-have.”','{}','pending','woocommerce.com','2024-02-06 12:52:01',NULL,0,'plain','',0,0,'info'),(128,'wc-admin-edit-products-on-the-move','info','en_US','Edit products on the move','Edit and create new products from your mobile devices with the Woo app','{}','unactioned','woocommerce-admin','2024-02-20 12:47:03',NULL,0,'plain','',0,0,'info'),(129,'wc_admin_UKpricingchange_WCPay_Q1_2024','marketing','en_US','Fee Changes for WooPayments in the EEA and UK','WooPayments fees for transactions between the EEA and UK will change as of 1st March, 2024. Transactions between the UK and EEA are now deemed by card networks to be cross-border, thus international payment fees will be applicable. This also changes base processing fees.','{}','pending','woocommerce.com','2024-03-01 12:49:06',NULL,0,'plain','',0,0,'info'),(130,'airwallex_q1_2024','marketing','en_US','Save big on foreign exchange (FX) fees','Boost your international sales by offering Apple Pay, Google Pay, and 60+ local payment methods with Airwallex. Save time and money by settling payments directly in USD, EUR, HKD, SGD, AUD, and more — without the extra FX fees. Simple, cost-effective, fast.','{}','unactioned','woocommerce.com','2024-03-01 12:49:06',NULL,0,'plain','',0,0,'info');

--
-- Table structure for table `wpSD_wc_category_lookup`
--

CREATE TABLE `wpSD_wc_category_lookup` (
  `category_tree_id` bigint(20) unsigned NOT NULL,
  `category_id` bigint(20) unsigned NOT NULL,
  PRIMARY KEY (`category_tree_id`,`category_id`)
) ENGINE=MyISAM DEFAULT CHARSET=utf8mb4 COLLATE=utf8mb4_unicode_520_ci;

--
-- Dumping data for table `wpSD_wc_category_lookup`
--

INSERT INTO `wpSD_wc_category_lookup` VALUES (7,7),(8,8),(9,9),(30,30),(40,40);

--
-- Table structure for table `wpSD_wc_customer_lookup`
--

CREATE TABLE `wpSD_wc_customer_lookup` (
  `customer_id` bigint(20) unsigned NOT NULL AUTO_INCREMENT,
  `user_id` bigint(20) unsigned DEFAULT NULL,
  `username` varchar(60) NOT NULL DEFAULT '',
  `first_name` varchar(255) NOT NULL,
  `last_name` varchar(255) NOT NULL,
  `email` varchar(100) DEFAULT NULL,
  `date_last_active` timestamp NULL DEFAULT NULL,
  `date_registered` timestamp NULL DEFAULT NULL,
  `country` char(2) NOT NULL DEFAULT '',
  `postcode` varchar(20) NOT NULL DEFAULT '',
  `city` varchar(100) NOT NULL DEFAULT '',
  `state` varchar(100) NOT NULL DEFAULT '',
  PRIMARY KEY (`customer_id`),
  UNIQUE KEY `user_id` (`user_id`),
  KEY `email` (`email`)
) ENGINE=MyISAM DEFAULT CHARSET=utf8mb4 COLLATE=utf8mb4_unicode_520_ci;

--
-- Dumping data for table `wpSD_wc_customer_lookup`
--


--
-- Table structure for table `wpSD_wc_download_log`
--

CREATE TABLE `wpSD_wc_download_log` (
  `download_log_id` bigint(20) unsigned NOT NULL AUTO_INCREMENT,
  `timestamp` datetime NOT NULL,
  `permission_id` bigint(20) unsigned NOT NULL,
  `user_id` bigint(20) unsigned DEFAULT NULL,
  `user_ip_address` varchar(100) DEFAULT '',
  PRIMARY KEY (`download_log_id`),
  KEY `permission_id` (`permission_id`),
  KEY `timestamp` (`timestamp`)
) ENGINE=MyISAM DEFAULT CHARSET=utf8mb4 COLLATE=utf8mb4_unicode_520_ci;

--
-- Dumping data for table `wpSD_wc_download_log`
--


--
-- Table structure for table `wpSD_wc_order_coupon_lookup`
--

CREATE TABLE `wpSD_wc_order_coupon_lookup` (
  `order_id` bigint(20) unsigned NOT NULL,
  `coupon_id` bigint(20) NOT NULL,
  `date_created` datetime NOT NULL DEFAULT '0000-00-00 00:00:00',
  `discount_amount` double NOT NULL DEFAULT 0,
  PRIMARY KEY (`order_id`,`coupon_id`),
  KEY `coupon_id` (`coupon_id`),
  KEY `date_created` (`date_created`)
) ENGINE=MyISAM DEFAULT CHARSET=utf8mb4 COLLATE=utf8mb4_unicode_520_ci;

--
-- Dumping data for table `wpSD_wc_order_coupon_lookup`
--


--
-- Table structure for table `wpSD_wc_order_product_lookup`
--

CREATE TABLE `wpSD_wc_order_product_lookup` (
  `order_item_id` bigint(20) unsigned NOT NULL,
  `order_id` bigint(20) unsigned NOT NULL,
  `product_id` bigint(20) unsigned NOT NULL,
  `variation_id` bigint(20) unsigned NOT NULL,
  `customer_id` bigint(20) unsigned DEFAULT NULL,
  `date_created` datetime NOT NULL DEFAULT '0000-00-00 00:00:00',
  `product_qty` int(11) NOT NULL,
  `product_net_revenue` double NOT NULL DEFAULT 0,
  `product_gross_revenue` double NOT NULL DEFAULT 0,
  `coupon_amount` double NOT NULL DEFAULT 0,
  `tax_amount` double NOT NULL DEFAULT 0,
  `shipping_amount` double NOT NULL DEFAULT 0,
  `shipping_tax_amount` double NOT NULL DEFAULT 0,
  PRIMARY KEY (`order_item_id`),
  KEY `order_id` (`order_id`),
  KEY `product_id` (`product_id`),
  KEY `customer_id` (`customer_id`),
  KEY `date_created` (`date_created`)
) ENGINE=MyISAM DEFAULT CHARSET=utf8mb4 COLLATE=utf8mb4_unicode_520_ci;

--
-- Dumping data for table `wpSD_wc_order_product_lookup`
--


--
-- Table structure for table `wpSD_wc_order_stats`
--

CREATE TABLE `wpSD_wc_order_stats` (
  `order_id` bigint(20) unsigned NOT NULL,
  `parent_id` bigint(20) unsigned NOT NULL DEFAULT 0,
  `date_created` datetime NOT NULL DEFAULT '0000-00-00 00:00:00',
  `date_created_gmt` datetime NOT NULL DEFAULT '0000-00-00 00:00:00',
  `num_items_sold` int(11) NOT NULL DEFAULT 0,
  `total_sales` double NOT NULL DEFAULT 0,
  `tax_total` double NOT NULL DEFAULT 0,
  `shipping_total` double NOT NULL DEFAULT 0,
  `net_total` double NOT NULL DEFAULT 0,
  `returning_customer` tinyint(1) DEFAULT NULL,
  `status` varchar(200) NOT NULL,
  `customer_id` bigint(20) unsigned NOT NULL,
  PRIMARY KEY (`order_id`),
  KEY `date_created` (`date_created`),
  KEY `customer_id` (`customer_id`),
  KEY `status` (`status`(191))
) ENGINE=MyISAM DEFAULT CHARSET=utf8mb4 COLLATE=utf8mb4_unicode_520_ci;

--
-- Dumping data for table `wpSD_wc_order_stats`
--


--
-- Table structure for table `wpSD_wc_order_tax_lookup`
--

CREATE TABLE `wpSD_wc_order_tax_lookup` (
  `order_id` bigint(20) unsigned NOT NULL,
  `tax_rate_id` bigint(20) unsigned NOT NULL,
  `date_created` datetime NOT NULL DEFAULT '0000-00-00 00:00:00',
  `shipping_tax` double NOT NULL DEFAULT 0,
  `order_tax` double NOT NULL DEFAULT 0,
  `total_tax` double NOT NULL DEFAULT 0,
  PRIMARY KEY (`order_id`,`tax_rate_id`),
  KEY `tax_rate_id` (`tax_rate_id`),
  KEY `date_created` (`date_created`)
) ENGINE=MyISAM DEFAULT CHARSET=utf8mb4 COLLATE=utf8mb4_unicode_520_ci;

--
-- Dumping data for table `wpSD_wc_order_tax_lookup`
--


--
-- Table structure for table `wpSD_wc_product_attributes_lookup`
--

CREATE TABLE `wpSD_wc_product_attributes_lookup` (
  `product_id` bigint(20) NOT NULL,
  `product_or_parent_id` bigint(20) NOT NULL,
  `taxonomy` varchar(32) NOT NULL,
  `term_id` bigint(20) NOT NULL,
  `is_variation_attribute` tinyint(1) NOT NULL,
  `in_stock` tinyint(1) NOT NULL,
  PRIMARY KEY (`product_or_parent_id`,`term_id`,`product_id`,`taxonomy`),
  KEY `is_variation_attribute_term_id` (`is_variation_attribute`,`term_id`)
) ENGINE=MyISAM DEFAULT CHARSET=utf8mb4 COLLATE=utf8mb4_unicode_520_ci;

--
-- Dumping data for table `wpSD_wc_product_attributes_lookup`
--

INSERT INTO `wpSD_wc_product_attributes_lookup` VALUES (81,62,'pa_size',17,1,1),(82,62,'pa_size',16,1,1),(83,62,'pa_size',15,1,1),(182,181,'pa_size',17,1,1),(183,181,'pa_size',16,1,1),(184,181,'pa_size',15,1,1),(185,185,'pa_color',25,0,1),(185,185,'pa_color',24,0,1),(185,185,'pa_color',23,0,1),(185,185,'pa_color',22,0,1),(186,185,'pa_size',17,1,1),(187,185,'pa_size',16,1,1),(188,185,'pa_size',15,1,1),(190,189,'pa_size',17,1,1),(191,189,'pa_size',16,1,1),(192,189,'pa_size',15,1,1),(195,194,'pa_size',17,1,1),(196,194,'pa_size',16,1,1),(197,194,'pa_size',15,1,1),(199,198,'pa_size',17,1,1),(200,198,'pa_size',16,1,1),(201,198,'pa_size',15,1,1),(203,202,'pa_size',16,1,1),(204,202,'pa_size',15,1,1),(205,202,'pa_size',17,1,1),(207,206,'pa_size',16,1,1),(208,206,'pa_size',15,1,1),(209,206,'pa_size',17,1,1),(212,211,'pa_size',16,1,1),(213,211,'pa_size',15,1,1),(214,211,'pa_size',17,1,1),(216,215,'pa_size',16,1,1),(217,215,'pa_size',15,1,1),(218,215,'pa_size',17,1,1),(220,219,'pa_size',16,1,1),(221,219,'pa_size',15,1,1),(222,219,'pa_size',17,1,1),(224,223,'pa_size',16,1,1),(225,223,'pa_size',15,1,1),(226,223,'pa_size',17,1,1),(228,227,'pa_size',16,1,1),(229,227,'pa_size',15,1,1),(230,227,'pa_size',17,1,1),(232,231,'pa_size',16,1,1),(233,231,'pa_size',15,1,1),(234,231,'pa_size',17,1,1),(242,237,'pa_color',18,1,1),(243,237,'pa_color',18,1,1),(244,237,'pa_color',18,1,1),(242,237,'pa_size',17,1,1),(243,237,'pa_size',16,1,1),(244,237,'pa_size',15,1,1),(246,245,'pa_size',16,1,1),(247,245,'pa_size',15,1,1),(248,245,'pa_size',17,1,1),(250,249,'pa_size',16,1,1),(251,249,'pa_size',15,1,1),(252,249,'pa_size',17,1,1),(254,253,'pa_size',16,1,1),(255,253,'pa_size',15,1,1),(256,253,'pa_size',17,1,1),(258,257,'pa_size',15,1,1),(259,257,'pa_size',16,1,1),(260,257,'pa_size',17,1,1),(263,262,'pa_size',17,1,1),(264,262,'pa_size',16,1,1),(265,262,'pa_size',15,1,1),(267,266,'pa_size',17,1,1),(268,266,'pa_size',16,1,1),(269,266,'pa_size',15,1,1),(277,276,'pa_size',16,1,1),(278,276,'pa_size',15,1,1),(279,276,'pa_size',17,1,1);

--
-- Table structure for table `wpSD_wc_product_download_directories`
--

CREATE TABLE `wpSD_wc_product_download_directories` (
  `url_id` bigint(20) unsigned NOT NULL AUTO_INCREMENT,
  `url` varchar(256) NOT NULL,
  `enabled` tinyint(1) NOT NULL DEFAULT 0,
  PRIMARY KEY (`url_id`),
  KEY `url` (`url`(191))
) ENGINE=MyISAM DEFAULT CHARSET=utf8mb4 COLLATE=utf8mb4_unicode_520_ci;

--
-- Dumping data for table `wpSD_wc_product_download_directories`
--


--
-- Table structure for table `wpSD_wc_product_meta_lookup`
--

CREATE TABLE `wpSD_wc_product_meta_lookup` (
  `product_id` bigint(20) NOT NULL,
  `sku` varchar(100) DEFAULT '',
  `virtual` tinyint(1) DEFAULT 0,
  `downloadable` tinyint(1) DEFAULT 0,
  `min_price` decimal(19,4) DEFAULT NULL,
  `max_price` decimal(19,4) DEFAULT NULL,
  `onsale` tinyint(1) DEFAULT 0,
  `stock_quantity` double DEFAULT NULL,
  `stock_status` varchar(100) DEFAULT 'instock',
  `rating_count` bigint(20) DEFAULT 0,
  `average_rating` decimal(3,2) DEFAULT 0.00,
  `total_sales` bigint(20) DEFAULT 0,
  `tax_status` varchar(100) DEFAULT 'taxable',
  `tax_class` varchar(100) DEFAULT '',
  PRIMARY KEY (`product_id`),
  KEY `virtual` (`virtual`),
  KEY `downloadable` (`downloadable`),
  KEY `stock_status` (`stock_status`),
  KEY `stock_quantity` (`stock_quantity`),
  KEY `onsale` (`onsale`),
  KEY `min_max_price` (`min_price`,`max_price`)
) ENGINE=MyISAM DEFAULT CHARSET=utf8mb4 COLLATE=utf8mb4_unicode_520_ci;

--
-- Dumping data for table `wpSD_wc_product_meta_lookup`
--

INSERT INTO `wpSD_wc_product_meta_lookup` VALUES (249,'',0,0,20.0000,23.0000,0,NULL,'outofstock',0,0.00,1,'taxable',''),(180,'',0,0,5.0000,5.0000,0,NULL,'instock',0,0.00,0,'taxable',''),(245,'',0,0,20.0000,23.0000,0,NULL,'outofstock',0,0.00,0,'taxable',''),(55,'',0,0,45.0000,45.0000,0,NULL,'instock',0,0.00,0,'taxable','');

--
-- Table structure for table `wpSD_wc_rate_limits`
--

CREATE TABLE `wpSD_wc_rate_limits` (
  `rate_limit_id` bigint(20) unsigned NOT NULL AUTO_INCREMENT,
  `rate_limit_key` varchar(200) NOT NULL,
  `rate_limit_expiry` bigint(20) unsigned NOT NULL,
  `rate_limit_remaining` smallint(10) NOT NULL DEFAULT 0,
  PRIMARY KEY (`rate_limit_id`),
  UNIQUE KEY `rate_limit_key` (`rate_limit_key`(191))
) ENGINE=MyISAM DEFAULT CHARSET=utf8mb4 COLLATE=utf8mb4_unicode_520_ci;

--
-- Dumping data for table `wpSD_wc_rate_limits`
--


--
-- Table structure for table `wpSD_wc_reserved_stock`
--

CREATE TABLE `wpSD_wc_reserved_stock` (
  `order_id` bigint(20) NOT NULL,
  `product_id` bigint(20) NOT NULL,
  `stock_quantity` double NOT NULL DEFAULT 0,
  `timestamp` datetime NOT NULL DEFAULT '0000-00-00 00:00:00',
  `expires` datetime NOT NULL DEFAULT '0000-00-00 00:00:00',
  PRIMARY KEY (`order_id`,`product_id`)
) ENGINE=MyISAM DEFAULT CHARSET=utf8mb4 COLLATE=utf8mb4_unicode_520_ci;

--
-- Dumping data for table `wpSD_wc_reserved_stock`
--


--
-- Table structure for table `wpSD_wc_tax_rate_classes`
--

CREATE TABLE `wpSD_wc_tax_rate_classes` (
  `tax_rate_class_id` bigint(20) unsigned NOT NULL AUTO_INCREMENT,
  `name` varchar(200) NOT NULL DEFAULT '',
  `slug` varchar(200) NOT NULL DEFAULT '',
  PRIMARY KEY (`tax_rate_class_id`),
  UNIQUE KEY `slug` (`slug`(191))
) ENGINE=MyISAM DEFAULT CHARSET=utf8mb4 COLLATE=utf8mb4_unicode_520_ci;

--
-- Dumping data for table `wpSD_wc_tax_rate_classes`
--


--
-- Table structure for table `wpSD_wc_webhooks`
--

CREATE TABLE `wpSD_wc_webhooks` (
  `webhook_id` bigint(20) unsigned NOT NULL AUTO_INCREMENT,
  `status` varchar(200) NOT NULL,
  `name` text NOT NULL,
  `user_id` bigint(20) unsigned NOT NULL,
  `delivery_url` text NOT NULL,
  `secret` text NOT NULL,
  `topic` varchar(200) NOT NULL,
  `date_created` datetime NOT NULL DEFAULT '0000-00-00 00:00:00',
  `date_created_gmt` datetime NOT NULL DEFAULT '0000-00-00 00:00:00',
  `date_modified` datetime NOT NULL DEFAULT '0000-00-00 00:00:00',
  `date_modified_gmt` datetime NOT NULL DEFAULT '0000-00-00 00:00:00',
  `api_version` smallint(4) NOT NULL,
  `failure_count` smallint(10) NOT NULL DEFAULT 0,
  `pending_delivery` tinyint(1) NOT NULL DEFAULT 0,
  PRIMARY KEY (`webhook_id`),
  KEY `user_id` (`user_id`)
) ENGINE=MyISAM DEFAULT CHARSET=utf8mb4 COLLATE=utf8mb4_unicode_520_ci;

--
-- Dumping data for table `wpSD_wc_webhooks`
--


--
-- Table structure for table `wpSD_woocommerce_api_keys`
--

CREATE TABLE `wpSD_woocommerce_api_keys` (
  `key_id` bigint(20) unsigned NOT NULL AUTO_INCREMENT,
  `user_id` bigint(20) unsigned NOT NULL,
  `description` varchar(200) DEFAULT NULL,
  `permissions` varchar(10) NOT NULL,
  `consumer_key` char(64) NOT NULL,
  `consumer_secret` char(43) NOT NULL,
  `nonces` longtext DEFAULT NULL,
  `truncated_key` char(7) NOT NULL,
  `last_access` datetime DEFAULT NULL,
  PRIMARY KEY (`key_id`),
  KEY `consumer_key` (`consumer_key`),
  KEY `consumer_secret` (`consumer_secret`)
) ENGINE=MyISAM DEFAULT CHARSET=utf8mb4 COLLATE=utf8mb4_unicode_520_ci;

--
-- Dumping data for table `wpSD_woocommerce_api_keys`
--


--
-- Table structure for table `wpSD_woocommerce_attribute_taxonomies`
--

CREATE TABLE `wpSD_woocommerce_attribute_taxonomies` (
  `attribute_id` bigint(20) unsigned NOT NULL AUTO_INCREMENT,
  `attribute_name` varchar(200) NOT NULL,
  `attribute_label` varchar(200) DEFAULT NULL,
  `attribute_type` varchar(20) NOT NULL,
  `attribute_orderby` varchar(20) NOT NULL,
  `attribute_public` int(1) NOT NULL DEFAULT 1,
  PRIMARY KEY (`attribute_id`),
  KEY `attribute_name` (`attribute_name`(191))
) ENGINE=MyISAM AUTO_INCREMENT=3 DEFAULT CHARSET=utf8mb4 COLLATE=utf8mb4_unicode_520_ci;

--
-- Dumping data for table `wpSD_woocommerce_attribute_taxonomies`
--

INSERT INTO `wpSD_woocommerce_attribute_taxonomies` VALUES (1,'size','Size','select','menu_order',0),(2,'color','Color','select','menu_order',0);

--
-- Table structure for table `wpSD_woocommerce_downloadable_product_permissions`
--

CREATE TABLE `wpSD_woocommerce_downloadable_product_permissions` (
  `permission_id` bigint(20) unsigned NOT NULL AUTO_INCREMENT,
  `download_id` varchar(36) NOT NULL,
  `product_id` bigint(20) unsigned NOT NULL,
  `order_id` bigint(20) unsigned NOT NULL DEFAULT 0,
  `order_key` varchar(200) NOT NULL,
  `user_email` varchar(200) NOT NULL,
  `user_id` bigint(20) unsigned DEFAULT NULL,
  `downloads_remaining` varchar(9) DEFAULT NULL,
  `access_granted` datetime NOT NULL DEFAULT '0000-00-00 00:00:00',
  `access_expires` datetime DEFAULT NULL,
  `download_count` bigint(20) unsigned NOT NULL DEFAULT 0,
  PRIMARY KEY (`permission_id`),
  KEY `download_order_key_product` (`product_id`,`order_id`,`order_key`(191),`download_id`),
  KEY `download_order_product` (`download_id`,`order_id`,`product_id`),
  KEY `order_id` (`order_id`),
  KEY `user_order_remaining_expires` (`user_id`,`order_id`,`downloads_remaining`,`access_expires`)
) ENGINE=MyISAM DEFAULT CHARSET=utf8mb4 COLLATE=utf8mb4_unicode_520_ci;

--
-- Dumping data for table `wpSD_woocommerce_downloadable_product_permissions`
--


--
-- Table structure for table `wpSD_woocommerce_log`
--

CREATE TABLE `wpSD_woocommerce_log` (
  `log_id` bigint(20) unsigned NOT NULL AUTO_INCREMENT,
  `timestamp` datetime NOT NULL,
  `level` smallint(4) NOT NULL,
  `source` varchar(200) NOT NULL,
  `message` longtext NOT NULL,
  `context` longtext DEFAULT NULL,
  PRIMARY KEY (`log_id`),
  KEY `level` (`level`)
) ENGINE=MyISAM DEFAULT CHARSET=utf8mb4 COLLATE=utf8mb4_unicode_520_ci;

--
-- Dumping data for table `wpSD_woocommerce_log`
--


--
-- Table structure for table `wpSD_woocommerce_order_itemmeta`
--

CREATE TABLE `wpSD_woocommerce_order_itemmeta` (
  `meta_id` bigint(20) unsigned NOT NULL AUTO_INCREMENT,
  `order_item_id` bigint(20) unsigned NOT NULL,
  `meta_key` varchar(255) DEFAULT NULL,
  `meta_value` longtext DEFAULT NULL,
  PRIMARY KEY (`meta_id`),
  KEY `order_item_id` (`order_item_id`),
  KEY `meta_key` (`meta_key`(191))
) ENGINE=MyISAM AUTO_INCREMENT=261 DEFAULT CHARSET=utf8mb4 COLLATE=utf8mb4_unicode_520_ci;

--
-- Dumping data for table `wpSD_woocommerce_order_itemmeta`
--

INSERT INTO `wpSD_woocommerce_order_itemmeta` VALUES (1,1,'_qty','1'),(2,1,'_tax_class',''),(3,1,'_product_id','290'),(4,1,'_variation_id','292'),(5,1,'_line_subtotal','1'),(6,1,'_line_total','1'),(7,1,'_line_subtotal_tax','0.08'),(8,1,'_line_tax','0.08'),(9,1,'_line_tax_data','a:2:{s:5:\"total\";a:1:{i:1;s:4:\"0.08\";}s:8:\"subtotal\";a:1:{i:1;s:4:\"0.08\";}}'),(10,1,'pa_color','seafoam'),(11,1,'pa_size','6-5inch'),(12,2,'method_id','local_pickup:1'),(13,2,'cost','0.00'),(14,2,'taxes','a:1:{i:1;s:0:\"\";}'),(15,2,'Items','Tango &times; 1'),(16,3,'rate_id','1'),(17,3,'label','FL State'),(18,3,'compound','0'),(19,3,'tax_amount','0.08'),(20,3,'shipping_tax_amount',''),(21,4,'_qty','2'),(22,4,'_tax_class',''),(23,4,'_product_id','341'),(24,4,'_variation_id','0'),(25,4,'_line_subtotal','13'),(26,4,'_line_total','13'),(27,4,'_line_subtotal_tax','0'),(28,4,'_line_tax','0'),(29,4,'_line_tax_data','a:2:{s:5:\"total\";a:0:{}s:8:\"subtotal\";a:0:{}}'),(30,5,'_qty','2'),(31,5,'_tax_class',''),(32,5,'_product_id','54'),(33,5,'_variation_id','0'),(34,5,'_line_subtotal','11'),(35,5,'_line_total','11'),(36,5,'_line_subtotal_tax','0'),(37,5,'_line_tax','0'),(38,5,'_line_tax_data','a:2:{s:5:\"total\";a:0:{}s:8:\"subtotal\";a:0:{}}'),(39,6,'method_id','flat_rate:2'),(40,6,'cost','6.00'),(41,6,'taxes','a:0:{}'),(42,6,'Items','Boyfriend Bath Bomb &times; 2, Ocean Spray Bath Bomb &times; 2'),(43,7,'_qty','1'),(44,7,'_tax_class',''),(45,7,'_product_id','362'),(46,7,'_variation_id','0'),(47,7,'_line_subtotal','7'),(48,7,'_line_total','7'),(49,7,'_line_subtotal_tax','0'),(50,7,'_line_tax','0'),(51,7,'_line_tax_data','a:2:{s:5:\"total\";a:0:{}s:8:\"subtotal\";a:0:{}}'),(52,8,'_qty','1'),(53,8,'_tax_class',''),(54,8,'_product_id','211'),(55,8,'_variation_id','212'),(56,8,'_line_subtotal','15'),(57,8,'_line_total','15'),(58,8,'_line_subtotal_tax','0'),(59,8,'_line_tax','0'),(60,8,'_line_tax_data','a:2:{s:5:\"total\";a:0:{}s:8:\"subtotal\";a:0:{}}'),(61,8,'pa_size','6-5inch'),(62,9,'method_id','flat_rate:2'),(63,9,'cost','4.00'),(64,9,'taxes','a:0:{}'),(65,9,'Items','Awaken &times; 1, Matte &times; 1'),(66,10,'_qty','1'),(67,10,'_tax_class',''),(68,10,'_product_id','341'),(69,10,'_variation_id','0'),(70,10,'_line_subtotal','6.5'),(71,10,'_line_total','6.5'),(72,10,'_line_subtotal_tax','0'),(73,10,'_line_tax','0'),(74,10,'_line_tax_data','a:2:{s:5:\"total\";a:0:{}s:8:\"subtotal\";a:0:{}}'),(75,11,'_qty','1'),(76,11,'_tax_class',''),(77,11,'_product_id','353'),(78,11,'_variation_id','0'),(79,11,'_line_subtotal','6'),(80,11,'_line_total','6'),(81,11,'_line_subtotal_tax','0'),(82,11,'_line_tax','0'),(83,11,'_line_tax_data','a:2:{s:5:\"total\";a:0:{}s:8:\"subtotal\";a:0:{}}'),(84,12,'_qty','1'),(85,12,'_tax_class',''),(86,12,'_product_id','351'),(87,12,'_variation_id','0'),(88,12,'_line_subtotal','7'),(89,12,'_line_total','7'),(90,12,'_line_subtotal_tax','0'),(91,12,'_line_tax','0'),(92,12,'_line_tax_data','a:2:{s:5:\"total\";a:0:{}s:8:\"subtotal\";a:0:{}}'),(93,13,'method_id','flat_rate:2'),(94,13,'cost','5.00'),(95,13,'taxes','a:0:{}'),(96,13,'Items','Boyfriend Bath Bomb &times; 1, Birthday Cake Bath Bomb &times; 1, Citrus Crush Bath Bomb &times; 1'),(97,14,'_qty','2'),(98,14,'_tax_class',''),(99,14,'_product_id','54'),(100,14,'_variation_id','0'),(101,14,'_line_subtotal','11'),(102,14,'_line_total','11'),(103,14,'_line_subtotal_tax','0.88'),(104,14,'_line_tax','0.88'),(105,14,'_line_tax_data','a:2:{s:5:\"total\";a:1:{i:1;s:4:\"0.88\";}s:8:\"subtotal\";a:1:{i:1;s:4:\"0.88\";}}'),(106,15,'_qty','2'),(107,15,'_tax_class',''),(108,15,'_product_id','341'),(109,15,'_variation_id','0'),(110,15,'_line_subtotal','13'),(111,15,'_line_total','13'),(112,15,'_line_subtotal_tax','1.04'),(113,15,'_line_tax','1.04'),(114,15,'_line_tax_data','a:2:{s:5:\"total\";a:1:{i:1;s:4:\"1.04\";}s:8:\"subtotal\";a:1:{i:1;s:4:\"1.04\";}}'),(115,16,'method_id','flat_rate:7'),(116,16,'cost','6.00'),(117,16,'taxes','a:1:{i:1;s:4:\"0.48\";}'),(118,16,'Items','Ocean Spray Bath Bomb &times; 2, Boyfriend Bath Bomb &times; 2'),(119,17,'rate_id','1'),(120,17,'label','FL State'),(121,17,'compound','0'),(122,17,'tax_amount','1.92'),(123,17,'shipping_tax_amount','0.48'),(124,18,'_qty','1'),(125,18,'_tax_class',''),(126,18,'_product_id','341'),(127,18,'_variation_id','0'),(128,18,'_line_subtotal','6.5'),(129,18,'_line_total','6.5'),(130,18,'_line_subtotal_tax','0'),(131,18,'_line_tax','0'),(132,18,'_line_tax_data','a:2:{s:5:\"total\";a:0:{}s:8:\"subtotal\";a:0:{}}'),(133,19,'_qty','1'),(134,19,'_tax_class',''),(135,19,'_product_id','353'),(136,19,'_variation_id','0'),(137,19,'_line_subtotal','6'),(138,19,'_line_total','6'),(139,19,'_line_subtotal_tax','0'),(140,19,'_line_tax','0'),(141,19,'_line_tax_data','a:2:{s:5:\"total\";a:0:{}s:8:\"subtotal\";a:0:{}}'),(142,20,'_qty','1'),(143,20,'_tax_class',''),(144,20,'_product_id','351'),(145,20,'_variation_id','0'),(146,20,'_line_subtotal','7'),(147,20,'_line_total','7'),(148,20,'_line_subtotal_tax','0'),(149,20,'_line_tax','0'),(150,20,'_line_tax_data','a:2:{s:5:\"total\";a:0:{}s:8:\"subtotal\";a:0:{}}'),(151,21,'method_id','flat_rate:2'),(152,21,'cost','5.00'),(153,21,'taxes','a:0:{}'),(154,21,'Items','Boyfriend Bath Bomb &times; 1, Birthday Cake Bath Bomb &times; 1, Citrus Crush Bath Bomb &times; 1'),(155,22,'_qty','3'),(156,22,'_tax_class',''),(157,22,'_product_id','350'),(158,22,'_variation_id','0'),(159,22,'_line_subtotal','18'),(160,22,'_line_total','18'),(161,22,'_line_subtotal_tax','0'),(162,22,'_line_tax','0'),(163,22,'_line_tax_data','a:2:{s:5:\"total\";a:0:{}s:8:\"subtotal\";a:0:{}}'),(164,23,'_qty','1'),(165,23,'_tax_class',''),(166,23,'_product_id','54'),(167,23,'_variation_id','0'),(168,23,'_line_subtotal','5.5'),(169,23,'_line_total','5.5'),(170,23,'_line_subtotal_tax','0'),(171,23,'_line_tax','0'),(172,23,'_line_tax_data','a:2:{s:5:\"total\";a:0:{}s:8:\"subtotal\";a:0:{}}'),(173,24,'_qty','1'),(174,24,'_tax_class',''),(175,24,'_product_id','362'),(176,24,'_variation_id','0'),(177,24,'_line_subtotal','7'),(178,24,'_line_total','7'),(179,24,'_line_subtotal_tax','0'),(180,24,'_line_tax','0'),(181,24,'_line_tax_data','a:2:{s:5:\"total\";a:0:{}s:8:\"subtotal\";a:0:{}}'),(182,25,'_qty','1'),(183,25,'_tax_class',''),(184,25,'_product_id','341'),(185,25,'_variation_id','0'),(186,25,'_line_subtotal','6.5'),(187,25,'_line_total','6.5'),(188,25,'_line_subtotal_tax','0'),(189,25,'_line_tax','0'),(190,25,'_line_tax_data','a:2:{s:5:\"total\";a:0:{}s:8:\"subtotal\";a:0:{}}'),(191,26,'method_id','flat_rate:2'),(192,26,'cost','8.00'),(193,26,'taxes','a:0:{}'),(194,26,'Items','CandyCane Bath Bomb &times; 3, Ocean Spray Bath Bomb &times; 1, Awaken &times; 1, Boyfriend Bath Bomb &times; 1'),(195,27,'_qty','1'),(196,27,'_tax_class',''),(197,27,'_product_id','249'),(198,27,'_variation_id','252'),(199,27,'_line_subtotal','20'),(200,27,'_line_total','20'),(201,27,'_line_subtotal_tax','1.6'),(202,27,'_line_tax','1.6'),(203,27,'_line_tax_data','a:2:{s:5:\"total\";a:1:{i:1;s:3:\"1.6\";}s:8:\"subtotal\";a:1:{i:1;s:3:\"1.6\";}}'),(204,27,'pa_size','5inch'),(205,28,'method_id','flat_rate:7'),(206,28,'cost','3.00'),(207,28,'taxes','a:1:{i:1;s:4:\"0.24\";}'),(208,28,'Items','Changing tide &times; 1'),(209,29,'rate_id','1'),(210,29,'label','FL State'),(211,29,'compound','0'),(212,29,'tax_amount','1.6'),(213,29,'shipping_tax_amount','0.24'),(214,30,'_qty','1'),(215,30,'_tax_class',''),(216,30,'_product_id','106'),(217,30,'_variation_id','0'),(218,30,'_line_subtotal','45'),(219,30,'_line_total','45'),(220,30,'_line_subtotal_tax','3.6'),(221,30,'_line_tax','3.6'),(222,30,'_line_tax_data','a:2:{s:5:\"total\";a:1:{i:1;s:3:\"3.6\";}s:8:\"subtotal\";a:1:{i:1;s:3:\"3.6\";}}'),(223,31,'method_id','flat_rate:7'),(224,31,'cost','6.00'),(225,31,'taxes','a:1:{i:1;s:4:\"0.48\";}'),(226,31,'Items','Jaws in Pearl &times; 1'),(227,32,'rate_id','1'),(228,32,'label','FL State'),(229,32,'compound','0'),(230,32,'tax_amount','3.6'),(231,32,'shipping_tax_amount','0.48'),(232,33,'_qty','2'),(233,33,'_tax_class',''),(234,33,'_product_id','202'),(235,33,'_variation_id','203'),(236,33,'_line_subtotal','40'),(237,33,'_line_total','40'),(238,33,'_line_subtotal_tax','3.2'),(239,33,'_line_tax','3.2'),(240,33,'_line_tax_data','a:2:{s:5:\"total\";a:1:{i:1;s:3:\"3.2\";}s:8:\"subtotal\";a:1:{i:1;s:3:\"3.2\";}}'),(241,33,'pa_size','6-5inch'),(242,34,'_qty','2'),(243,34,'_tax_class',''),(244,34,'_product_id','262'),(245,34,'_variation_id','264'),(246,34,'_line_subtotal','40'),(247,34,'_line_total','40'),(248,34,'_line_subtotal_tax','3.2'),(249,34,'_line_tax','3.2'),(250,34,'_line_tax_data','a:2:{s:5:\"total\";a:1:{i:1;s:3:\"3.2\";}s:8:\"subtotal\";a:1:{i:1;s:3:\"3.2\";}}'),(251,34,'pa_size','6-5inch'),(252,35,'method_id','flat_rate:7'),(253,35,'cost','12.00'),(254,35,'taxes','a:1:{i:1;s:4:\"0.96\";}'),(255,35,'Items','Aquamarine &times; 2, Sunken Treasure &times; 2'),(256,36,'rate_id','1'),(257,36,'label','FL State'),(258,36,'compound','0'),(259,36,'tax_amount','6.4'),(260,36,'shipping_tax_amount','0.96');

--
-- Table structure for table `wpSD_woocommerce_order_items`
--

CREATE TABLE `wpSD_woocommerce_order_items` (
  `order_item_id` bigint(20) unsigned NOT NULL AUTO_INCREMENT,
  `order_item_name` longtext NOT NULL,
  `order_item_type` varchar(200) NOT NULL DEFAULT '',
  `order_id` bigint(20) unsigned NOT NULL,
  PRIMARY KEY (`order_item_id`),
  KEY `order_id` (`order_id`)
) ENGINE=MyISAM AUTO_INCREMENT=37 DEFAULT CHARSET=utf8mb4 COLLATE=utf8mb4_unicode_520_ci;

--
-- Dumping data for table `wpSD_woocommerce_order_items`
--

INSERT INTO `wpSD_woocommerce_order_items` VALUES (1,'Tango','line_item',314),(2,'Local Pickup','shipping',314),(3,'FL-FL STATE-1','tax',314),(4,'Boyfriend Bath Bomb','line_item',375),(5,'Ocean Spray Bath Bomb','line_item',375),(6,'Standard','shipping',375),(7,'Awaken','line_item',378),(8,'Matte','line_item',378),(9,'Standard','shipping',378),(10,'Boyfriend Bath Bomb','line_item',379),(11,'Birthday Cake Bath Bomb','line_item',379),(12,'Citrus Crush Bath Bomb','line_item',379),(13,'Standard','shipping',379),(14,'Ocean Spray Bath Bomb','line_item',380),(15,'Boyfriend Bath Bomb','line_item',380),(16,'Standard','shipping',380),(17,'FL-FL STATE-1','tax',380),(18,'Boyfriend Bath Bomb','line_item',381),(19,'Birthday Cake Bath Bomb','line_item',381),(20,'Citrus Crush Bath Bomb','line_item',381),(21,'Standard','shipping',381),(22,'CandyCane Bath Bomb','line_item',383),(23,'Ocean Spray Bath Bomb','line_item',383),(24,'Awaken','line_item',383),(25,'Boyfriend Bath Bomb','line_item',383),(26,'Standard','shipping',383),(27,'Changing tide','line_item',384),(28,'Standard','shipping',384),(29,'FL-FL STATE-1','tax',384),(30,'Jaws in Pearl','line_item',387),(31,'Standard','shipping',387),(32,'FL-FL STATE-1','tax',387),(33,'Aquamarine','line_item',390),(34,'Sunken Treasure','line_item',390),(35,'Standard','shipping',390),(36,'FL-FL STATE-1','tax',390);

--
-- Table structure for table `wpSD_woocommerce_payment_tokenmeta`
--

CREATE TABLE `wpSD_woocommerce_payment_tokenmeta` (
  `meta_id` bigint(20) unsigned NOT NULL AUTO_INCREMENT,
  `payment_token_id` bigint(20) unsigned NOT NULL,
  `meta_key` varchar(255) DEFAULT NULL,
  `meta_value` longtext DEFAULT NULL,
  PRIMARY KEY (`meta_id`),
  KEY `payment_token_id` (`payment_token_id`),
  KEY `meta_key` (`meta_key`(191))
) ENGINE=MyISAM DEFAULT CHARSET=utf8mb4 COLLATE=utf8mb4_unicode_520_ci;

--
-- Dumping data for table `wpSD_woocommerce_payment_tokenmeta`
--


--
-- Table structure for table `wpSD_woocommerce_payment_tokens`
--

CREATE TABLE `wpSD_woocommerce_payment_tokens` (
  `token_id` bigint(20) unsigned NOT NULL AUTO_INCREMENT,
  `gateway_id` varchar(200) NOT NULL,
  `token` text NOT NULL,
  `user_id` bigint(20) unsigned NOT NULL DEFAULT 0,
  `type` varchar(200) NOT NULL,
  `is_default` tinyint(1) NOT NULL DEFAULT 0,
  PRIMARY KEY (`token_id`),
  KEY `user_id` (`user_id`)
) ENGINE=MyISAM DEFAULT CHARSET=utf8mb4 COLLATE=utf8mb4_unicode_520_ci;

--
-- Dumping data for table `wpSD_woocommerce_payment_tokens`
--


--
-- Table structure for table `wpSD_woocommerce_shipping_zone_locations`
--

CREATE TABLE `wpSD_woocommerce_shipping_zone_locations` (
  `location_id` bigint(20) unsigned NOT NULL AUTO_INCREMENT,
  `zone_id` bigint(20) unsigned NOT NULL,
  `location_code` varchar(200) NOT NULL,
  `location_type` varchar(40) NOT NULL,
  PRIMARY KEY (`location_id`),
  KEY `location_id` (`location_id`),
  KEY `location_type` (`location_type`),
  KEY `location_type_code` (`location_type`,`location_code`(90))
) ENGINE=MyISAM AUTO_INCREMENT=5 DEFAULT CHARSET=utf8mb4 COLLATE=utf8mb4_unicode_520_ci;

--
-- Dumping data for table `wpSD_woocommerce_shipping_zone_locations`
--

INSERT INTO `wpSD_woocommerce_shipping_zone_locations` VALUES (1,1,'32224','postcode'),(2,1,'32250','postcode'),(3,2,'US','country'),(4,3,'US:FL','state');

--
-- Table structure for table `wpSD_woocommerce_shipping_zone_methods`
--

CREATE TABLE `wpSD_woocommerce_shipping_zone_methods` (
  `zone_id` bigint(20) unsigned NOT NULL,
  `instance_id` bigint(20) unsigned NOT NULL AUTO_INCREMENT,
  `method_id` varchar(200) NOT NULL,
  `method_order` bigint(20) unsigned NOT NULL,
  `is_enabled` tinyint(1) NOT NULL DEFAULT 1,
  PRIMARY KEY (`instance_id`)
) ENGINE=MyISAM AUTO_INCREMENT=9 DEFAULT CHARSET=utf8mb4 COLLATE=utf8mb4_unicode_520_ci;

--
-- Dumping data for table `wpSD_woocommerce_shipping_zone_methods`
--

INSERT INTO `wpSD_woocommerce_shipping_zone_methods` VALUES (1,1,'local_pickup',1,1),(2,2,'flat_rate',1,1),(0,3,'flat_rate',1,1),(2,4,'flat_rate',2,1),(1,5,'flat_rate',2,1),(1,6,'flat_rate',3,1),(3,7,'flat_rate',1,1),(3,8,'flat_rate',2,1);

--
-- Table structure for table `wpSD_woocommerce_shipping_zones`
--

CREATE TABLE `wpSD_woocommerce_shipping_zones` (
  `zone_id` bigint(20) unsigned NOT NULL AUTO_INCREMENT,
  `zone_name` varchar(200) NOT NULL,
  `zone_order` bigint(20) unsigned NOT NULL,
  PRIMARY KEY (`zone_id`)
) ENGINE=MyISAM AUTO_INCREMENT=4 DEFAULT CHARSET=utf8mb4 COLLATE=utf8mb4_unicode_520_ci;

--
-- Dumping data for table `wpSD_woocommerce_shipping_zones`
--

INSERT INTO `wpSD_woocommerce_shipping_zones` VALUES (1,'Local',0),(2,'Domestic',2),(3,'Florida',1);

--
-- Table structure for table `wpSD_woocommerce_tax_rate_locations`
--

CREATE TABLE `wpSD_woocommerce_tax_rate_locations` (
  `location_id` bigint(20) unsigned NOT NULL AUTO_INCREMENT,
  `location_code` varchar(200) NOT NULL,
  `tax_rate_id` bigint(20) unsigned NOT NULL,
  `location_type` varchar(40) NOT NULL,
  PRIMARY KEY (`location_id`),
  KEY `tax_rate_id` (`tax_rate_id`),
  KEY `location_type` (`location_type`),
  KEY `location_type_code` (`location_type`,`location_code`(90))
) ENGINE=MyISAM DEFAULT CHARSET=utf8mb4 COLLATE=utf8mb4_unicode_520_ci;

--
-- Dumping data for table `wpSD_woocommerce_tax_rate_locations`
--


--
-- Table structure for table `wpSD_woocommerce_tax_rates`
--

CREATE TABLE `wpSD_woocommerce_tax_rates` (
  `tax_rate_id` bigint(20) unsigned NOT NULL AUTO_INCREMENT,
  `tax_rate_country` varchar(2) NOT NULL DEFAULT '',
  `tax_rate_state` varchar(200) NOT NULL DEFAULT '',
  `tax_rate` varchar(8) NOT NULL DEFAULT '',
  `tax_rate_name` varchar(200) NOT NULL DEFAULT '',
  `tax_rate_priority` bigint(20) unsigned NOT NULL,
  `tax_rate_compound` int(1) NOT NULL DEFAULT 0,
  `tax_rate_shipping` int(1) NOT NULL DEFAULT 1,
  `tax_rate_order` bigint(20) unsigned NOT NULL,
  `tax_rate_class` varchar(200) NOT NULL DEFAULT '',
  PRIMARY KEY (`tax_rate_id`),
  KEY `tax_rate_country` (`tax_rate_country`),
  KEY `tax_rate_state` (`tax_rate_state`(191)),
  KEY `tax_rate_class` (`tax_rate_class`(191)),
  KEY `tax_rate_priority` (`tax_rate_priority`)
) ENGINE=MyISAM AUTO_INCREMENT=2 DEFAULT CHARSET=utf8mb4 COLLATE=utf8mb4_unicode_520_ci;

--
-- Dumping data for table `wpSD_woocommerce_tax_rates`
--

INSERT INTO `wpSD_woocommerce_tax_rates` VALUES (1,'','FL','8.0000','FL State',1,0,1,0,'');

--
-- Table structure for table `wpSD_yoast_indexable`
--

CREATE TABLE `wpSD_yoast_indexable` (
  `id` int(11) unsigned NOT NULL AUTO_INCREMENT,
  `permalink` longtext DEFAULT NULL,
  `permalink_hash` varchar(40) DEFAULT NULL,
  `object_id` bigint(20) DEFAULT NULL,
  `object_type` varchar(32) NOT NULL,
  `object_sub_type` varchar(32) DEFAULT NULL,
  `author_id` bigint(20) DEFAULT NULL,
  `post_parent` bigint(20) DEFAULT NULL,
  `title` text DEFAULT NULL,
  `description` mediumtext DEFAULT NULL,
  `breadcrumb_title` text DEFAULT NULL,
  `post_status` varchar(20) DEFAULT NULL,
  `is_public` tinyint(1) DEFAULT NULL,
  `is_protected` tinyint(1) DEFAULT 0,
  `has_public_posts` tinyint(1) DEFAULT NULL,
  `number_of_pages` int(11) unsigned DEFAULT NULL,
  `canonical` longtext DEFAULT NULL,
  `primary_focus_keyword` varchar(191) DEFAULT NULL,
  `primary_focus_keyword_score` int(3) DEFAULT NULL,
  `readability_score` int(3) DEFAULT NULL,
  `is_cornerstone` tinyint(1) DEFAULT 0,
  `is_robots_noindex` tinyint(1) DEFAULT 0,
  `is_robots_nofollow` tinyint(1) DEFAULT 0,
  `is_robots_noarchive` tinyint(1) DEFAULT 0,
  `is_robots_noimageindex` tinyint(1) DEFAULT 0,
  `is_robots_nosnippet` tinyint(1) DEFAULT 0,
  `twitter_title` text DEFAULT NULL,
  `twitter_image` longtext DEFAULT NULL,
  `twitter_description` longtext DEFAULT NULL,
  `twitter_image_id` varchar(191) DEFAULT NULL,
  `twitter_image_source` text DEFAULT NULL,
  `open_graph_title` text DEFAULT NULL,
  `open_graph_description` longtext DEFAULT NULL,
  `open_graph_image` longtext DEFAULT NULL,
  `open_graph_image_id` varchar(191) DEFAULT NULL,
  `open_graph_image_source` text DEFAULT NULL,
  `open_graph_image_meta` mediumtext DEFAULT NULL,
  `link_count` int(11) DEFAULT NULL,
  `incoming_link_count` int(11) DEFAULT NULL,
  `prominent_words_version` int(11) unsigned DEFAULT NULL,
  `created_at` datetime DEFAULT NULL,
  `updated_at` timestamp NOT NULL DEFAULT current_timestamp() ON UPDATE current_timestamp(),
  `blog_id` bigint(20) NOT NULL DEFAULT 1,
  `language` varchar(32) DEFAULT NULL,
  `region` varchar(32) DEFAULT NULL,
  `schema_page_type` varchar(64) DEFAULT NULL,
  `schema_article_type` varchar(64) DEFAULT NULL,
  `has_ancestors` tinyint(1) DEFAULT 0,
  `estimated_reading_time_minutes` int(11) DEFAULT NULL,
  `version` int(11) DEFAULT 1,
  `object_last_modified` datetime DEFAULT NULL,
  `object_published_at` datetime DEFAULT NULL,
  PRIMARY KEY (`id`),
  KEY `object_type_and_sub_type` (`object_type`,`object_sub_type`),
  KEY `object_id_and_type` (`object_id`,`object_type`),
  KEY `permalink_hash_and_object_type` (`permalink_hash`,`object_type`),
  KEY `subpages` (`post_parent`,`object_type`,`post_status`,`object_id`),
  KEY `prominent_words` (`prominent_words_version`,`object_type`,`object_sub_type`,`post_status`),
  KEY `published_sitemap_index` (`object_published_at`,`is_robots_noindex`,`object_type`,`object_sub_type`)
) ENGINE=MyISAM AUTO_INCREMENT=138 DEFAULT CHARSET=utf8mb4 COLLATE=utf8mb4_unicode_520_ci;

--
-- Dumping data for table `wpSD_yoast_indexable`
--

INSERT INTO `wpSD_yoast_indexable` VALUES (1,'https://sirensdream.com/','24:25a839761f38566ecacfc72258f8f89f',NULL,'home-page',NULL,NULL,NULL,'%%sitename%% %%page%% %%sep%% %%sitedesc%%','','Home',NULL,NULL,0,NULL,NULL,NULL,NULL,NULL,NULL,0,0,0,0,0,0,NULL,NULL,NULL,NULL,NULL,'%%sitename%%','','','0',NULL,NULL,NULL,NULL,NULL,'2023-02-20 12:44:18','2025-06-04 00:51:17',1,NULL,NULL,NULL,NULL,0,NULL,2,'2025-06-03 20:51:16','2016-11-15 20:26:02'),(2,'https://sirensdream.com/product-tag/bracelet/','45:1d27f2cb05f2f04770b83f283a83d4ca',13,'term','product_tag',NULL,NULL,NULL,NULL,'bracelet',NULL,NULL,0,NULL,NULL,NULL,NULL,NULL,NULL,0,NULL,NULL,NULL,NULL,NULL,NULL,NULL,NULL,NULL,NULL,NULL,NULL,NULL,NULL,NULL,NULL,NULL,NULL,NULL,'2023-02-20 12:45:07','2023-02-20 17:45:07',1,NULL,NULL,NULL,NULL,0,NULL,2,'2016-12-15 15:54:15','2016-11-17 02:44:13'),(3,'https://sirensdream.com/shop/','29:056e6ffadee2054c4e5b01a37f882672',4,'post','page',1,0,'%%pt_plural%% Archive %%page%% %%sep%% %%sitename%%',NULL,'Shop','publish',NULL,0,NULL,NULL,NULL,NULL,NULL,0,0,NULL,0,NULL,NULL,NULL,NULL,NULL,NULL,NULL,NULL,NULL,NULL,NULL,NULL,NULL,NULL,NULL,NULL,NULL,'2023-02-20 13:30:21','2023-02-20 18:30:21',1,NULL,NULL,NULL,NULL,0,NULL,2,'2016-11-15 21:03:34','2016-11-15 21:03:34'),(4,'https://sirensdream.com/product-tag/cross/','42:c0b319c749c7dbea68e9e5fbae204f94',14,'term','product_tag',NULL,NULL,NULL,NULL,'cross',NULL,NULL,0,NULL,NULL,NULL,NULL,NULL,NULL,0,NULL,NULL,NULL,NULL,NULL,NULL,NULL,NULL,NULL,NULL,NULL,NULL,NULL,NULL,NULL,NULL,NULL,NULL,NULL,'2023-02-20 13:35:30','2023-02-20 18:35:30',1,NULL,NULL,NULL,NULL,0,NULL,2,'2016-12-15 15:54:15','2016-11-17 02:44:13'),(5,NULL,NULL,NULL,'system-page','404',NULL,NULL,'Page not found %%sep%% %%sitename%%',NULL,'Error 404: Page not found',NULL,NULL,0,NULL,NULL,NULL,NULL,NULL,NULL,0,1,0,0,0,0,NULL,NULL,NULL,NULL,NULL,NULL,NULL,NULL,NULL,NULL,NULL,NULL,NULL,NULL,'2023-02-20 14:48:23','2023-02-20 19:48:23',1,NULL,NULL,NULL,NULL,0,NULL,1,NULL,NULL),(6,NULL,NULL,NULL,'system-page','search-result',NULL,NULL,'You searched for %%searchphrase%% %%page%% %%sep%% %%sitename%%',NULL,NULL,NULL,NULL,0,NULL,NULL,NULL,NULL,NULL,NULL,0,1,0,0,0,0,NULL,NULL,NULL,NULL,NULL,NULL,NULL,NULL,NULL,NULL,NULL,NULL,NULL,NULL,'2023-02-20 15:13:32','2023-02-20 20:13:32',1,NULL,NULL,NULL,NULL,0,NULL,1,NULL,NULL),(7,'https://sirensdream.com/contact/','32:9500677efd050bc008346236798861d9',58,'post','page',1,0,NULL,NULL,'Contact','publish',NULL,0,NULL,NULL,NULL,NULL,NULL,0,0,NULL,0,NULL,NULL,NULL,NULL,'http://sirensdream.com/wp-content/uploads/2016/11/15122906_10207454408183174_5162020733556122955_o-300x300.jpg',NULL,NULL,'first-content-image',NULL,NULL,'http://sirensdream.com/wp-content/uploads/2016/11/15122906_10207454408183174_5162020733556122955_o-300x300.jpg',NULL,'first-content-image',NULL,NULL,NULL,NULL,'2023-02-20 16:41:50','2023-02-20 21:41:50',1,NULL,NULL,NULL,NULL,0,NULL,2,'2016-11-19 04:35:31','2016-11-16 16:02:17'),(8,'https://sirensdream.com/product/candycane-bath-bomb/','52:5f981bc20022ca80e267662690a0976e',350,'post','product',1,0,NULL,NULL,'CandyCane Bath Bomb','publish',NULL,0,NULL,NULL,NULL,NULL,NULL,30,0,NULL,0,NULL,NULL,NULL,NULL,'https://sirensdream.com/wp-content/uploads/2016/12/D8N5491.jpg',NULL,'349','featured-image',NULL,NULL,'https://sirensdream.com/wp-content/uploads/2016/12/D8N5491.jpg','349','featured-image','{\"width\":2048,\"height\":1707,\"url\":\"https://sirensdream.com/wp-content/uploads/2016/12/D8N5491.jpg\",\"path\":\"/home/palmer19/public_html/sirensdream.com/wp-content/uploads/2016/12/D8N5491.jpg\",\"size\":\"full\",\"id\":349,\"alt\":\"\",\"pixels\":3495936,\"type\":\"image/jpeg\"}',NULL,NULL,NULL,'2023-02-20 21:31:16','2023-02-21 02:31:16',1,NULL,NULL,NULL,NULL,0,NULL,2,'2016-12-15 15:57:05','2016-12-14 04:46:44'),(9,'https://sirensdream.com/shop/','29:056e6ffadee2054c4e5b01a37f882672',NULL,'post-type-archive','product',NULL,NULL,'','','Products',NULL,1,0,NULL,NULL,NULL,NULL,NULL,NULL,0,0,0,0,0,0,NULL,NULL,NULL,NULL,NULL,NULL,NULL,NULL,NULL,NULL,NULL,NULL,NULL,NULL,'2023-02-20 21:31:16','2023-02-21 02:31:16',1,NULL,NULL,NULL,NULL,0,NULL,2,'2017-01-27 19:40:26','2016-11-15 23:17:35'),(10,'https://sirensdream.com/product-tag/bath/','41:06e18ed06f99bcf11ea5a127864aa07e',11,'term','product_tag',NULL,NULL,NULL,NULL,'Bath',NULL,NULL,0,NULL,NULL,NULL,NULL,NULL,NULL,0,NULL,NULL,NULL,NULL,NULL,NULL,NULL,NULL,NULL,NULL,NULL,NULL,NULL,NULL,NULL,NULL,NULL,NULL,NULL,'2023-02-20 21:35:28','2023-02-21 02:35:28',1,NULL,NULL,NULL,NULL,0,NULL,2,'2017-01-27 19:40:26','2016-11-15 23:17:35'),(11,'https://sirensdream.com/product-tag/crystals/','45:779f8ac028f3c168e6909278c5583bce',26,'term','product_tag',NULL,NULL,NULL,NULL,'Crystals',NULL,NULL,0,NULL,NULL,NULL,NULL,NULL,NULL,0,NULL,NULL,NULL,NULL,NULL,NULL,NULL,NULL,NULL,NULL,NULL,NULL,NULL,NULL,NULL,NULL,NULL,NULL,NULL,'2023-02-20 21:49:55','2023-02-21 02:49:55',1,NULL,NULL,NULL,NULL,0,NULL,2,'2016-12-14 05:21:44','2016-11-23 23:37:18'),(12,'https://sirensdream.com/product-category/uncategorized/','55:e0903d8b13f74f26f1a04a62698ea9cd',40,'term','product_cat',NULL,NULL,NULL,NULL,'Uncategorized',NULL,NULL,0,NULL,NULL,NULL,NULL,NULL,NULL,0,NULL,NULL,NULL,NULL,NULL,NULL,NULL,NULL,NULL,NULL,NULL,NULL,NULL,NULL,NULL,NULL,NULL,NULL,NULL,'2023-02-20 23:12:24','2023-02-21 04:12:24',1,NULL,NULL,NULL,NULL,0,NULL,2,NULL,NULL),(13,'https://sirensdream.com/product-category/bracelets/','51:2637bc55ab205730c6e6fe5d4d2576e2',7,'term','product_cat',NULL,NULL,NULL,NULL,'Bracelets',NULL,NULL,0,NULL,NULL,NULL,NULL,NULL,NULL,0,NULL,NULL,NULL,NULL,NULL,NULL,NULL,NULL,NULL,NULL,NULL,NULL,NULL,NULL,NULL,NULL,NULL,NULL,NULL,'2023-02-20 23:59:41','2023-02-21 04:59:41',1,NULL,NULL,NULL,NULL,0,NULL,2,'2016-12-15 15:54:15','2016-11-17 02:44:13'),(14,'https://sirensdream.com/product/lemon-drop-bath-bomb/','53:7da759520b540cb7af15e5b2e23c1a5e',178,'post','product',1,0,NULL,NULL,'Lemon Drop Bath Bomb','publish',NULL,0,NULL,NULL,NULL,NULL,NULL,60,0,NULL,0,NULL,NULL,NULL,NULL,'https://sirensdream.com/wp-content/uploads/2016/11/maano111816_148.jpg',NULL,'169','featured-image',NULL,NULL,'https://sirensdream.com/wp-content/uploads/2016/11/maano111816_148.jpg','169','featured-image','{\"width\":2048,\"height\":1707,\"url\":\"https://sirensdream.com/wp-content/uploads/2016/11/maano111816_148.jpg\",\"path\":\"/home/palmer19/public_html/sirensdream.com/wp-content/uploads/2016/11/maano111816_148.jpg\",\"size\":\"full\",\"id\":169,\"alt\":\"\",\"pixels\":3495936,\"type\":\"image/jpeg\"}',NULL,NULL,NULL,'2023-02-21 01:16:07','2023-02-21 06:16:07',1,NULL,NULL,NULL,NULL,0,NULL,2,'2016-12-14 05:26:44','2016-11-22 22:05:03'),(15,'https://sirensdream.com/product-category/bath/','46:d159871072601335a6ea6e8861eeb8f2',8,'term','product_cat',NULL,NULL,NULL,NULL,'Bath &amp; Body',NULL,NULL,0,NULL,NULL,NULL,NULL,NULL,NULL,0,NULL,NULL,NULL,NULL,NULL,NULL,NULL,NULL,NULL,NULL,NULL,NULL,NULL,NULL,NULL,NULL,NULL,NULL,NULL,'2023-02-21 03:08:50','2023-02-21 08:08:50',1,NULL,NULL,NULL,NULL,0,NULL,2,'2017-01-27 19:40:26','2016-11-15 23:17:35'),(16,'https://sirensdream.com/cart/','29:8ef43381bc3a1ff12d05d2535acaf9e1',5,'post','page',1,0,NULL,NULL,'Cart','publish',NULL,0,NULL,NULL,NULL,NULL,NULL,0,0,NULL,0,NULL,NULL,NULL,NULL,NULL,NULL,NULL,NULL,NULL,NULL,NULL,NULL,NULL,NULL,NULL,NULL,NULL,'2023-02-21 03:08:51','2023-02-21 08:08:51',1,NULL,NULL,NULL,NULL,0,NULL,2,'2016-11-15 21:03:34','2016-11-15 21:03:34'),(17,'https://sirensdream.com/product-category/necklaces/','51:ed70475b8b497da0ee7c2b6518c9a916',9,'term','product_cat',NULL,NULL,NULL,NULL,'Necklaces',NULL,NULL,0,NULL,NULL,NULL,NULL,NULL,30,0,NULL,NULL,NULL,NULL,NULL,NULL,NULL,NULL,NULL,NULL,NULL,NULL,NULL,NULL,NULL,NULL,NULL,NULL,NULL,'2023-02-21 03:08:51','2023-02-21 08:08:51',1,NULL,NULL,NULL,NULL,0,NULL,2,'2016-12-15 15:56:26','2016-11-15 23:20:50'),(18,'https://sirensdream.com/my-account/','35:d8a82e95ccfbbed16374e3a8e21997c3',7,'post','page',1,0,NULL,NULL,'My Account','publish',NULL,0,NULL,NULL,NULL,NULL,NULL,0,0,NULL,0,NULL,NULL,NULL,NULL,NULL,NULL,NULL,NULL,NULL,NULL,NULL,NULL,NULL,NULL,NULL,NULL,NULL,'2023-02-21 03:08:51','2023-02-21 08:08:51',1,NULL,NULL,NULL,NULL,0,NULL,2,'2016-11-15 21:03:34','2016-11-15 21:03:34'),(19,'https://sirensdream.com/about/','30:07b6c83564424662c7db6c9e07a8ec10',8,'post','page',1,0,NULL,NULL,'About','publish',NULL,0,NULL,NULL,NULL,NULL,NULL,90,0,NULL,0,NULL,NULL,NULL,NULL,'https://sirensdream.com/wp-content/uploads/elementor/thumbs/11329873_10204329921712965_558782696187851861_n-mztww3yzas8ikeyy03lapzmi9fmeumo6w8pfe4luac.jpg',NULL,NULL,'first-content-image',NULL,NULL,'https://sirensdream.com/wp-content/uploads/elementor/thumbs/11329873_10204329921712965_558782696187851861_n-mztww3yzas8ikeyy03lapzmi9fmeumo6w8pfe4luac.jpg',NULL,'first-content-image',NULL,0,NULL,NULL,'2023-02-21 03:08:51','2025-06-04 00:43:55',1,NULL,NULL,NULL,NULL,0,1,2,'2025-06-03 20:43:55','2016-11-15 22:54:43'),(20,'https://sirensdream.com/doterra/','32:f922d18be2fa93feefe49172973c79b7',356,'post','page',1,0,NULL,NULL,'DōTERRA','publish',NULL,0,NULL,NULL,NULL,NULL,NULL,90,0,NULL,0,NULL,NULL,NULL,NULL,'https://sirensdream.com/wp-content/uploads/2016/12/1468-lavender-field.jpg',NULL,NULL,'first-content-image',NULL,NULL,'https://sirensdream.com/wp-content/uploads/2016/12/1468-lavender-field.jpg',NULL,'first-content-image',NULL,NULL,NULL,NULL,'2023-02-21 03:08:52','2023-02-21 08:08:52',1,NULL,NULL,NULL,NULL,0,NULL,2,'2016-12-14 20:09:38','2016-12-14 05:40:32'),(21,'https://sirensdream.com/wp-content/uploads/2016/12/1468-lavender-field.jpg','74:6078787b5cb4208f390de69d7e198957',360,'post','attachment',1,356,NULL,NULL,'1468-lavender-field','inherit',NULL,0,NULL,NULL,NULL,NULL,NULL,0,0,NULL,0,NULL,NULL,NULL,NULL,'https://sirensdream.com/wp-content/uploads/2016/12/1468-lavender-field.jpg',NULL,'360','attachment-image',NULL,NULL,'https://sirensdream.com/wp-content/uploads/2016/12/1468-lavender-field.jpg','360','attachment-image','{\"width\":643,\"height\":362,\"url\":\"https://sirensdream.com/wp-content/uploads/2016/12/1468-lavender-field.jpg\",\"path\":\"/home/palmer19/public_html/sirensdream.com/wp-content/uploads/2016/12/1468-lavender-field.jpg\",\"size\":\"full\",\"id\":360,\"alt\":\"\",\"pixels\":232766,\"type\":\"image/jpeg\"}',NULL,NULL,NULL,'2023-02-21 03:08:52','2023-02-21 08:08:52',1,NULL,NULL,NULL,NULL,0,NULL,2,'2016-12-14 05:45:06','2016-12-14 05:45:06'),(22,'https://sirensdream.com/product/matte/','38:a2409bd9dc94079a5ce5403bfd434d59',211,'post','product',1,0,NULL,NULL,'Matte','publish',NULL,0,NULL,NULL,NULL,NULL,NULL,30,0,NULL,0,NULL,NULL,NULL,NULL,'https://sirensdream.com/wp-content/uploads/2016/11/maano111816_102.jpg',NULL,'140','featured-image',NULL,NULL,'https://sirensdream.com/wp-content/uploads/2016/11/maano111816_102.jpg','140','featured-image','{\"width\":2048,\"height\":1707,\"url\":\"https://sirensdream.com/wp-content/uploads/2016/11/maano111816_102.jpg\",\"path\":\"/home/palmer19/public_html/sirensdream.com/wp-content/uploads/2016/11/maano111816_102.jpg\",\"size\":\"full\",\"id\":140,\"alt\":\"\",\"pixels\":3495936,\"type\":\"image/jpeg\"}',NULL,NULL,NULL,'2023-02-21 05:10:40','2023-02-21 10:10:40',1,NULL,NULL,NULL,NULL,0,NULL,2,'2016-12-14 05:18:29','2016-11-24 04:56:03'),(23,'https://sirensdream.com/shipping/','33:04fdbe61deaa09597581f59681a62f09',67,'post','page',1,0,NULL,NULL,'Shipping','publish',NULL,0,NULL,NULL,NULL,NULL,NULL,0,0,NULL,0,NULL,NULL,NULL,NULL,NULL,NULL,NULL,NULL,NULL,NULL,NULL,NULL,NULL,NULL,NULL,NULL,NULL,'2023-02-21 07:47:01','2023-02-21 12:47:01',1,NULL,NULL,NULL,NULL,0,NULL,2,'2016-11-17 04:56:12','2016-11-17 03:50:23'),(24,'https://sirensdream.com/product/awaken/','39:84711e26b9832606bdda865ac186ed89',362,'post','product',1,0,NULL,NULL,'Awaken','publish',NULL,0,NULL,NULL,NULL,NULL,NULL,30,0,NULL,0,NULL,NULL,NULL,NULL,'https://sirensdream.com/wp-content/uploads/2016/12/img_4130.jpg',NULL,'363','featured-image',NULL,NULL,'https://sirensdream.com/wp-content/uploads/2016/12/img_4130.jpg','363','featured-image','{\"width\":620,\"height\":478,\"url\":\"https://sirensdream.com/wp-content/uploads/2016/12/img_4130.jpg\",\"path\":\"/home/palmer19/public_html/sirensdream.com/wp-content/uploads/2016/12/img_4130.jpg\",\"size\":\"full\",\"id\":363,\"alt\":\"\",\"pixels\":296360,\"type\":\"image/jpeg\"}',NULL,NULL,NULL,'2023-02-21 09:00:22','2023-02-21 14:00:22',1,NULL,NULL,NULL,NULL,0,NULL,2,'2016-12-14 05:59:00','2016-12-14 05:51:46'),(25,'https://sirensdream.com/product/pulse/','38:c91ac70d4e170c2817b1f3ac0bd1ab63',237,'post','product',1,0,NULL,NULL,'Pulse','publish',NULL,0,NULL,NULL,NULL,NULL,NULL,30,0,NULL,0,NULL,NULL,NULL,NULL,'https://sirensdream.com/wp-content/uploads/2016/11/maano111816_104.jpg',NULL,'142','featured-image',NULL,NULL,'https://sirensdream.com/wp-content/uploads/2016/11/maano111816_104.jpg','142','featured-image','{\"width\":2048,\"height\":1707,\"url\":\"https://sirensdream.com/wp-content/uploads/2016/11/maano111816_104.jpg\",\"path\":\"/home/palmer19/public_html/sirensdream.com/wp-content/uploads/2016/11/maano111816_104.jpg\",\"size\":\"full\",\"id\":142,\"alt\":\"\",\"pixels\":3495936,\"type\":\"image/jpeg\"}',NULL,NULL,NULL,'2023-02-21 10:02:59','2023-02-21 15:02:59',1,NULL,NULL,NULL,NULL,0,NULL,2,'2016-12-14 05:15:13','2016-11-24 17:58:26'),(26,'https://sirensdream.com/product/oz/','35:1b4c59f340cefa7493c6bdddad080390',189,'post','product',1,0,NULL,NULL,'Oz','publish',NULL,0,NULL,NULL,NULL,NULL,NULL,30,0,NULL,0,NULL,NULL,NULL,NULL,'https://sirensdream.com/wp-content/uploads/2016/11/maano111816_087-1.jpg',NULL,'126','featured-image',NULL,NULL,'https://sirensdream.com/wp-content/uploads/2016/11/maano111816_087-1.jpg','126','featured-image','{\"width\":1966,\"height\":1638,\"url\":\"https://sirensdream.com/wp-content/uploads/2016/11/maano111816_087-1.jpg\",\"path\":\"/home/palmer19/public_html/sirensdream.com/wp-content/uploads/2016/11/maano111816_087-1.jpg\",\"size\":\"full\",\"id\":126,\"alt\":\"\",\"pixels\":3220308,\"type\":\"image/jpeg\"}',NULL,NULL,NULL,'2023-02-21 11:31:04','2023-02-21 16:31:04',1,NULL,NULL,NULL,NULL,0,NULL,2,'2016-12-14 05:21:07','2016-11-24 03:47:13'),(27,'https://sirensdream.com/product/whirlpool/','42:eccfa1589575d1d33e66f1709442eed6',181,'post','product',1,0,NULL,NULL,'Taylor-Whirlpool','publish',NULL,0,NULL,NULL,NULL,NULL,NULL,30,0,NULL,0,NULL,NULL,NULL,NULL,'https://sirensdream.com/wp-content/uploads/2016/11/maano111816_066.jpg',NULL,'111','featured-image',NULL,NULL,'https://sirensdream.com/wp-content/uploads/2016/11/maano111816_066.jpg','111','featured-image','{\"width\":1961,\"height\":1635,\"url\":\"https://sirensdream.com/wp-content/uploads/2016/11/maano111816_066.jpg\",\"path\":\"/home/palmer19/public_html/sirensdream.com/wp-content/uploads/2016/11/maano111816_066.jpg\",\"size\":\"full\",\"id\":111,\"alt\":\"\",\"pixels\":3206235,\"type\":\"image/jpeg\"}',NULL,NULL,NULL,'2023-02-21 15:48:25','2023-02-21 20:48:25',1,NULL,NULL,NULL,NULL,0,NULL,2,'2016-12-14 05:23:18','2016-11-23 23:33:57'),(28,'https://sirensdream.com/product/taylor-24k/','43:854991f245ee3b8cef228ba3deb296b9',185,'post','product',1,0,NULL,NULL,'Taylor-24k','publish',NULL,0,NULL,NULL,NULL,NULL,NULL,30,0,NULL,0,NULL,NULL,NULL,NULL,'https://sirensdream.com/wp-content/uploads/2016/11/maano111816_126.jpg',NULL,'161','featured-image',NULL,NULL,'https://sirensdream.com/wp-content/uploads/2016/11/maano111816_126.jpg','161','featured-image','{\"width\":2048,\"height\":1707,\"url\":\"https://sirensdream.com/wp-content/uploads/2016/11/maano111816_126.jpg\",\"path\":\"/home/palmer19/public_html/sirensdream.com/wp-content/uploads/2016/11/maano111816_126.jpg\",\"size\":\"full\",\"id\":161,\"alt\":\"\",\"pixels\":3495936,\"type\":\"image/jpeg\"}',NULL,NULL,NULL,'2023-02-21 16:00:06','2023-02-21 21:00:06',1,NULL,NULL,NULL,NULL,0,NULL,2,'2016-12-14 05:21:44','2016-11-23 23:37:18'),(29,'https://sirensdream.com/product/taylor-shell/','45:31daf41b54a5e87044962f5c45ffec61',276,'post','product',1,0,NULL,NULL,'Taylor-Shell','publish',NULL,0,NULL,NULL,NULL,NULL,NULL,30,0,NULL,0,NULL,NULL,NULL,NULL,'https://sirensdream.com/wp-content/uploads/2016/11/maano111816_075.jpg',NULL,'116','featured-image',NULL,NULL,'https://sirensdream.com/wp-content/uploads/2016/11/maano111816_075.jpg','116','featured-image','{\"width\":1992,\"height\":1660,\"url\":\"https://sirensdream.com/wp-content/uploads/2016/11/maano111816_075.jpg\",\"path\":\"/home/palmer19/public_html/sirensdream.com/wp-content/uploads/2016/11/maano111816_075.jpg\",\"size\":\"full\",\"id\":116,\"alt\":\"\",\"pixels\":3306720,\"type\":\"image/jpeg\"}',NULL,NULL,NULL,'2023-02-22 00:38:13','2023-02-22 05:38:13',1,NULL,NULL,NULL,NULL,0,NULL,2,'2016-12-14 04:03:04','2016-11-26 03:49:07'),(30,'https://sirensdream.com/product/liquid-gold/','44:31396310063a7edef71e8de4a1b05fa6',62,'post','product',1,0,NULL,NULL,'Liquid Gold','publish',NULL,0,NULL,NULL,NULL,NULL,NULL,0,0,NULL,0,NULL,NULL,NULL,NULL,'https://sirensdream.com/wp-content/uploads/2016/11/maano111816_114-1.jpg',NULL,'148','featured-image',NULL,NULL,'https://sirensdream.com/wp-content/uploads/2016/11/maano111816_114-1.jpg','148','featured-image','{\"width\":2048,\"height\":1707,\"url\":\"https://sirensdream.com/wp-content/uploads/2016/11/maano111816_114-1.jpg\",\"path\":\"/home/palmer19/public_html/sirensdream.com/wp-content/uploads/2016/11/maano111816_114-1.jpg\",\"size\":\"full\",\"id\":148,\"alt\":\"\",\"pixels\":3495936,\"type\":\"image/jpeg\"}',NULL,NULL,NULL,'2023-02-22 00:59:41','2023-02-22 05:59:41',1,NULL,NULL,NULL,NULL,0,NULL,2,'2016-11-26 05:24:10','2016-11-17 02:44:13'),(31,'https://sirensdream.com/product-category/besties/','49:07168e311a4d9721883960efe54bf471',30,'term','product_cat',NULL,NULL,NULL,NULL,'Besties',NULL,NULL,0,NULL,NULL,NULL,NULL,NULL,30,0,NULL,NULL,NULL,NULL,NULL,NULL,NULL,NULL,NULL,NULL,NULL,NULL,NULL,NULL,NULL,NULL,NULL,NULL,NULL,'2023-02-22 01:11:59','2023-02-22 06:11:59',1,NULL,NULL,NULL,NULL,0,NULL,2,'2017-01-27 19:07:57','2016-11-22 18:50:08'),(32,'https://sirensdream.com/terms-of-use/','37:a63259383a92d96d76df6c046acb0b21',73,'post','page',1,0,NULL,NULL,'Terms of Use','publish',NULL,0,NULL,NULL,NULL,NULL,NULL,0,0,NULL,0,NULL,NULL,NULL,NULL,NULL,NULL,NULL,NULL,NULL,NULL,NULL,NULL,NULL,NULL,NULL,NULL,NULL,'2023-02-22 09:25:06','2023-02-22 14:25:06',1,NULL,NULL,NULL,NULL,0,NULL,2,'2016-11-17 04:13:59','2016-11-17 04:13:59'),(33,'https://sirensdream.com/product/changing-tide/','46:8043c9a6065a1956f88a1ec244d65e9a',249,'post','product',1,0,NULL,NULL,'Changing tide','publish',NULL,0,NULL,NULL,NULL,NULL,NULL,0,0,NULL,0,NULL,NULL,NULL,NULL,'https://sirensdream.com/wp-content/uploads/2016/11/maano111816_064.jpg',NULL,'109','featured-image',NULL,NULL,'https://sirensdream.com/wp-content/uploads/2016/11/maano111816_064.jpg','109','featured-image','{\"width\":2048,\"height\":1707,\"url\":\"https://sirensdream.com/wp-content/uploads/2016/11/maano111816_064.jpg\",\"path\":\"/home/palmer19/public_html/sirensdream.com/wp-content/uploads/2016/11/maano111816_064.jpg\",\"size\":\"full\",\"id\":109,\"alt\":\"\",\"pixels\":3495936,\"type\":\"image/jpeg\"}',NULL,NULL,NULL,'2023-02-22 12:38:36','2023-02-22 17:38:36',1,NULL,NULL,NULL,NULL,0,NULL,2,'2016-11-26 05:03:31','2016-11-26 01:42:26'),(34,'https://sirensdream.com/product/sugarplum/','42:820dcbeea6922b4b2e512f6a370b2b65',253,'post','product',1,0,NULL,NULL,'Sugar Plum','publish',NULL,0,NULL,NULL,NULL,NULL,NULL,30,0,NULL,0,NULL,NULL,NULL,NULL,'https://sirensdream.com/wp-content/uploads/2016/11/maano111816_077.jpg',NULL,'118','featured-image',NULL,NULL,'https://sirensdream.com/wp-content/uploads/2016/11/maano111816_077.jpg','118','featured-image','{\"width\":1904,\"height\":1588,\"url\":\"https://sirensdream.com/wp-content/uploads/2016/11/maano111816_077.jpg\",\"path\":\"/home/palmer19/public_html/sirensdream.com/wp-content/uploads/2016/11/maano111816_077.jpg\",\"size\":\"full\",\"id\":118,\"alt\":\"\",\"pixels\":3023552,\"type\":\"image/jpeg\"}',NULL,NULL,NULL,'2023-02-22 12:39:36','2023-02-22 17:39:36',1,NULL,NULL,NULL,NULL,0,NULL,2,'2016-12-14 05:12:48','2016-11-26 01:45:57'),(35,'https://sirensdream.com/product/sailor/','39:8e51c522b312083d0b90760d64f9dc9c',245,'post','product',1,0,NULL,NULL,'Sailor','publish',NULL,0,NULL,NULL,NULL,NULL,NULL,0,0,NULL,0,NULL,NULL,NULL,NULL,'https://sirensdream.com/wp-content/uploads/2016/11/maano111816_069.jpg',NULL,'113','featured-image',NULL,NULL,'https://sirensdream.com/wp-content/uploads/2016/11/maano111816_069.jpg','113','featured-image','{\"width\":1936,\"height\":1614,\"url\":\"https://sirensdream.com/wp-content/uploads/2016/11/maano111816_069.jpg\",\"path\":\"/home/palmer19/public_html/sirensdream.com/wp-content/uploads/2016/11/maano111816_069.jpg\",\"size\":\"full\",\"id\":113,\"alt\":\"\",\"pixels\":3124704,\"type\":\"image/jpeg\"}',NULL,NULL,NULL,'2023-02-22 12:39:40','2023-02-22 17:39:40',1,NULL,NULL,NULL,NULL,0,NULL,2,'2016-12-15 15:54:14','2016-11-26 01:39:54'),(36,'https://sirensdream.com/product/sunken-treasure/','48:ba6f9f3e0e7f0a6f70b3e08b6c268147',262,'post','product',1,0,NULL,NULL,'Sunken Treasure','publish',NULL,0,NULL,NULL,NULL,NULL,NULL,0,0,NULL,0,NULL,NULL,NULL,NULL,'https://sirensdream.com/wp-content/uploads/2016/11/maano111816_095-2.jpg',NULL,'134','featured-image',NULL,NULL,'https://sirensdream.com/wp-content/uploads/2016/11/maano111816_095-2.jpg','134','featured-image','{\"width\":2048,\"height\":1707,\"url\":\"https://sirensdream.com/wp-content/uploads/2016/11/maano111816_095-2.jpg\",\"path\":\"/home/palmer19/public_html/sirensdream.com/wp-content/uploads/2016/11/maano111816_095-2.jpg\",\"size\":\"full\",\"id\":134,\"alt\":\"\",\"pixels\":3495936,\"type\":\"image/jpeg\"}',NULL,NULL,NULL,'2023-02-22 12:39:40','2023-02-22 17:39:40',1,NULL,NULL,NULL,NULL,0,NULL,2,'2016-11-26 04:59:03','2016-11-26 02:01:37'),(37,'https://sirensdream.com/product/shark-tooth-necklace/','53:8c9ecc305c3cfdb440e3d45edf1868c8',55,'post','product',1,0,NULL,NULL,'Jaws in Charcoal','publish',NULL,0,NULL,NULL,NULL,NULL,NULL,0,0,NULL,0,NULL,NULL,NULL,NULL,'https://sirensdream.com/wp-content/uploads/2016/11/maano111816_055.jpg',NULL,'90','featured-image',NULL,NULL,'https://sirensdream.com/wp-content/uploads/2016/11/maano111816_055.jpg','90','featured-image','{\"width\":1923,\"height\":1603,\"url\":\"https://sirensdream.com/wp-content/uploads/2016/11/maano111816_055.jpg\",\"path\":\"/home/palmer19/public_html/sirensdream.com/wp-content/uploads/2016/11/maano111816_055.jpg\",\"size\":\"full\",\"id\":90,\"alt\":\"\",\"pixels\":3082569,\"type\":\"image/jpeg\"}',NULL,NULL,NULL,'2023-02-22 14:08:14','2023-02-22 19:08:14',1,NULL,NULL,NULL,NULL,0,NULL,2,'2016-11-22 19:05:53','2016-11-15 23:20:50'),(38,'https://sirensdream.com/product/birthdaycake-bath-bomb-copy/','60:8ee99a67822642d4eb4e4aef2bb3d123',353,'post','product',1,0,NULL,NULL,'Birthday Cake Bath Bomb','publish',NULL,0,NULL,NULL,NULL,NULL,NULL,60,0,NULL,0,NULL,NULL,NULL,NULL,'https://sirensdream.com/wp-content/uploads/2016/12/D8N5488.jpg',NULL,'348','featured-image',NULL,NULL,'https://sirensdream.com/wp-content/uploads/2016/12/D8N5488.jpg','348','featured-image','{\"width\":1662,\"height\":1385,\"url\":\"https://sirensdream.com/wp-content/uploads/2016/12/D8N5488.jpg\",\"path\":\"/home/palmer19/public_html/sirensdream.com/wp-content/uploads/2016/12/D8N5488.jpg\",\"size\":\"full\",\"id\":348,\"alt\":\"\",\"pixels\":2301870,\"type\":\"image/jpeg\"}',NULL,NULL,NULL,'2023-02-22 20:09:05','2023-02-23 01:09:05',1,NULL,NULL,NULL,NULL,0,NULL,2,'2017-01-27 19:07:57','2016-12-14 04:59:03'),(39,'https://sirensdream.com/return-policy/','38:8e5523dd0e0e7af20a3a48459902b7e8',75,'post','page',1,0,NULL,NULL,'Return Policy','publish',NULL,0,NULL,NULL,NULL,NULL,NULL,0,0,NULL,0,NULL,NULL,NULL,NULL,NULL,NULL,NULL,NULL,NULL,NULL,NULL,NULL,NULL,NULL,NULL,NULL,NULL,'2023-02-22 20:50:51','2023-02-23 01:50:51',1,NULL,NULL,NULL,NULL,0,NULL,2,'2016-11-17 04:32:36','2016-11-17 04:32:36'),(40,'https://sirensdream.com/product/mystery/','40:eddfea8b5deda5c5a2c4673284be19de',198,'post','product',1,0,NULL,NULL,'Mystery','publish',NULL,0,NULL,NULL,NULL,NULL,NULL,30,0,NULL,0,NULL,NULL,NULL,NULL,'https://sirensdream.com/wp-content/uploads/2016/11/maano111816_107.jpg',NULL,'146','featured-image',NULL,NULL,'https://sirensdream.com/wp-content/uploads/2016/11/maano111816_107.jpg','146','featured-image','{\"width\":2048,\"height\":1707,\"url\":\"https://sirensdream.com/wp-content/uploads/2016/11/maano111816_107.jpg\",\"path\":\"/home/palmer19/public_html/sirensdream.com/wp-content/uploads/2016/11/maano111816_107.jpg\",\"size\":\"full\",\"id\":146,\"alt\":\"\",\"pixels\":3495936,\"type\":\"image/jpeg\"}',NULL,NULL,NULL,'2023-02-23 05:25:55','2023-02-23 10:25:55',1,NULL,NULL,NULL,NULL,0,NULL,2,'2016-12-14 05:20:22','2016-11-24 04:22:56'),(41,'https://sirensdream.com/product/sweetheartvalentinespecial/','59:c236dd6b8a2de9a9f7edf13ca534b74a',398,'post','product',1,0,NULL,NULL,'Sweetheart Bomb','publish',NULL,0,NULL,NULL,NULL,NULL,NULL,60,0,NULL,0,NULL,NULL,NULL,NULL,'https://sirensdream.com/wp-content/uploads/2017/01/IMG_0132-scaled.jpg',NULL,'408','featured-image',NULL,NULL,'https://sirensdream.com/wp-content/uploads/2017/01/IMG_0132-scaled.jpg','408','featured-image','{\"width\":2959,\"height\":2114,\"url\":\"https://sirensdream.com/wp-content/uploads/2017/01/IMG_0132-scaled.jpg\",\"path\":\"/home/palmer19/public_html/sirensdream.com/wp-content/uploads/2017/01/IMG_0132-scaled.jpg\",\"size\":\"full\",\"id\":408,\"alt\":\"\",\"pixels\":6255326,\"type\":\"image/jpeg\"}',NULL,NULL,NULL,'2023-02-23 06:03:16','2023-02-23 11:03:16',1,NULL,NULL,NULL,NULL,0,NULL,2,'2017-01-27 19:40:26','2017-01-27 18:41:51'),(42,'https://sirensdream.com/product-tag/simple/','43:545d85d306268cfb55f9b3283891f8f3',29,'term','product_tag',NULL,NULL,NULL,NULL,'Simple',NULL,NULL,0,NULL,NULL,NULL,NULL,NULL,NULL,0,NULL,NULL,NULL,NULL,NULL,NULL,NULL,NULL,NULL,NULL,NULL,NULL,NULL,NULL,NULL,NULL,NULL,NULL,NULL,'2023-02-23 06:07:17','2023-02-23 11:07:17',1,NULL,NULL,NULL,NULL,0,NULL,2,'2016-12-14 05:21:44','2016-11-23 23:37:18'),(43,'https://sirensdream.com/product-tag/bomb/','41:b72c6cffaf3d72610456f27786292fc5',12,'term','product_tag',NULL,NULL,NULL,NULL,'Bomb',NULL,NULL,0,NULL,NULL,NULL,NULL,NULL,NULL,0,NULL,NULL,NULL,NULL,NULL,NULL,NULL,NULL,NULL,NULL,NULL,NULL,NULL,NULL,NULL,NULL,NULL,NULL,NULL,'2023-02-23 09:08:38','2023-02-23 14:08:38',1,NULL,NULL,NULL,NULL,0,NULL,2,'2017-01-27 19:40:26','2016-11-15 23:17:35'),(44,'https://sirensdream.com/product/faith/','38:125a16315c956eccc9114ae564eac6c5',206,'post','product',1,0,NULL,NULL,'Faith','publish',NULL,0,NULL,NULL,NULL,NULL,NULL,0,0,NULL,0,NULL,NULL,NULL,NULL,'https://sirensdream.com/wp-content/uploads/2016/11/maano111816_090.jpg',NULL,'129','featured-image',NULL,NULL,'https://sirensdream.com/wp-content/uploads/2016/11/maano111816_090.jpg','129','featured-image','{\"width\":1962,\"height\":1635,\"url\":\"https://sirensdream.com/wp-content/uploads/2016/11/maano111816_090.jpg\",\"path\":\"/home/palmer19/public_html/sirensdream.com/wp-content/uploads/2016/11/maano111816_090.jpg\",\"size\":\"full\",\"id\":129,\"alt\":\"\",\"pixels\":3207870,\"type\":\"image/jpeg\"}',NULL,NULL,NULL,'2023-02-23 13:51:23','2023-02-23 18:51:23',1,NULL,NULL,NULL,NULL,0,NULL,2,'2016-11-26 05:15:50','2016-11-24 04:39:24'),(45,'https://sirensdream.com/product-tag/taylor/','43:9360718088b5b2ca73a005b3e9732af9',28,'term','product_tag',NULL,NULL,NULL,NULL,'Taylor',NULL,NULL,0,NULL,NULL,NULL,NULL,NULL,NULL,0,NULL,NULL,NULL,NULL,NULL,NULL,NULL,NULL,NULL,NULL,NULL,NULL,NULL,NULL,NULL,NULL,NULL,NULL,NULL,'2023-02-23 16:03:33','2023-02-23 21:03:33',1,NULL,NULL,NULL,NULL,0,NULL,2,'2016-12-14 05:21:44','2016-11-23 23:37:18'),(46,'https://sirensdream.com/product/aquamarine/','43:1576a195078541ca79df60069226f654',202,'post','product',1,0,NULL,NULL,'Aquamarine','publish',NULL,0,NULL,NULL,NULL,NULL,NULL,0,0,NULL,0,NULL,NULL,NULL,NULL,'https://sirensdream.com/wp-content/uploads/2016/11/maano111816_124.jpg',NULL,'159','featured-image',NULL,NULL,'https://sirensdream.com/wp-content/uploads/2016/11/maano111816_124.jpg','159','featured-image','{\"width\":2048,\"height\":1707,\"url\":\"https://sirensdream.com/wp-content/uploads/2016/11/maano111816_124.jpg\",\"path\":\"/home/palmer19/public_html/sirensdream.com/wp-content/uploads/2016/11/maano111816_124.jpg\",\"size\":\"full\",\"id\":159,\"alt\":\"\",\"pixels\":3495936,\"type\":\"image/jpeg\"}',NULL,NULL,NULL,'2023-02-23 16:17:22','2023-02-23 21:17:22',1,NULL,NULL,NULL,NULL,0,NULL,2,'2016-11-26 05:18:31','2016-11-24 04:27:53'),(47,'https://sirensdream.com/product/jaws-in-pearl/','46:159d70bf1023c0c44642368e3f64c8c6',106,'post','product',1,0,NULL,NULL,'Jaws in Pearl','publish',NULL,0,NULL,NULL,NULL,NULL,NULL,0,0,NULL,0,NULL,NULL,NULL,NULL,'https://sirensdream.com/wp-content/uploads/2016/11/maano111816_042.jpg',NULL,'95','featured-image',NULL,NULL,'https://sirensdream.com/wp-content/uploads/2016/11/maano111816_042.jpg','95','featured-image','{\"width\":1798,\"height\":1498,\"url\":\"https://sirensdream.com/wp-content/uploads/2016/11/maano111816_042.jpg\",\"path\":\"/home/palmer19/public_html/sirensdream.com/wp-content/uploads/2016/11/maano111816_042.jpg\",\"size\":\"full\",\"id\":95,\"alt\":\"\",\"pixels\":2693404,\"type\":\"image/jpeg\"}',NULL,NULL,NULL,'2023-02-24 01:16:33','2023-02-24 06:16:33',1,NULL,NULL,NULL,NULL,0,NULL,2,'2016-12-15 15:56:26','2016-11-22 18:50:08'),(48,'https://sirensdream.com/product/candycane-bath-bomb-copy/','57:c5884725ab6a429b9260b7ee793b2276',351,'post','product',1,0,NULL,NULL,'Citrus Crush Bath Bomb','publish',NULL,0,NULL,NULL,NULL,NULL,NULL,30,0,NULL,0,NULL,NULL,NULL,NULL,'https://sirensdream.com/wp-content/uploads/2016/12/D8N5470.jpg',NULL,'343','featured-image',NULL,NULL,'https://sirensdream.com/wp-content/uploads/2016/12/D8N5470.jpg','343','featured-image','{\"width\":1587,\"height\":1323,\"url\":\"https://sirensdream.com/wp-content/uploads/2016/12/D8N5470.jpg\",\"path\":\"/home/palmer19/public_html/sirensdream.com/wp-content/uploads/2016/12/D8N5470.jpg\",\"size\":\"full\",\"id\":343,\"alt\":\"\",\"pixels\":2099601,\"type\":\"image/jpeg\"}',NULL,NULL,NULL,'2023-02-24 09:15:16','2023-02-24 14:15:16',1,NULL,NULL,NULL,NULL,0,NULL,2,'2017-01-27 19:08:21','2016-12-14 04:50:35'),(49,'https://sirensdream.com/product/ariel/','38:14c9b9521ef5bbd06e9e7540bff5cf70',219,'post','product',1,0,NULL,NULL,'Ariel','publish',NULL,0,NULL,NULL,NULL,NULL,NULL,0,0,NULL,0,NULL,NULL,NULL,NULL,'https://sirensdream.com/wp-content/uploads/2016/11/maano111816_085.jpg',NULL,'125','featured-image',NULL,NULL,'https://sirensdream.com/wp-content/uploads/2016/11/maano111816_085.jpg','125','featured-image','{\"width\":1990,\"height\":1659,\"url\":\"https://sirensdream.com/wp-content/uploads/2016/11/maano111816_085.jpg\",\"path\":\"/home/palmer19/public_html/sirensdream.com/wp-content/uploads/2016/11/maano111816_085.jpg\",\"size\":\"full\",\"id\":125,\"alt\":\"\",\"pixels\":3301410,\"type\":\"image/jpeg\"}',NULL,NULL,NULL,'2023-02-24 09:18:41','2023-02-24 14:18:41',1,NULL,NULL,NULL,NULL,0,NULL,2,'2016-11-26 05:13:12','2016-11-24 05:02:02'),(50,'https://sirensdream.com/2016/11/15/hello-world/','47:754e200c117d668f7c4a22477ba1e7cc',1,'post','post',1,0,NULL,NULL,'Hello world!','publish',NULL,0,NULL,NULL,NULL,NULL,NULL,0,0,NULL,0,NULL,NULL,NULL,NULL,NULL,NULL,NULL,NULL,NULL,NULL,NULL,NULL,NULL,NULL,NULL,NULL,NULL,'2023-02-24 14:57:48','2023-02-24 19:57:48',1,NULL,NULL,NULL,NULL,0,NULL,2,'2016-11-15 20:26:02','2016-11-15 20:26:02'),(51,'https://sirensdream.com/product/awaken-bath-bomb/','49:480d599f7c6a9280d0f32e67b1fd8cd4',54,'post','product',1,0,NULL,NULL,'Ocean Spray Bath Bomb','publish',NULL,0,NULL,NULL,NULL,NULL,NULL,30,0,NULL,0,NULL,NULL,NULL,NULL,'https://sirensdream.com/wp-content/uploads/2016/11/maano111816_135.jpg',NULL,'164','featured-image',NULL,NULL,'https://sirensdream.com/wp-content/uploads/2016/11/maano111816_135.jpg','164','featured-image','{\"width\":2048,\"height\":1707,\"url\":\"https://sirensdream.com/wp-content/uploads/2016/11/maano111816_135.jpg\",\"path\":\"/home/palmer19/public_html/sirensdream.com/wp-content/uploads/2016/11/maano111816_135.jpg\",\"size\":\"full\",\"id\":164,\"alt\":\"\",\"pixels\":3495936,\"type\":\"image/jpeg\"}',NULL,NULL,NULL,'2023-02-24 19:03:23','2023-02-25 00:03:23',1,NULL,NULL,NULL,NULL,0,NULL,2,'2016-12-14 05:09:06','2016-11-15 23:17:35'),(52,'https://sirensdream.com/product/tigers-blood/','45:af091e7620c6898d42c8ee4e8bc40144',215,'post','product',1,0,NULL,NULL,'Tigers Blood','publish',NULL,0,NULL,NULL,NULL,NULL,NULL,0,0,NULL,0,NULL,NULL,NULL,NULL,'https://sirensdream.com/wp-content/uploads/2016/11/maano111816_116.jpg',NULL,'151','featured-image',NULL,NULL,'https://sirensdream.com/wp-content/uploads/2016/11/maano111816_116.jpg','151','featured-image','{\"width\":2048,\"height\":1707,\"url\":\"https://sirensdream.com/wp-content/uploads/2016/11/maano111816_116.jpg\",\"path\":\"/home/palmer19/public_html/sirensdream.com/wp-content/uploads/2016/11/maano111816_116.jpg\",\"size\":\"full\",\"id\":151,\"alt\":\"\",\"pixels\":3495936,\"type\":\"image/jpeg\"}',NULL,NULL,NULL,'2023-02-25 03:48:48','2023-02-25 08:48:48',1,NULL,NULL,NULL,NULL,0,NULL,2,'2016-11-26 05:14:05','2016-11-24 04:59:23'),(53,'https://sirensdream.com/product/taylor-seafoam/','47:cace396f83f40df5dc11f90df6454752',266,'post','product',1,0,NULL,NULL,'Taylor-Seafoam','publish',NULL,0,NULL,NULL,NULL,NULL,NULL,0,0,NULL,0,NULL,NULL,NULL,NULL,'https://sirensdream.com/wp-content/uploads/2016/11/maano111816_099.jpg',NULL,'138','featured-image',NULL,NULL,'https://sirensdream.com/wp-content/uploads/2016/11/maano111816_099.jpg','138','featured-image','{\"width\":2048,\"height\":1707,\"url\":\"https://sirensdream.com/wp-content/uploads/2016/11/maano111816_099.jpg\",\"path\":\"/home/palmer19/public_html/sirensdream.com/wp-content/uploads/2016/11/maano111816_099.jpg\",\"size\":\"full\",\"id\":138,\"alt\":\"\",\"pixels\":3495936,\"type\":\"image/jpeg\"}',NULL,NULL,NULL,'2023-02-25 04:05:48','2023-02-25 09:05:48',1,NULL,NULL,NULL,NULL,0,NULL,2,'2016-12-15 15:54:14','2016-11-26 02:04:04'),(54,'https://sirensdream.com/product/midnight/','41:6e0c6835e535fa81c25871c0c9fba6e6',231,'post','product',1,0,NULL,NULL,'Midnight','publish',NULL,0,NULL,NULL,NULL,NULL,NULL,0,0,NULL,0,NULL,NULL,NULL,NULL,'https://sirensdream.com/wp-content/uploads/2016/11/maano111816_119.jpg',NULL,'153','featured-image',NULL,NULL,'https://sirensdream.com/wp-content/uploads/2016/11/maano111816_119.jpg','153','featured-image','{\"width\":2048,\"height\":1707,\"url\":\"https://sirensdream.com/wp-content/uploads/2016/11/maano111816_119.jpg\",\"path\":\"/home/palmer19/public_html/sirensdream.com/wp-content/uploads/2016/11/maano111816_119.jpg\",\"size\":\"full\",\"id\":153,\"alt\":\"\",\"pixels\":3495936,\"type\":\"image/jpeg\"}',NULL,NULL,NULL,'2023-02-25 04:09:02','2023-02-25 09:09:02',1,NULL,NULL,NULL,NULL,0,NULL,2,'2016-11-26 05:10:43','2016-11-24 05:49:47'),(55,'https://sirensdream.com/product-tag/charm/','42:0668859a3ec30bb722613ce9c59da454',27,'term','product_tag',NULL,NULL,NULL,NULL,'Charm',NULL,NULL,0,NULL,NULL,NULL,NULL,NULL,NULL,0,NULL,NULL,NULL,NULL,NULL,NULL,NULL,NULL,NULL,NULL,NULL,NULL,NULL,NULL,NULL,NULL,NULL,NULL,NULL,'2023-02-25 04:30:39','2023-02-25 09:30:39',1,NULL,NULL,NULL,NULL,0,NULL,2,'2016-12-14 05:21:44','2016-11-23 23:37:18'),(56,'https://sirensdream.com/product/bluetang/','41:9fcbc86d65b944e5889a4b0ea44fac7d',257,'post','product',1,0,NULL,NULL,'Blue Tang','publish',NULL,0,NULL,NULL,NULL,NULL,NULL,0,0,NULL,0,NULL,NULL,NULL,NULL,'https://sirensdream.com/wp-content/uploads/2016/11/maano111816_079.jpg',NULL,'120','featured-image',NULL,NULL,'https://sirensdream.com/wp-content/uploads/2016/11/maano111816_079.jpg','120','featured-image','{\"width\":1928,\"height\":1607,\"url\":\"https://sirensdream.com/wp-content/uploads/2016/11/maano111816_079.jpg\",\"path\":\"/home/palmer19/public_html/sirensdream.com/wp-content/uploads/2016/11/maano111816_079.jpg\",\"size\":\"full\",\"id\":120,\"alt\":\"\",\"pixels\":3098296,\"type\":\"image/jpeg\"}',NULL,NULL,NULL,'2023-02-25 13:35:32','2023-02-25 18:35:32',1,NULL,NULL,NULL,NULL,0,NULL,2,'2016-11-26 05:00:54','2016-11-26 01:50:53'),(57,'https://sirensdream.com/product/boyfriend-bath-bomb/','52:a7b6588b36f78880c238810efdfb0dd8',341,'post','product',1,0,NULL,NULL,'Boyfriend Bath Bomb','publish',NULL,0,NULL,NULL,NULL,NULL,NULL,60,0,NULL,0,NULL,NULL,NULL,NULL,'https://sirensdream.com/wp-content/uploads/2016/12/D8N5481.jpg',NULL,'345','featured-image',NULL,NULL,'https://sirensdream.com/wp-content/uploads/2016/12/D8N5481.jpg','345','featured-image','{\"width\":2024,\"height\":1687,\"url\":\"https://sirensdream.com/wp-content/uploads/2016/12/D8N5481.jpg\",\"path\":\"/home/palmer19/public_html/sirensdream.com/wp-content/uploads/2016/12/D8N5481.jpg\",\"size\":\"full\",\"id\":345,\"alt\":\"\",\"pixels\":3414488,\"type\":\"image/jpeg\"}',NULL,NULL,NULL,'2023-02-25 23:14:19','2023-02-26 04:14:19',1,NULL,NULL,NULL,NULL,0,NULL,2,'2016-12-15 15:54:14','2016-12-14 04:38:41'),(58,'https://sirensdream.com/product/sandalwood/','43:17cf655f405fde13cb0001fdded06634',223,'post','product',1,0,NULL,NULL,'Sandalwood','publish',NULL,0,NULL,NULL,NULL,NULL,NULL,30,0,NULL,0,NULL,NULL,NULL,NULL,'https://sirensdream.com/wp-content/uploads/2016/11/maano111816_106.jpg',NULL,'144','featured-image',NULL,NULL,'https://sirensdream.com/wp-content/uploads/2016/11/maano111816_106.jpg','144','featured-image','{\"width\":2048,\"height\":1707,\"url\":\"https://sirensdream.com/wp-content/uploads/2016/11/maano111816_106.jpg\",\"path\":\"/home/palmer19/public_html/sirensdream.com/wp-content/uploads/2016/11/maano111816_106.jpg\",\"size\":\"full\",\"id\":144,\"alt\":\"\",\"pixels\":3495936,\"type\":\"image/jpeg\"}',NULL,NULL,NULL,'2023-02-26 08:07:51','2023-02-26 13:07:51',1,NULL,NULL,NULL,NULL,0,NULL,2,'2016-12-15 15:54:15','2016-11-24 05:36:57'),(59,'https://sirensdream.com/product/firecoral/','42:852e81833f59317c4aec3f9a406bcbc6',227,'post','product',1,0,NULL,NULL,'Taylor-Fire Coral','publish',NULL,0,NULL,NULL,NULL,NULL,NULL,30,0,NULL,0,NULL,NULL,NULL,NULL,'https://sirensdream.com/wp-content/uploads/2016/11/maano111816_083.jpg',NULL,'123','featured-image',NULL,NULL,'https://sirensdream.com/wp-content/uploads/2016/11/maano111816_083.jpg','123','featured-image','{\"width\":1975,\"height\":1646,\"url\":\"https://sirensdream.com/wp-content/uploads/2016/11/maano111816_083.jpg\",\"path\":\"/home/palmer19/public_html/sirensdream.com/wp-content/uploads/2016/11/maano111816_083.jpg\",\"size\":\"full\",\"id\":123,\"alt\":\"\",\"pixels\":3250850,\"type\":\"image/jpeg\"}',NULL,NULL,NULL,'2023-02-27 21:12:40','2023-02-28 02:12:40',1,NULL,NULL,NULL,NULL,0,NULL,2,'2016-12-14 05:16:51','2016-11-24 05:44:55'),(60,'https://sirensdream.com/product/cotton-candy-bath-bomb/','55:9939b53b22f089377911fdfb03beb6e0',180,'post','product',1,0,NULL,NULL,'Cotton Candy Bath Bomb','publish',NULL,0,NULL,NULL,NULL,NULL,NULL,0,0,NULL,0,NULL,NULL,NULL,NULL,'https://sirensdream.com/wp-content/uploads/2016/11/maano111816_151.jpg',NULL,'170','featured-image',NULL,NULL,'https://sirensdream.com/wp-content/uploads/2016/11/maano111816_151.jpg','170','featured-image','{\"width\":2048,\"height\":1707,\"url\":\"https://sirensdream.com/wp-content/uploads/2016/11/maano111816_151.jpg\",\"path\":\"/home/palmer19/public_html/sirensdream.com/wp-content/uploads/2016/11/maano111816_151.jpg\",\"size\":\"full\",\"id\":170,\"alt\":\"\",\"pixels\":3495936,\"type\":\"image/jpeg\"}',NULL,NULL,NULL,'2023-03-01 10:52:35','2023-03-01 15:52:35',1,NULL,NULL,NULL,NULL,0,NULL,2,'2016-11-26 04:48:32','2016-11-23 23:12:46'),(61,'https://sirensdream.com/product/taylor-teal/','44:e88c874284d413299d026dc7d2187978',194,'post','product',1,0,NULL,NULL,'Taylor-Teal','publish',NULL,0,NULL,NULL,NULL,NULL,NULL,0,0,NULL,0,NULL,NULL,NULL,NULL,'https://sirensdream.com/wp-content/uploads/2016/11/maano111816_123.jpg',NULL,'157','featured-image',NULL,NULL,'https://sirensdream.com/wp-content/uploads/2016/11/maano111816_123.jpg','157','featured-image','{\"width\":2048,\"height\":1707,\"url\":\"https://sirensdream.com/wp-content/uploads/2016/11/maano111816_123.jpg\",\"path\":\"/home/palmer19/public_html/sirensdream.com/wp-content/uploads/2016/11/maano111816_123.jpg\",\"size\":\"full\",\"id\":157,\"alt\":\"\",\"pixels\":3495936,\"type\":\"image/jpeg\"}',NULL,NULL,NULL,'2023-03-03 16:32:41','2023-03-03 21:32:41',1,NULL,NULL,NULL,NULL,0,NULL,2,'2016-11-26 05:20:27','2016-11-24 04:01:35'),(62,'https://sirensdream.com/home/','29:e2eb5f88fc53609ea0536e4f60d9bc49',14,'post','page',1,0,NULL,NULL,'Home','publish',NULL,0,NULL,NULL,NULL,NULL,NULL,0,0,NULL,0,NULL,NULL,NULL,NULL,NULL,NULL,NULL,NULL,NULL,NULL,NULL,NULL,NULL,NULL,NULL,NULL,NULL,'2023-03-06 23:02:52','2023-03-07 04:02:52',1,NULL,NULL,NULL,NULL,0,NULL,2,'2016-11-15 22:41:36','2016-11-15 22:41:36'),(63,'https://sirensdream.com/wp-content/uploads/2016/12/D8N5463.jpg','62:c5ac7725edf93488004bf7daf3c336fd',342,'post','attachment',1,341,NULL,NULL,'_D8N5463','inherit',NULL,0,NULL,NULL,NULL,NULL,NULL,0,0,NULL,0,NULL,NULL,NULL,NULL,'https://sirensdream.com/wp-content/uploads/2016/12/D8N5463.jpg',NULL,'342','attachment-image',NULL,NULL,'https://sirensdream.com/wp-content/uploads/2016/12/D8N5463.jpg','342','attachment-image','{\"width\":2036,\"height\":1697,\"url\":\"https://sirensdream.com/wp-content/uploads/2016/12/D8N5463.jpg\",\"path\":\"/home/palmer19/public_html/sirensdream.com/wp-content/uploads/2016/12/D8N5463.jpg\",\"size\":\"full\",\"id\":342,\"alt\":\"\",\"pixels\":3455092,\"type\":\"image/jpeg\"}',NULL,NULL,NULL,'2023-03-09 17:45:35','2023-03-09 22:45:35',1,NULL,NULL,NULL,NULL,0,NULL,2,'2016-12-14 04:45:00','2016-12-14 04:45:00'),(64,'https://sirensdream.com/wp-content/uploads/2016/11/maano111816_055.jpg','70:0e990fe86ebee0ff52e718f35584caa1',90,'post','attachment',1,55,NULL,NULL,'Jaws in Charcoal','inherit',NULL,0,NULL,NULL,NULL,NULL,NULL,0,0,NULL,0,NULL,NULL,NULL,NULL,'https://sirensdream.com/wp-content/uploads/2016/11/maano111816_055.jpg',NULL,'90','attachment-image',NULL,NULL,'https://sirensdream.com/wp-content/uploads/2016/11/maano111816_055.jpg','90','attachment-image','{\"width\":1923,\"height\":1603,\"url\":\"https://sirensdream.com/wp-content/uploads/2016/11/maano111816_055.jpg\",\"path\":\"/home/palmer19/public_html/sirensdream.com/wp-content/uploads/2016/11/maano111816_055.jpg\",\"size\":\"full\",\"id\":90,\"alt\":\"\",\"pixels\":3082569,\"type\":\"image/jpeg\"}',NULL,NULL,NULL,'2023-03-09 17:45:37','2023-03-09 22:45:37',1,NULL,NULL,NULL,NULL,0,NULL,2,'2016-11-22 18:02:00','2016-11-22 18:00:55'),(65,'https://sirensdream.com/wp-content/uploads/2017/01/IMG_0132-scaled.jpg','70:a110da316b32359207d718550f88c563',408,'post','attachment',1,398,NULL,NULL,'Sweetheart2','inherit',NULL,0,NULL,NULL,NULL,NULL,NULL,0,0,NULL,0,NULL,NULL,NULL,NULL,'https://sirensdream.com/wp-content/uploads/2017/01/IMG_0132-scaled.jpg',NULL,'408','attachment-image',NULL,NULL,'https://sirensdream.com/wp-content/uploads/2017/01/IMG_0132-scaled.jpg','408','attachment-image','{\"width\":2959,\"height\":2114,\"url\":\"https://sirensdream.com/wp-content/uploads/2017/01/IMG_0132-scaled.jpg\",\"path\":\"/home/palmer19/public_html/sirensdream.com/wp-content/uploads/2017/01/IMG_0132-scaled.jpg\",\"size\":\"full\",\"id\":408,\"alt\":\"\",\"pixels\":6255326,\"type\":\"image/jpeg\"}',NULL,NULL,NULL,'2023-03-09 17:45:43','2023-03-09 22:45:43',1,NULL,NULL,NULL,NULL,0,NULL,2,'2017-01-27 18:48:00','2017-01-27 18:47:47'),(66,'https://sirensdream.com/wp-content/uploads/2017/01/IMG_0129.jpg','63:1ccba5407af14f62f14902efef80aabe',407,'post','attachment',1,398,NULL,NULL,'IMG_0129','inherit',NULL,0,NULL,NULL,NULL,NULL,NULL,0,0,NULL,0,NULL,NULL,NULL,NULL,'https://sirensdream.com/wp-content/uploads/2017/01/IMG_0129.jpg',NULL,'407','attachment-image',NULL,NULL,'https://sirensdream.com/wp-content/uploads/2017/01/IMG_0129.jpg','407','attachment-image','{\"width\":2448,\"height\":2448,\"url\":\"https://sirensdream.com/wp-content/uploads/2017/01/IMG_0129.jpg\",\"path\":\"/home/palmer19/public_html/sirensdream.com/wp-content/uploads/2017/01/IMG_0129.jpg\",\"size\":\"full\",\"id\":407,\"alt\":\"\",\"pixels\":5992704,\"type\":\"image/jpeg\"}',NULL,NULL,NULL,'2023-03-09 17:45:48','2023-03-09 22:45:48',1,NULL,NULL,NULL,NULL,0,NULL,2,'2017-01-27 18:47:42','2017-01-27 18:47:42'),(67,'https://sirensdream.com/wp-content/uploads/2016/11/maano111816_051.jpg','70:990008a576a220e2c267a9a064c44705',98,'post','attachment',1,55,NULL,NULL,'Jaws in Charcoal-clasp','inherit',NULL,0,NULL,NULL,NULL,NULL,NULL,0,0,NULL,0,NULL,NULL,NULL,NULL,'https://sirensdream.com/wp-content/uploads/2016/11/maano111816_051.jpg',NULL,'98','attachment-image',NULL,NULL,'https://sirensdream.com/wp-content/uploads/2016/11/maano111816_051.jpg','98','attachment-image','{\"width\":1723,\"height\":1436,\"url\":\"https://sirensdream.com/wp-content/uploads/2016/11/maano111816_051.jpg\",\"path\":\"/home/palmer19/public_html/sirensdream.com/wp-content/uploads/2016/11/maano111816_051.jpg\",\"size\":\"full\",\"id\":98,\"alt\":\"\",\"pixels\":2474228,\"type\":\"image/jpeg\"}',NULL,NULL,NULL,'2023-03-09 17:45:53','2023-03-09 22:45:53',1,NULL,NULL,NULL,NULL,0,NULL,2,'2016-11-22 18:48:21','2016-11-22 18:16:15'),(68,'https://sirensdream.com/wp-content/uploads/2017/01/IMG_0120.jpg','63:38aab45db158ee9791a993cbfd6874d9',405,'post','attachment',1,398,NULL,NULL,'IMG_0120','inherit',NULL,0,NULL,NULL,NULL,NULL,NULL,0,0,NULL,0,NULL,NULL,NULL,NULL,'https://sirensdream.com/wp-content/uploads/2017/01/IMG_0120.jpg',NULL,'405','attachment-image',NULL,NULL,'https://sirensdream.com/wp-content/uploads/2017/01/IMG_0120.jpg','405','attachment-image','{\"width\":2192,\"height\":1644,\"url\":\"https://sirensdream.com/wp-content/uploads/2017/01/IMG_0120.jpg\",\"path\":\"/home/palmer19/public_html/sirensdream.com/wp-content/uploads/2017/01/IMG_0120.jpg\",\"size\":\"full\",\"id\":405,\"alt\":\"\",\"pixels\":3603648,\"type\":\"image/jpeg\"}',NULL,NULL,NULL,'2023-03-09 17:45:58','2023-03-09 22:45:58',1,NULL,NULL,NULL,NULL,0,NULL,2,'2017-01-27 18:47:33','2017-01-27 18:47:33'),(69,'https://sirensdream.com/wp-content/uploads/2016/11/maano111816_035.jpg','70:111c04f8fb56337a47ecf06e4ef4a84d',92,'post','attachment',1,55,NULL,NULL,'Jaws in Charcoal-3','inherit',NULL,0,NULL,NULL,NULL,NULL,NULL,0,0,NULL,0,NULL,NULL,NULL,NULL,'https://sirensdream.com/wp-content/uploads/2016/11/maano111816_035.jpg',NULL,'92','attachment-image',NULL,NULL,'https://sirensdream.com/wp-content/uploads/2016/11/maano111816_035.jpg','92','attachment-image','{\"width\":1976,\"height\":1646,\"url\":\"https://sirensdream.com/wp-content/uploads/2016/11/maano111816_035.jpg\",\"path\":\"/home/palmer19/public_html/sirensdream.com/wp-content/uploads/2016/11/maano111816_035.jpg\",\"size\":\"full\",\"id\":92,\"alt\":\"\",\"pixels\":3252496,\"type\":\"image/jpeg\"}',NULL,NULL,NULL,'2023-03-09 17:46:03','2023-03-09 22:46:03',1,NULL,NULL,NULL,NULL,0,NULL,2,'2016-11-22 18:48:53','2016-11-22 18:15:57'),(70,'https://sirensdream.com/wp-content/uploads/2016/12/img_4130.jpg','63:c6f3444f91f5c48208a29cf0050017fb',363,'post','attachment',1,362,NULL,NULL,'img_4130','inherit',NULL,0,NULL,NULL,NULL,NULL,NULL,0,0,NULL,0,NULL,NULL,NULL,NULL,'https://sirensdream.com/wp-content/uploads/2016/12/img_4130.jpg',NULL,'363','attachment-image',NULL,NULL,'https://sirensdream.com/wp-content/uploads/2016/12/img_4130.jpg','363','attachment-image','{\"width\":620,\"height\":478,\"url\":\"https://sirensdream.com/wp-content/uploads/2016/12/img_4130.jpg\",\"path\":\"/home/palmer19/public_html/sirensdream.com/wp-content/uploads/2016/12/img_4130.jpg\",\"size\":\"full\",\"id\":363,\"alt\":\"\",\"pixels\":296360,\"type\":\"image/jpeg\"}',NULL,1,NULL,'2023-03-09 17:52:27','2023-08-09 23:21:55',1,NULL,NULL,NULL,NULL,0,NULL,2,'2016-12-14 05:52:14','2016-12-14 05:52:14'),(71,'https://sirensdream.com/wp-content/uploads/2017/01/IMG_0113.jpg','63:5566c88aab4cfca23c3f451ca751e454',403,'post','attachment',1,398,NULL,NULL,'IMG_0113','inherit',NULL,0,NULL,NULL,NULL,NULL,NULL,0,0,NULL,0,NULL,NULL,NULL,NULL,'https://sirensdream.com/wp-content/uploads/2017/01/IMG_0113.jpg',NULL,'403','attachment-image',NULL,NULL,'https://sirensdream.com/wp-content/uploads/2017/01/IMG_0113.jpg','403','attachment-image','{\"width\":3264,\"height\":2448,\"url\":\"https://sirensdream.com/wp-content/uploads/2017/01/IMG_0113.jpg\",\"path\":\"/home/palmer19/public_html/sirensdream.com/wp-content/uploads/2017/01/IMG_0113.jpg\",\"size\":\"full\",\"id\":403,\"alt\":\"\",\"pixels\":7990272,\"type\":\"image/jpeg\"}',NULL,NULL,NULL,'2023-03-09 17:54:51','2023-03-09 22:54:51',1,NULL,NULL,NULL,NULL,0,NULL,2,'2017-01-27 18:47:22','2017-01-27 18:47:22'),(72,'https://sirensdream.com/wp-content/uploads/2016/11/maano111816_042.jpg','70:f84f86261ba25b7b424eeabcedf4b859',95,'post','attachment',1,55,NULL,NULL,'Jaws in Pearl-Main','inherit',NULL,0,NULL,NULL,NULL,NULL,NULL,0,0,NULL,0,NULL,NULL,NULL,NULL,'https://sirensdream.com/wp-content/uploads/2016/11/maano111816_042.jpg',NULL,'95','attachment-image',NULL,NULL,'https://sirensdream.com/wp-content/uploads/2016/11/maano111816_042.jpg','95','attachment-image','{\"width\":1798,\"height\":1498,\"url\":\"https://sirensdream.com/wp-content/uploads/2016/11/maano111816_042.jpg\",\"path\":\"/home/palmer19/public_html/sirensdream.com/wp-content/uploads/2016/11/maano111816_042.jpg\",\"size\":\"full\",\"id\":95,\"alt\":\"\",\"pixels\":2693404,\"type\":\"image/jpeg\"}',NULL,NULL,NULL,'2023-03-09 17:55:43','2023-03-09 22:55:43',1,NULL,NULL,NULL,NULL,0,NULL,2,'2016-11-22 19:08:57','2016-11-22 18:16:04'),(73,'https://sirensdream.com/wp-content/uploads/2017/01/IMG_0118.jpg','63:8e9b69052291c2764ea773f59180cc8d',404,'post','attachment',1,398,NULL,NULL,'IMG_0118','inherit',NULL,0,NULL,NULL,NULL,NULL,NULL,0,0,NULL,0,NULL,NULL,NULL,NULL,'https://sirensdream.com/wp-content/uploads/2017/01/IMG_0118.jpg',NULL,'404','attachment-image',NULL,NULL,'https://sirensdream.com/wp-content/uploads/2017/01/IMG_0118.jpg','404','attachment-image','{\"width\":3264,\"height\":2448,\"url\":\"https://sirensdream.com/wp-content/uploads/2017/01/IMG_0118.jpg\",\"path\":\"/home/palmer19/public_html/sirensdream.com/wp-content/uploads/2017/01/IMG_0118.jpg\",\"size\":\"full\",\"id\":404,\"alt\":\"\",\"pixels\":7990272,\"type\":\"image/jpeg\"}',NULL,NULL,NULL,'2023-03-09 17:55:46','2023-03-09 22:55:46',1,NULL,NULL,NULL,NULL,0,NULL,2,'2017-01-27 18:47:26','2017-01-27 18:47:26'),(74,'https://sirensdream.com/wp-content/uploads/2017/01/IMG_0099.jpg','63:2d5bff50e246dbbe6d81eb3733e49bd4',400,'post','attachment',1,398,NULL,NULL,'IMG_0099','inherit',NULL,0,NULL,NULL,NULL,NULL,NULL,0,0,NULL,0,NULL,NULL,NULL,NULL,'https://sirensdream.com/wp-content/uploads/2017/01/IMG_0099.jpg',NULL,'400','attachment-image',NULL,NULL,'https://sirensdream.com/wp-content/uploads/2017/01/IMG_0099.jpg','400','attachment-image','{\"width\":3264,\"height\":2448,\"url\":\"https://sirensdream.com/wp-content/uploads/2017/01/IMG_0099.jpg\",\"path\":\"/home/palmer19/public_html/sirensdream.com/wp-content/uploads/2017/01/IMG_0099.jpg\",\"size\":\"full\",\"id\":400,\"alt\":\"\",\"pixels\":7990272,\"type\":\"image/jpeg\"}',NULL,NULL,NULL,'2023-03-09 17:55:53','2023-03-09 22:55:53',1,NULL,NULL,NULL,NULL,0,NULL,2,'2017-01-27 18:47:11','2017-01-27 18:47:11'),(75,'https://sirensdream.com/wp-content/uploads/2016/12/IMG_9143.3gp','63:28697d6b66604ad1eda2663b97d4aea5',354,'post','attachment',1,353,NULL,NULL,'IMG_9143','inherit',NULL,0,NULL,NULL,NULL,NULL,NULL,0,0,NULL,0,NULL,NULL,NULL,NULL,NULL,NULL,NULL,NULL,NULL,NULL,NULL,NULL,NULL,NULL,NULL,NULL,NULL,'2023-03-09 17:59:28','2023-03-09 22:59:28',1,NULL,NULL,NULL,NULL,0,NULL,2,'2016-12-14 05:07:28','2016-12-14 05:07:28'),(76,'https://sirensdream.com/wp-content/uploads/2016/12/D8N5483.jpg','62:6a5288608b05abcd894832cf1820d0e6',346,'post','attachment',1,341,NULL,NULL,'Boyfriend-2','inherit',NULL,0,NULL,NULL,NULL,NULL,NULL,0,0,NULL,0,NULL,NULL,NULL,NULL,'https://sirensdream.com/wp-content/uploads/2016/12/D8N5483.jpg',NULL,'346','attachment-image',NULL,NULL,'https://sirensdream.com/wp-content/uploads/2016/12/D8N5483.jpg','346','attachment-image','{\"width\":1846,\"height\":1538,\"url\":\"https://sirensdream.com/wp-content/uploads/2016/12/D8N5483.jpg\",\"path\":\"/home/palmer19/public_html/sirensdream.com/wp-content/uploads/2016/12/D8N5483.jpg\",\"size\":\"full\",\"id\":346,\"alt\":\"\",\"pixels\":2839148,\"type\":\"image/jpeg\"}',NULL,NULL,NULL,'2023-03-09 18:12:51','2023-03-09 23:12:51',1,NULL,NULL,NULL,NULL,0,NULL,2,'2016-12-14 04:45:52','2016-12-14 04:45:12'),(77,'https://sirensdream.com/wp-content/uploads/2016/12/D8N5474.jpg','62:d3e3562e41594f1eb46afbbf75efc3af',344,'post','attachment',1,341,NULL,NULL,'Boyfriend-1','inherit',NULL,0,NULL,NULL,NULL,NULL,NULL,0,0,NULL,0,NULL,NULL,NULL,NULL,'https://sirensdream.com/wp-content/uploads/2016/12/D8N5474.jpg',NULL,'344','attachment-image',NULL,NULL,'https://sirensdream.com/wp-content/uploads/2016/12/D8N5474.jpg','344','attachment-image','{\"width\":1998,\"height\":1665,\"url\":\"https://sirensdream.com/wp-content/uploads/2016/12/D8N5474.jpg\",\"path\":\"/home/palmer19/public_html/sirensdream.com/wp-content/uploads/2016/12/D8N5474.jpg\",\"size\":\"full\",\"id\":344,\"alt\":\"\",\"pixels\":3326670,\"type\":\"image/jpeg\"}',NULL,NULL,NULL,'2023-03-09 18:30:51','2023-03-09 23:30:51',1,NULL,NULL,NULL,NULL,0,NULL,2,'2016-12-14 04:45:39','2016-12-14 04:45:06'),(78,'https://sirensdream.com/wp-content/uploads/2016/11/maano111816_045.jpg','70:9d78a20e53ae616ccbdf2e5a1e191b7d',96,'post','attachment',1,55,NULL,NULL,'Jaws in Pearl','inherit',NULL,0,NULL,NULL,NULL,NULL,NULL,0,0,NULL,0,NULL,NULL,NULL,NULL,'https://sirensdream.com/wp-content/uploads/2016/11/maano111816_045.jpg',NULL,'96','attachment-image',NULL,NULL,'https://sirensdream.com/wp-content/uploads/2016/11/maano111816_045.jpg','96','attachment-image','{\"width\":1969,\"height\":1641,\"url\":\"https://sirensdream.com/wp-content/uploads/2016/11/maano111816_045.jpg\",\"path\":\"/home/palmer19/public_html/sirensdream.com/wp-content/uploads/2016/11/maano111816_045.jpg\",\"size\":\"full\",\"id\":96,\"alt\":\"\",\"pixels\":3231129,\"type\":\"image/jpeg\"}',NULL,NULL,NULL,'2023-03-09 18:33:58','2023-03-09 23:33:58',1,NULL,NULL,NULL,NULL,0,NULL,2,'2016-11-22 18:51:16','2016-11-22 18:16:08'),(79,'https://sirensdream.com/wp-content/uploads/2016/11/maano111816_039.jpg','70:f5343d500c9445c87e40a64a9e268a95',93,'post','attachment',1,55,NULL,NULL,'Jaws in Charcoal-2','inherit',NULL,0,NULL,NULL,NULL,NULL,NULL,0,0,NULL,0,NULL,NULL,NULL,NULL,'https://sirensdream.com/wp-content/uploads/2016/11/maano111816_039.jpg',NULL,'93','attachment-image',NULL,NULL,'https://sirensdream.com/wp-content/uploads/2016/11/maano111816_039.jpg','93','attachment-image','{\"width\":1182,\"height\":985,\"url\":\"https://sirensdream.com/wp-content/uploads/2016/11/maano111816_039.jpg\",\"path\":\"/home/palmer19/public_html/sirensdream.com/wp-content/uploads/2016/11/maano111816_039.jpg\",\"size\":\"full\",\"id\":93,\"alt\":\"\",\"pixels\":1164270,\"type\":\"image/jpeg\"}',NULL,NULL,NULL,'2023-03-09 18:40:54','2023-03-09 23:40:54',1,NULL,NULL,NULL,NULL,0,NULL,2,'2016-11-22 18:48:37','2016-11-22 18:15:59'),(80,'https://sirensdream.com/wp-content/uploads/2016/12/D8N5491.jpg','62:6f50a2b80f035358febabd1b8359bc51',349,'post','attachment',1,341,NULL,NULL,'_D8N5491','inherit',NULL,0,NULL,NULL,NULL,NULL,NULL,0,0,NULL,0,NULL,NULL,NULL,NULL,'https://sirensdream.com/wp-content/uploads/2016/12/D8N5491.jpg',NULL,'349','attachment-image',NULL,NULL,'https://sirensdream.com/wp-content/uploads/2016/12/D8N5491.jpg','349','attachment-image','{\"width\":2048,\"height\":1707,\"url\":\"https://sirensdream.com/wp-content/uploads/2016/12/D8N5491.jpg\",\"path\":\"/home/palmer19/public_html/sirensdream.com/wp-content/uploads/2016/12/D8N5491.jpg\",\"size\":\"full\",\"id\":349,\"alt\":\"\",\"pixels\":3495936,\"type\":\"image/jpeg\"}',NULL,NULL,NULL,'2023-03-09 18:47:49','2023-03-09 23:47:49',1,NULL,NULL,NULL,NULL,0,NULL,2,'2016-12-14 04:45:20','2016-12-14 04:45:20'),(81,'https://sirensdream.com/wp-content/uploads/2016/11/maano111816_055-1.jpg','72:7628b923f71aa85ffb6d1c88862e67ff',99,'post','attachment',1,55,NULL,NULL,'maano111816_055','inherit',NULL,0,NULL,NULL,NULL,NULL,NULL,0,0,NULL,0,NULL,NULL,NULL,NULL,'https://sirensdream.com/wp-content/uploads/2016/11/maano111816_055-1.jpg',NULL,'99','attachment-image',NULL,NULL,'https://sirensdream.com/wp-content/uploads/2016/11/maano111816_055-1.jpg','99','attachment-image','{\"width\":1923,\"height\":1603,\"url\":\"https://sirensdream.com/wp-content/uploads/2016/11/maano111816_055-1.jpg\",\"path\":\"/home/palmer19/public_html/sirensdream.com/wp-content/uploads/2016/11/maano111816_055-1.jpg\",\"size\":\"full\",\"id\":99,\"alt\":\"\",\"pixels\":3082569,\"type\":\"image/jpeg\"}',NULL,NULL,NULL,'2023-03-09 19:00:33','2023-03-10 00:00:33',1,NULL,NULL,NULL,NULL,0,NULL,2,'2016-11-22 18:16:19','2016-11-22 18:16:19'),(82,'https://sirensdream.com/wp-content/uploads/2017/01/IMG_0104.jpg','63:7d518f69e00c1b044f1a9ac9cfb6be9a',401,'post','attachment',1,398,NULL,NULL,'IMG_0104','inherit',NULL,0,NULL,NULL,NULL,NULL,NULL,0,0,NULL,0,NULL,NULL,NULL,NULL,'https://sirensdream.com/wp-content/uploads/2017/01/IMG_0104.jpg',NULL,'401','attachment-image',NULL,NULL,'https://sirensdream.com/wp-content/uploads/2017/01/IMG_0104.jpg','401','attachment-image','{\"width\":3264,\"height\":2448,\"url\":\"https://sirensdream.com/wp-content/uploads/2017/01/IMG_0104.jpg\",\"path\":\"/home/palmer19/public_html/sirensdream.com/wp-content/uploads/2017/01/IMG_0104.jpg\",\"size\":\"full\",\"id\":401,\"alt\":\"\",\"pixels\":7990272,\"type\":\"image/jpeg\"}',NULL,NULL,NULL,'2023-03-09 19:00:38','2023-03-10 00:00:38',1,NULL,NULL,NULL,NULL,0,NULL,2,'2017-01-27 18:47:15','2017-01-27 18:47:15'),(83,'https://sirensdream.com/wp-content/uploads/2016/11/11329873_10204329921712965_558782696187851861_n.jpg','102:25b7f1c16ebbd9efe8aff7e3f919a748',40,'post','attachment',1,8,NULL,NULL,'11329873_10204329921712965_558782696187851861_n','inherit',NULL,0,NULL,NULL,NULL,NULL,NULL,0,0,NULL,0,NULL,NULL,NULL,NULL,'https://sirensdream.com/wp-content/uploads/2016/11/11329873_10204329921712965_558782696187851861_n.jpg',NULL,'40','attachment-image',NULL,NULL,'https://sirensdream.com/wp-content/uploads/2016/11/11329873_10204329921712965_558782696187851861_n.jpg','40','attachment-image','{\"width\":960,\"height\":720,\"url\":\"https://sirensdream.com/wp-content/uploads/2016/11/11329873_10204329921712965_558782696187851861_n.jpg\",\"path\":\"/home/palmer19/public_html/sirensdream.com/wp-content/uploads/2016/11/11329873_10204329921712965_558782696187851861_n.jpg\",\"size\":\"full\",\"id\":40,\"alt\":\"\",\"pixels\":691200,\"type\":\"image/jpeg\"}',NULL,NULL,NULL,'2023-03-09 19:15:38','2023-03-10 00:15:38',1,NULL,NULL,NULL,NULL,0,NULL,2,'2016-11-15 22:52:35','2016-11-15 22:52:35'),(84,'https://sirensdream.com/wp-content/uploads/2017/01/IMG_0126.jpg','63:1b9a26ab97679853efb14d5ef03d81db',406,'post','attachment',1,398,NULL,NULL,'IMG_0126','inherit',NULL,0,NULL,NULL,NULL,NULL,NULL,0,0,NULL,0,NULL,NULL,NULL,NULL,'https://sirensdream.com/wp-content/uploads/2017/01/IMG_0126.jpg',NULL,'406','attachment-image',NULL,NULL,'https://sirensdream.com/wp-content/uploads/2017/01/IMG_0126.jpg','406','attachment-image','{\"width\":2048,\"height\":2048,\"url\":\"https://sirensdream.com/wp-content/uploads/2017/01/IMG_0126.jpg\",\"path\":\"/home/palmer19/public_html/sirensdream.com/wp-content/uploads/2017/01/IMG_0126.jpg\",\"size\":\"full\",\"id\":406,\"alt\":\"\",\"pixels\":4194304,\"type\":\"image/jpeg\"}',NULL,NULL,NULL,'2023-03-09 19:43:42','2023-03-10 00:43:42',1,NULL,NULL,NULL,NULL,0,NULL,2,'2017-01-27 18:47:37','2017-01-27 18:47:37'),(85,'https://sirensdream.com/wp-content/uploads/2016/12/D8N5488.jpg','62:769934b9042c8059eb8c764407376699',348,'post','attachment',1,341,NULL,NULL,'_D8N5488','inherit',NULL,0,NULL,NULL,NULL,NULL,NULL,0,0,NULL,0,NULL,NULL,NULL,NULL,'https://sirensdream.com/wp-content/uploads/2016/12/D8N5488.jpg',NULL,'348','attachment-image',NULL,NULL,'https://sirensdream.com/wp-content/uploads/2016/12/D8N5488.jpg','348','attachment-image','{\"width\":1662,\"height\":1385,\"url\":\"https://sirensdream.com/wp-content/uploads/2016/12/D8N5488.jpg\",\"path\":\"/home/palmer19/public_html/sirensdream.com/wp-content/uploads/2016/12/D8N5488.jpg\",\"size\":\"full\",\"id\":348,\"alt\":\"\",\"pixels\":2301870,\"type\":\"image/jpeg\"}',NULL,1,NULL,'2023-03-09 19:48:11','2023-08-09 23:19:44',1,NULL,NULL,NULL,NULL,0,NULL,2,'2016-12-14 04:45:17','2016-12-14 04:45:17'),(86,'https://sirensdream.com/wp-content/uploads/2016/12/D8N5470.jpg','62:334f16b40614beed3d31f245afaca004',343,'post','attachment',1,341,NULL,NULL,'_D8N5470','inherit',NULL,0,NULL,NULL,NULL,NULL,NULL,0,0,NULL,0,NULL,NULL,NULL,NULL,'https://sirensdream.com/wp-content/uploads/2016/12/D8N5470.jpg',NULL,'343','attachment-image',NULL,NULL,'https://sirensdream.com/wp-content/uploads/2016/12/D8N5470.jpg','343','attachment-image','{\"width\":1587,\"height\":1323,\"url\":\"https://sirensdream.com/wp-content/uploads/2016/12/D8N5470.jpg\",\"path\":\"/home/palmer19/public_html/sirensdream.com/wp-content/uploads/2016/12/D8N5470.jpg\",\"size\":\"full\",\"id\":343,\"alt\":\"\",\"pixels\":2099601,\"type\":\"image/jpeg\"}',NULL,NULL,NULL,'2023-03-09 19:57:13','2023-03-10 00:57:13',1,NULL,NULL,NULL,NULL,0,NULL,2,'2016-12-14 04:45:03','2016-12-14 04:45:03'),(87,'https://sirensdream.com/wp-content/uploads/2016/12/Tangerine-Oil-_-doTERRA-Essential-Oils.htm','93:757dfca67165838c786cfb2a0b16016d',352,'post','attachment',1,351,NULL,NULL,'Tangerine Oil _ doTERRA Essential Oils','inherit',NULL,0,NULL,NULL,NULL,NULL,NULL,0,0,NULL,0,NULL,NULL,NULL,NULL,NULL,NULL,NULL,NULL,NULL,NULL,NULL,NULL,NULL,NULL,NULL,NULL,NULL,'2023-03-09 20:00:39','2023-03-10 01:00:39',1,NULL,NULL,NULL,NULL,0,NULL,2,'2016-12-14 04:55:11','2016-12-14 04:55:11'),(88,'https://sirensdream.com/wp-content/uploads/2016/11/maano111816_049.jpg','70:e42814fae1c928aa9d71dd1be92e5d7c',97,'post','attachment',1,55,NULL,NULL,'Jaws in pearl-clasp','inherit',NULL,0,NULL,NULL,NULL,NULL,NULL,0,0,NULL,0,NULL,NULL,NULL,NULL,'https://sirensdream.com/wp-content/uploads/2016/11/maano111816_049.jpg',NULL,'97','attachment-image',NULL,NULL,'https://sirensdream.com/wp-content/uploads/2016/11/maano111816_049.jpg','97','attachment-image','{\"width\":1625,\"height\":1354,\"url\":\"https://sirensdream.com/wp-content/uploads/2016/11/maano111816_049.jpg\",\"path\":\"/home/palmer19/public_html/sirensdream.com/wp-content/uploads/2016/11/maano111816_049.jpg\",\"size\":\"full\",\"id\":97,\"alt\":\"\",\"pixels\":2200250,\"type\":\"image/jpeg\"}',NULL,NULL,NULL,'2023-03-09 20:01:40','2023-03-10 01:01:40',1,NULL,NULL,NULL,NULL,0,NULL,2,'2016-11-22 18:51:55','2016-11-22 18:16:11'),(89,'https://sirensdream.com/wp-content/uploads/2016/11/maano111816_041.jpg','70:b09d6c04fa45cfa654ddfc903aa1caa2',94,'post','attachment',1,55,NULL,NULL,'Jaws in Pearl-2','inherit',NULL,0,NULL,NULL,NULL,NULL,NULL,0,0,NULL,0,NULL,NULL,NULL,NULL,'https://sirensdream.com/wp-content/uploads/2016/11/maano111816_041.jpg',NULL,'94','attachment-image',NULL,NULL,'https://sirensdream.com/wp-content/uploads/2016/11/maano111816_041.jpg','94','attachment-image','{\"width\":1827,\"height\":1522,\"url\":\"https://sirensdream.com/wp-content/uploads/2016/11/maano111816_041.jpg\",\"path\":\"/home/palmer19/public_html/sirensdream.com/wp-content/uploads/2016/11/maano111816_041.jpg\",\"size\":\"full\",\"id\":94,\"alt\":\"\",\"pixels\":2780694,\"type\":\"image/jpeg\"}',NULL,NULL,NULL,'2023-03-09 20:06:14','2023-03-10 01:06:14',1,NULL,NULL,NULL,NULL,0,NULL,2,'2016-11-22 18:51:41','2016-11-22 18:16:02'),(90,'https://sirensdream.com/wp-content/uploads/2017/01/IMG_0108-1.jpg','65:bb1f1bb3ac751ad36458234d74a4cf07',402,'post','attachment',1,398,NULL,NULL,'IMG_0108','inherit',NULL,0,NULL,NULL,NULL,NULL,NULL,0,0,NULL,0,NULL,NULL,NULL,NULL,'https://sirensdream.com/wp-content/uploads/2017/01/IMG_0108-1.jpg',NULL,'402','attachment-image',NULL,NULL,'https://sirensdream.com/wp-content/uploads/2017/01/IMG_0108-1.jpg','402','attachment-image','{\"width\":2448,\"height\":2448,\"url\":\"https://sirensdream.com/wp-content/uploads/2017/01/IMG_0108-1.jpg\",\"path\":\"/home/palmer19/public_html/sirensdream.com/wp-content/uploads/2017/01/IMG_0108-1.jpg\",\"size\":\"full\",\"id\":402,\"alt\":\"\",\"pixels\":5992704,\"type\":\"image/jpeg\"}',NULL,NULL,NULL,'2023-03-09 20:10:40','2023-03-10 01:10:40',1,NULL,NULL,NULL,NULL,0,NULL,2,'2017-01-27 18:47:18','2017-01-27 18:47:18'),(91,'https://sirensdream.com/wp-content/uploads/2016/12/D8N5481.jpg','62:afe86100c462537ab8bdacd95c54abf0',345,'post','attachment',1,341,NULL,NULL,'Boyfriend','inherit',NULL,0,NULL,NULL,NULL,NULL,NULL,0,0,NULL,0,NULL,NULL,NULL,NULL,'https://sirensdream.com/wp-content/uploads/2016/12/D8N5481.jpg',NULL,'345','attachment-image',NULL,NULL,'https://sirensdream.com/wp-content/uploads/2016/12/D8N5481.jpg','345','attachment-image','{\"width\":2024,\"height\":1687,\"url\":\"https://sirensdream.com/wp-content/uploads/2016/12/D8N5481.jpg\",\"path\":\"/home/palmer19/public_html/sirensdream.com/wp-content/uploads/2016/12/D8N5481.jpg\",\"size\":\"full\",\"id\":345,\"alt\":\"\",\"pixels\":3414488,\"type\":\"image/jpeg\"}',NULL,NULL,NULL,'2023-03-09 20:30:37','2023-03-10 01:30:37',1,NULL,NULL,NULL,NULL,0,NULL,2,'2016-12-14 04:45:19','2016-12-14 04:45:09'),(92,'https://sirensdream.com/wp-content/uploads/2016/12/D8N5485.jpg','62:5d2e2b04a805a79854db2d45e8b00c3e',347,'post','attachment',1,341,NULL,NULL,'_D8N5485','inherit',NULL,0,NULL,NULL,NULL,NULL,NULL,0,0,NULL,0,NULL,NULL,NULL,NULL,'https://sirensdream.com/wp-content/uploads/2016/12/D8N5485.jpg',NULL,'347','attachment-image',NULL,NULL,'https://sirensdream.com/wp-content/uploads/2016/12/D8N5485.jpg','347','attachment-image','{\"width\":2048,\"height\":1707,\"url\":\"https://sirensdream.com/wp-content/uploads/2016/12/D8N5485.jpg\",\"path\":\"/home/palmer19/public_html/sirensdream.com/wp-content/uploads/2016/12/D8N5485.jpg\",\"size\":\"full\",\"id\":347,\"alt\":\"\",\"pixels\":3495936,\"type\":\"image/jpeg\"}',NULL,NULL,NULL,'2023-03-09 21:00:39','2023-03-10 02:00:39',1,NULL,NULL,NULL,NULL,0,NULL,2,'2016-12-14 04:45:15','2016-12-14 04:45:15'),(93,'https://sirensdream.com/wp-content/uploads/2017/01/IMG_0098.jpg','63:7be5a592734299ac245edb678c5e3e69',399,'post','attachment',1,398,NULL,NULL,'IMG_0098','inherit',NULL,0,NULL,NULL,NULL,NULL,NULL,0,0,NULL,0,NULL,NULL,NULL,NULL,'https://sirensdream.com/wp-content/uploads/2017/01/IMG_0098.jpg',NULL,'399','attachment-image',NULL,NULL,'https://sirensdream.com/wp-content/uploads/2017/01/IMG_0098.jpg','399','attachment-image','{\"width\":3264,\"height\":2448,\"url\":\"https://sirensdream.com/wp-content/uploads/2017/01/IMG_0098.jpg\",\"path\":\"/home/palmer19/public_html/sirensdream.com/wp-content/uploads/2017/01/IMG_0098.jpg\",\"size\":\"full\",\"id\":399,\"alt\":\"\",\"pixels\":7990272,\"type\":\"image/jpeg\"}',NULL,NULL,NULL,'2023-03-09 21:45:31','2023-03-10 02:45:31',1,NULL,NULL,NULL,NULL,0,NULL,2,'2017-01-27 18:47:06','2017-01-27 18:47:06'),(94,'https://sirensdream.com/wp-content/uploads/2016/11/10409615_10203921060211683_4764384610319025077_n.jpg','103:e0dc5f9868e5d659747b991ef34686bd',35,'post','attachment',1,8,NULL,NULL,'10409615_10203921060211683_4764384610319025077_n','inherit',NULL,0,NULL,NULL,NULL,NULL,NULL,0,0,NULL,0,NULL,NULL,NULL,NULL,'https://sirensdream.com/wp-content/uploads/2016/11/10409615_10203921060211683_4764384610319025077_n.jpg',NULL,'35','attachment-image',NULL,NULL,'https://sirensdream.com/wp-content/uploads/2016/11/10409615_10203921060211683_4764384610319025077_n.jpg','35','attachment-image','{\"width\":960,\"height\":832,\"url\":\"https://sirensdream.com/wp-content/uploads/2016/11/10409615_10203921060211683_4764384610319025077_n.jpg\",\"path\":\"/home/palmer19/public_html/sirensdream.com/wp-content/uploads/2016/11/10409615_10203921060211683_4764384610319025077_n.jpg\",\"size\":\"full\",\"id\":35,\"alt\":\"\",\"pixels\":798720,\"type\":\"image/jpeg\"}',NULL,NULL,NULL,'2023-03-09 22:30:38','2023-03-10 03:30:38',1,NULL,NULL,NULL,NULL,0,NULL,2,'2016-11-15 22:52:27','2016-11-15 22:52:27'),(95,'https://sirensdream.com/wp-content/uploads/2016/11/dsc_0061.jpg','63:dd8ff4e0ce3fe3616bc18f1a7b34f276',21,'post','attachment',1,8,NULL,NULL,'dsc_0061','inherit',NULL,0,NULL,NULL,NULL,NULL,NULL,0,0,NULL,0,NULL,NULL,NULL,NULL,'https://sirensdream.com/wp-content/uploads/2016/11/dsc_0061.jpg',NULL,'21','attachment-image',NULL,NULL,'https://sirensdream.com/wp-content/uploads/2016/11/dsc_0061.jpg','21','attachment-image','{\"width\":482,\"height\":344,\"url\":\"https://sirensdream.com/wp-content/uploads/2016/11/dsc_0061.jpg\",\"path\":\"/home/palmer19/public_html/sirensdream.com/wp-content/uploads/2016/11/dsc_0061.jpg\",\"size\":\"full\",\"id\":21,\"alt\":\"\",\"pixels\":165808,\"type\":\"image/jpeg\"}',NULL,NULL,NULL,'2023-03-09 23:04:49','2023-03-10 04:04:49',1,NULL,NULL,NULL,NULL,0,NULL,2,'2016-11-15 22:49:21','2016-11-15 22:49:21'),(96,'https://sirensdream.com/wp-content/uploads/2016/11/13346335_10206293450879967_3074184655163523008_o.jpg','103:68faa1e02df252e41c5defd7b66af794',44,'post','attachment',1,8,NULL,NULL,'13346335_10206293450879967_3074184655163523008_o','inherit',NULL,0,NULL,NULL,NULL,NULL,NULL,0,0,NULL,0,NULL,NULL,NULL,NULL,'https://sirensdream.com/wp-content/uploads/2016/11/13346335_10206293450879967_3074184655163523008_o.jpg',NULL,'44','attachment-image',NULL,NULL,'https://sirensdream.com/wp-content/uploads/2016/11/13346335_10206293450879967_3074184655163523008_o.jpg','44','attachment-image','{\"width\":1080,\"height\":646,\"url\":\"https://sirensdream.com/wp-content/uploads/2016/11/13346335_10206293450879967_3074184655163523008_o.jpg\",\"path\":\"/home/palmer19/public_html/sirensdream.com/wp-content/uploads/2016/11/13346335_10206293450879967_3074184655163523008_o.jpg\",\"size\":\"full\",\"id\":44,\"alt\":\"\",\"pixels\":697680,\"type\":\"image/jpeg\"}',NULL,NULL,NULL,'2023-03-09 23:29:51','2023-03-10 04:29:51',1,NULL,NULL,NULL,NULL,0,NULL,2,'2016-11-15 22:52:43','2016-11-15 22:52:43'),(97,'https://sirensdream.com/wp-content/uploads/2016/11/1961772_10204922492766871_4348368902014673_o.jpg','99:75cad7f6a6741c2e24a5699217cc0c47',43,'post','attachment',1,8,NULL,NULL,'1961772_10204922492766871_4348368902014673_o','inherit',NULL,0,NULL,NULL,NULL,NULL,NULL,0,0,NULL,0,NULL,NULL,NULL,NULL,'https://sirensdream.com/wp-content/uploads/2016/11/1961772_10204922492766871_4348368902014673_o.jpg',NULL,'43','attachment-image',NULL,NULL,'https://sirensdream.com/wp-content/uploads/2016/11/1961772_10204922492766871_4348368902014673_o.jpg','43','attachment-image','{\"width\":1080,\"height\":841,\"url\":\"https://sirensdream.com/wp-content/uploads/2016/11/1961772_10204922492766871_4348368902014673_o.jpg\",\"path\":\"/home/palmer19/public_html/sirensdream.com/wp-content/uploads/2016/11/1961772_10204922492766871_4348368902014673_o.jpg\",\"size\":\"full\",\"id\":43,\"alt\":\"\",\"pixels\":908280,\"type\":\"image/jpeg\"}',NULL,NULL,NULL,'2023-03-09 23:46:05','2023-03-10 04:46:05',1,NULL,NULL,NULL,NULL,0,NULL,2,'2016-11-15 22:52:41','2016-11-15 22:52:41'),(98,'https://sirensdream.com/wp-content/uploads/2016/11/15129063_10207453600242976_3774157974549177013_o-1.jpg','105:a1276caf0aa8742ab658e80299e38296',31,'post','attachment',1,8,NULL,NULL,'15129063_10207453600242976_3774157974549177013_o-1','inherit',NULL,0,NULL,NULL,NULL,NULL,NULL,0,0,NULL,0,NULL,NULL,NULL,NULL,'https://sirensdream.com/wp-content/uploads/2016/11/15129063_10207453600242976_3774157974549177013_o-1.jpg',NULL,'31','attachment-image',NULL,NULL,'https://sirensdream.com/wp-content/uploads/2016/11/15129063_10207453600242976_3774157974549177013_o-1.jpg','31','attachment-image','{\"width\":1080,\"height\":1080,\"url\":\"https://sirensdream.com/wp-content/uploads/2016/11/15129063_10207453600242976_3774157974549177013_o-1.jpg\",\"path\":\"/home/palmer19/public_html/sirensdream.com/wp-content/uploads/2016/11/15129063_10207453600242976_3774157974549177013_o-1.jpg\",\"size\":\"full\",\"id\":31,\"alt\":\"\",\"pixels\":1166400,\"type\":\"image/jpeg\"}',NULL,NULL,NULL,'2023-03-10 03:18:53','2023-03-10 08:18:53',1,NULL,NULL,NULL,NULL,0,NULL,2,'2016-11-15 22:49:51','2016-11-15 22:49:51'),(99,'https://sirensdream.com/wp-content/uploads/2016/11/13497810_10206418824614232_6000636633940464143_o.jpg','103:883286321c2e0b74247803edbf389b8e',45,'post','attachment',1,8,NULL,NULL,'13497810_10206418824614232_6000636633940464143_o','inherit',NULL,0,NULL,NULL,NULL,NULL,NULL,0,0,NULL,0,NULL,NULL,NULL,NULL,'https://sirensdream.com/wp-content/uploads/2016/11/13497810_10206418824614232_6000636633940464143_o.jpg',NULL,'45','attachment-image',NULL,NULL,'https://sirensdream.com/wp-content/uploads/2016/11/13497810_10206418824614232_6000636633940464143_o.jpg','45','attachment-image','{\"width\":992,\"height\":586,\"url\":\"https://sirensdream.com/wp-content/uploads/2016/11/13497810_10206418824614232_6000636633940464143_o.jpg\",\"path\":\"/home/palmer19/public_html/sirensdream.com/wp-content/uploads/2016/11/13497810_10206418824614232_6000636633940464143_o.jpg\",\"size\":\"full\",\"id\":45,\"alt\":\"\",\"pixels\":581312,\"type\":\"image/jpeg\"}',NULL,NULL,NULL,'2023-03-10 05:37:22','2023-03-10 10:37:22',1,NULL,NULL,NULL,NULL,0,NULL,2,'2016-11-15 22:52:44','2016-11-15 22:52:44'),(100,'https://sirensdream.com/wp-content/uploads/2016/11/14925780_10207357539281512_3132559408382541433_n.jpg','103:23134ec1b6aa4cfc6e76c43c602a75cf',28,'post','attachment',1,8,NULL,NULL,'14925780_10207357539281512_3132559408382541433_n','inherit',NULL,0,NULL,NULL,NULL,NULL,NULL,0,0,NULL,0,NULL,NULL,NULL,NULL,'https://sirensdream.com/wp-content/uploads/2016/11/14925780_10207357539281512_3132559408382541433_n.jpg',NULL,'28','attachment-image',NULL,NULL,'https://sirensdream.com/wp-content/uploads/2016/11/14925780_10207357539281512_3132559408382541433_n.jpg','28','attachment-image','{\"width\":557,\"height\":557,\"url\":\"https://sirensdream.com/wp-content/uploads/2016/11/14925780_10207357539281512_3132559408382541433_n.jpg\",\"path\":\"/home/palmer19/public_html/sirensdream.com/wp-content/uploads/2016/11/14925780_10207357539281512_3132559408382541433_n.jpg\",\"size\":\"full\",\"id\":28,\"alt\":\"\",\"pixels\":310249,\"type\":\"image/jpeg\"}',NULL,NULL,NULL,'2023-03-10 06:46:34','2023-03-10 11:46:34',1,NULL,NULL,NULL,NULL,0,NULL,2,'2016-11-15 22:49:44','2016-11-15 22:49:44'),(101,'https://sirensdream.com/wp-content/uploads/2016/11/dsc_0050.jpg','63:2147725d13fd5bb465a9ab0c5dd540ec',20,'post','attachment',1,8,NULL,NULL,'dsc_0050','inherit',NULL,0,NULL,NULL,NULL,NULL,NULL,0,0,NULL,0,NULL,NULL,NULL,NULL,'https://sirensdream.com/wp-content/uploads/2016/11/dsc_0050.jpg',NULL,'20','attachment-image',NULL,NULL,'https://sirensdream.com/wp-content/uploads/2016/11/dsc_0050.jpg','20','attachment-image','{\"width\":482,\"height\":344,\"url\":\"https://sirensdream.com/wp-content/uploads/2016/11/dsc_0050.jpg\",\"path\":\"/home/palmer19/public_html/sirensdream.com/wp-content/uploads/2016/11/dsc_0050.jpg\",\"size\":\"full\",\"id\":20,\"alt\":\"\",\"pixels\":165808,\"type\":\"image/jpeg\"}',NULL,NULL,NULL,'2023-03-10 07:55:49','2023-03-10 12:55:49',1,NULL,NULL,NULL,NULL,0,NULL,2,'2016-11-15 22:49:20','2016-11-15 22:49:20'),(102,'https://sirensdream.com/wp-content/uploads/2016/11/2016-11-15_1700.png','70:f2d5dd14f8879406070fc307b3682e5b',34,'post','attachment',1,8,NULL,NULL,'2016-11-15_1700','inherit',NULL,0,NULL,NULL,NULL,NULL,NULL,0,0,NULL,0,NULL,NULL,NULL,NULL,'https://sirensdream.com/wp-content/uploads/2016/11/2016-11-15_1700.png',NULL,'34','attachment-image',NULL,NULL,'https://sirensdream.com/wp-content/uploads/2016/11/2016-11-15_1700.png','34','attachment-image','{\"width\":575,\"height\":592,\"url\":\"https://sirensdream.com/wp-content/uploads/2016/11/2016-11-15_1700.png\",\"path\":\"/home/palmer19/public_html/sirensdream.com/wp-content/uploads/2016/11/2016-11-15_1700.png\",\"size\":\"full\",\"id\":34,\"alt\":\"\",\"pixels\":340400,\"type\":\"image/png\"}',NULL,NULL,NULL,'2023-03-10 09:05:01','2023-03-10 14:05:01',1,NULL,NULL,NULL,NULL,0,NULL,2,'2016-11-15 22:52:25','2016-11-15 22:52:25'),(103,'https://sirensdream.com/wp-content/uploads/2016/11/13879353_10206638016893902_2856730274352868207_n.jpg','103:e67893f5af821061bb1280ddec150c5c',26,'post','attachment',1,8,NULL,NULL,'13879353_10206638016893902_2856730274352868207_n','inherit',NULL,0,NULL,NULL,NULL,NULL,NULL,0,0,NULL,0,NULL,NULL,NULL,NULL,'https://sirensdream.com/wp-content/uploads/2016/11/13879353_10206638016893902_2856730274352868207_n.jpg',NULL,'26','attachment-image',NULL,NULL,'https://sirensdream.com/wp-content/uploads/2016/11/13879353_10206638016893902_2856730274352868207_n.jpg','26','attachment-image','{\"width\":750,\"height\":564,\"url\":\"https://sirensdream.com/wp-content/uploads/2016/11/13879353_10206638016893902_2856730274352868207_n.jpg\",\"path\":\"/home/palmer19/public_html/sirensdream.com/wp-content/uploads/2016/11/13879353_10206638016893902_2856730274352868207_n.jpg\",\"size\":\"full\",\"id\":26,\"alt\":\"\",\"pixels\":423000,\"type\":\"image/jpeg\"}',NULL,NULL,NULL,'2023-03-10 12:32:42','2023-03-10 17:32:42',1,NULL,NULL,NULL,NULL,0,NULL,2,'2016-11-15 22:49:40','2016-11-15 22:49:40'),(104,'https://sirensdream.com/wp-content/uploads/2016/11/10511341_10204191255086386_5962225921756268511_n.jpg','103:590f06b474df4f55911b52d177384b33',37,'post','attachment',1,8,NULL,NULL,'10511341_10204191255086386_5962225921756268511_n','inherit',NULL,0,NULL,NULL,NULL,NULL,NULL,0,0,NULL,0,NULL,NULL,NULL,NULL,'https://sirensdream.com/wp-content/uploads/2016/11/10511341_10204191255086386_5962225921756268511_n.jpg',NULL,'37','attachment-image',NULL,NULL,'https://sirensdream.com/wp-content/uploads/2016/11/10511341_10204191255086386_5962225921756268511_n.jpg','37','attachment-image','{\"width\":640,\"height\":640,\"url\":\"https://sirensdream.com/wp-content/uploads/2016/11/10511341_10204191255086386_5962225921756268511_n.jpg\",\"path\":\"/home/palmer19/public_html/sirensdream.com/wp-content/uploads/2016/11/10511341_10204191255086386_5962225921756268511_n.jpg\",\"size\":\"full\",\"id\":37,\"alt\":\"\",\"pixels\":409600,\"type\":\"image/jpeg\"}',NULL,NULL,NULL,'2023-03-10 13:41:56','2023-03-10 18:41:56',1,NULL,NULL,NULL,NULL,0,NULL,2,'2016-11-15 22:52:30','2016-11-15 22:52:30'),(105,'https://sirensdream.com/wp-content/uploads/2016/11/13653297_10206672009303691_8711174428125690639_o.jpg','103:3235418ee48cea4f7d827d974fe92f53',27,'post','attachment',1,8,NULL,NULL,'13653297_10206672009303691_8711174428125690639_o','inherit',NULL,0,NULL,NULL,NULL,NULL,NULL,0,0,NULL,0,NULL,NULL,NULL,NULL,'https://sirensdream.com/wp-content/uploads/2016/11/13653297_10206672009303691_8711174428125690639_o.jpg',NULL,'27','attachment-image',NULL,NULL,'https://sirensdream.com/wp-content/uploads/2016/11/13653297_10206672009303691_8711174428125690639_o.jpg','27','attachment-image','{\"width\":1080,\"height\":1080,\"url\":\"https://sirensdream.com/wp-content/uploads/2016/11/13653297_10206672009303691_8711174428125690639_o.jpg\",\"path\":\"/home/palmer19/public_html/sirensdream.com/wp-content/uploads/2016/11/13653297_10206672009303691_8711174428125690639_o.jpg\",\"size\":\"full\",\"id\":27,\"alt\":\"\",\"pixels\":1166400,\"type\":\"image/jpeg\"}',NULL,NULL,NULL,'2023-03-10 14:51:09','2023-03-10 19:51:09',1,NULL,NULL,NULL,NULL,0,NULL,2,'2016-11-15 22:49:43','2016-11-15 22:49:43'),(106,'https://sirensdream.com/wp-content/uploads/2016/11/11062351_10204722680411687_7316408087278914952_n.jpg','103:77526db6c3bd75c977716799afdf5fac',42,'post','attachment',1,8,NULL,NULL,'11062351_10204722680411687_7316408087278914952_n','inherit',NULL,0,NULL,NULL,NULL,NULL,NULL,0,0,NULL,0,NULL,NULL,NULL,NULL,'https://sirensdream.com/wp-content/uploads/2016/11/11062351_10204722680411687_7316408087278914952_n.jpg',NULL,'42','attachment-image',NULL,NULL,'https://sirensdream.com/wp-content/uploads/2016/11/11062351_10204722680411687_7316408087278914952_n.jpg','42','attachment-image','{\"width\":640,\"height\":640,\"url\":\"https://sirensdream.com/wp-content/uploads/2016/11/11062351_10204722680411687_7316408087278914952_n.jpg\",\"path\":\"/home/palmer19/public_html/sirensdream.com/wp-content/uploads/2016/11/11062351_10204722680411687_7316408087278914952_n.jpg\",\"size\":\"full\",\"id\":42,\"alt\":\"\",\"pixels\":409600,\"type\":\"image/jpeg\"}',NULL,NULL,NULL,'2023-03-10 16:00:24','2023-03-10 21:00:24',1,NULL,NULL,NULL,NULL,0,NULL,2,'2016-11-15 22:52:39','2016-11-15 22:52:39'),(107,'https://sirensdream.com/wp-content/uploads/2016/11/dsc_0028.jpg','63:78e976e12e9e731e19ec9ef50491b4ca',17,'post','attachment',1,8,NULL,NULL,'dsc_0028','inherit',NULL,0,NULL,NULL,NULL,NULL,NULL,0,0,NULL,0,NULL,NULL,NULL,NULL,'https://sirensdream.com/wp-content/uploads/2016/11/dsc_0028.jpg',NULL,'17','attachment-image',NULL,NULL,'https://sirensdream.com/wp-content/uploads/2016/11/dsc_0028.jpg','17','attachment-image','{\"width\":1000,\"height\":714,\"url\":\"https://sirensdream.com/wp-content/uploads/2016/11/dsc_0028.jpg\",\"path\":\"/home/palmer19/public_html/sirensdream.com/wp-content/uploads/2016/11/dsc_0028.jpg\",\"size\":\"full\",\"id\":17,\"alt\":\"\",\"pixels\":714000,\"type\":\"image/jpeg\"}',NULL,NULL,NULL,'2023-03-10 17:09:42','2023-03-10 22:09:42',1,NULL,NULL,NULL,NULL,0,NULL,2,'2016-11-15 22:49:15','2016-11-15 22:49:15'),(108,'https://sirensdream.com/wp-content/uploads/2016/11/dsc_0020.jpg','63:9e1341eb944db7911f4fd792ba9191da',19,'post','attachment',1,8,NULL,NULL,'dsc_0020','inherit',NULL,0,NULL,NULL,NULL,NULL,NULL,0,0,NULL,0,NULL,NULL,NULL,NULL,'https://sirensdream.com/wp-content/uploads/2016/11/dsc_0020.jpg',NULL,'19','attachment-image',NULL,NULL,'https://sirensdream.com/wp-content/uploads/2016/11/dsc_0020.jpg','19','attachment-image','{\"width\":410,\"height\":293,\"url\":\"https://sirensdream.com/wp-content/uploads/2016/11/dsc_0020.jpg\",\"path\":\"/home/palmer19/public_html/sirensdream.com/wp-content/uploads/2016/11/dsc_0020.jpg\",\"size\":\"full\",\"id\":19,\"alt\":\"\",\"pixels\":120130,\"type\":\"image/jpeg\"}',NULL,NULL,NULL,'2023-03-10 18:18:52','2023-03-10 23:18:52',1,NULL,NULL,NULL,NULL,0,NULL,2,'2016-11-15 22:49:19','2016-11-15 22:49:19'),(109,'https://sirensdream.com/wp-content/uploads/2016/11/dsc_0031.jpg','63:ab831b6b63a4a9df2549046d15387bdc',18,'post','attachment',1,8,NULL,NULL,'dsc_0031','inherit',NULL,0,NULL,NULL,NULL,NULL,NULL,0,0,NULL,0,NULL,NULL,NULL,NULL,'https://sirensdream.com/wp-content/uploads/2016/11/dsc_0031.jpg',NULL,'18','attachment-image',NULL,NULL,'https://sirensdream.com/wp-content/uploads/2016/11/dsc_0031.jpg','18','attachment-image','{\"width\":1000,\"height\":714,\"url\":\"https://sirensdream.com/wp-content/uploads/2016/11/dsc_0031.jpg\",\"path\":\"/home/palmer19/public_html/sirensdream.com/wp-content/uploads/2016/11/dsc_0031.jpg\",\"size\":\"full\",\"id\":18,\"alt\":\"\",\"pixels\":714000,\"type\":\"image/jpeg\"}',NULL,NULL,NULL,'2023-03-10 20:37:20','2023-03-11 01:37:20',1,NULL,NULL,NULL,NULL,0,NULL,2,'2016-11-15 22:49:17','2016-11-15 22:49:17'),(110,'https://sirensdream.com/wp-content/uploads/2016/11/15000220_10207449457059399_7654846167536022164_o.jpg','103:ea0549f53011571c397f5aaa45c98e38',30,'post','attachment',1,8,NULL,NULL,'15000220_10207449457059399_7654846167536022164_o','inherit',NULL,0,NULL,NULL,NULL,NULL,NULL,0,0,NULL,0,NULL,NULL,NULL,NULL,'https://sirensdream.com/wp-content/uploads/2016/11/15000220_10207449457059399_7654846167536022164_o.jpg',NULL,'30','attachment-image',NULL,NULL,'https://sirensdream.com/wp-content/uploads/2016/11/15000220_10207449457059399_7654846167536022164_o.jpg','30','attachment-image','{\"width\":1080,\"height\":1080,\"url\":\"https://sirensdream.com/wp-content/uploads/2016/11/15000220_10207449457059399_7654846167536022164_o.jpg\",\"path\":\"/home/palmer19/public_html/sirensdream.com/wp-content/uploads/2016/11/15000220_10207449457059399_7654846167536022164_o.jpg\",\"size\":\"full\",\"id\":30,\"alt\":\"\",\"pixels\":1166400,\"type\":\"image/jpeg\"}',NULL,NULL,NULL,'2023-03-10 21:46:34','2023-03-11 02:46:34',1,NULL,NULL,NULL,NULL,0,NULL,2,'2016-11-15 22:49:48','2016-11-15 22:49:48'),(111,'https://sirensdream.com/wp-content/uploads/2016/11/img_4190.jpg','63:2bbbecb9b92e3d1f1f4d8c566c7df7f4',36,'post','attachment',1,8,NULL,NULL,'img_4190','inherit',NULL,0,NULL,NULL,NULL,NULL,NULL,0,0,NULL,0,NULL,NULL,NULL,NULL,'https://sirensdream.com/wp-content/uploads/2016/11/img_4190.jpg',NULL,'36','attachment-image',NULL,NULL,'https://sirensdream.com/wp-content/uploads/2016/11/img_4190.jpg','36','attachment-image','{\"width\":500,\"height\":667,\"url\":\"https://sirensdream.com/wp-content/uploads/2016/11/img_4190.jpg\",\"path\":\"/home/palmer19/public_html/sirensdream.com/wp-content/uploads/2016/11/img_4190.jpg\",\"size\":\"full\",\"id\":36,\"alt\":\"\",\"pixels\":333500,\"type\":\"image/jpeg\"}',NULL,NULL,NULL,'2023-03-10 22:16:06','2023-03-11 03:16:06',1,NULL,NULL,NULL,NULL,0,NULL,2,'2016-11-15 22:52:29','2016-11-15 22:52:29'),(112,'https://sirensdream.com/wp-content/uploads/2016/11/2016-11-15_1703.png','70:f1a79e628ec51488598a9c8a7faa28fc',22,'post','attachment',1,8,NULL,NULL,'2016-11-15_1703','inherit',NULL,0,NULL,NULL,NULL,NULL,NULL,0,0,NULL,0,NULL,NULL,NULL,NULL,'https://sirensdream.com/wp-content/uploads/2016/11/2016-11-15_1703.png',NULL,'22','attachment-image',NULL,NULL,'https://sirensdream.com/wp-content/uploads/2016/11/2016-11-15_1703.png','22','attachment-image','{\"width\":588,\"height\":581,\"url\":\"https://sirensdream.com/wp-content/uploads/2016/11/2016-11-15_1703.png\",\"path\":\"/home/palmer19/public_html/sirensdream.com/wp-content/uploads/2016/11/2016-11-15_1703.png\",\"size\":\"full\",\"id\":22,\"alt\":\"\",\"pixels\":341628,\"type\":\"image/png\"}',NULL,NULL,NULL,'2023-03-10 22:55:51','2023-03-11 03:55:51',1,NULL,NULL,NULL,NULL,0,NULL,2,'2016-11-15 22:49:25','2016-11-15 22:49:25'),(113,'https://sirensdream.com/wp-content/uploads/2016/11/1897887_10204308757663877_892698556259274107_n-1.jpg','103:2c2d9a02f20237a5c4ad79e6d5b0679c',38,'post','attachment',1,8,NULL,NULL,'1897887_10204308757663877_892698556259274107_n-1','inherit',NULL,0,NULL,NULL,NULL,NULL,NULL,0,0,NULL,0,NULL,NULL,NULL,NULL,'https://sirensdream.com/wp-content/uploads/2016/11/1897887_10204308757663877_892698556259274107_n-1.jpg',NULL,'38','attachment-image',NULL,NULL,'https://sirensdream.com/wp-content/uploads/2016/11/1897887_10204308757663877_892698556259274107_n-1.jpg','38','attachment-image','{\"width\":640,\"height\":640,\"url\":\"https://sirensdream.com/wp-content/uploads/2016/11/1897887_10204308757663877_892698556259274107_n-1.jpg\",\"path\":\"/home/palmer19/public_html/sirensdream.com/wp-content/uploads/2016/11/1897887_10204308757663877_892698556259274107_n-1.jpg\",\"size\":\"full\",\"id\":38,\"alt\":\"\",\"pixels\":409600,\"type\":\"image/jpeg\"}',NULL,0,NULL,'2023-03-11 00:05:01','2023-08-10 00:01:53',1,NULL,NULL,NULL,NULL,0,NULL,2,'2016-11-15 22:52:32','2016-11-15 22:52:32'),(114,'https://sirensdream.com/wp-content/uploads/2016/11/1468-lavender-field.jpg','74:64f7014baf794fc6db33c95794afee44',32,'post','attachment',1,8,NULL,NULL,'1468-lavender-field','inherit',NULL,0,NULL,NULL,NULL,NULL,NULL,0,0,NULL,0,NULL,NULL,NULL,NULL,'https://sirensdream.com/wp-content/uploads/2016/11/1468-lavender-field.jpg',NULL,'32','attachment-image',NULL,NULL,'https://sirensdream.com/wp-content/uploads/2016/11/1468-lavender-field.jpg','32','attachment-image','{\"width\":643,\"height\":362,\"url\":\"https://sirensdream.com/wp-content/uploads/2016/11/1468-lavender-field.jpg\",\"path\":\"/home/palmer19/public_html/sirensdream.com/wp-content/uploads/2016/11/1468-lavender-field.jpg\",\"size\":\"full\",\"id\":32,\"alt\":\"\",\"pixels\":232766,\"type\":\"image/jpeg\"}',NULL,NULL,NULL,'2023-03-11 02:23:31','2023-03-11 07:23:31',1,NULL,NULL,NULL,NULL,0,NULL,2,'2016-11-15 22:51:02','2016-11-15 22:51:02'),(115,'https://sirensdream.com/wp-content/uploads/2016/11/11406805_10204281835390837_9054542744643820673_n.jpg','103:03ac57a3aedc3fc02d06d57d5ad61fd6',39,'post','attachment',1,8,NULL,NULL,'11406805_10204281835390837_9054542744643820673_n','inherit',NULL,0,NULL,NULL,NULL,NULL,NULL,0,0,NULL,0,NULL,NULL,NULL,NULL,'https://sirensdream.com/wp-content/uploads/2016/11/11406805_10204281835390837_9054542744643820673_n.jpg',NULL,'39','attachment-image',NULL,NULL,'https://sirensdream.com/wp-content/uploads/2016/11/11406805_10204281835390837_9054542744643820673_n.jpg','39','attachment-image','{\"width\":640,\"height\":640,\"url\":\"https://sirensdream.com/wp-content/uploads/2016/11/11406805_10204281835390837_9054542744643820673_n.jpg\",\"path\":\"/home/palmer19/public_html/sirensdream.com/wp-content/uploads/2016/11/11406805_10204281835390837_9054542744643820673_n.jpg\",\"size\":\"full\",\"id\":39,\"alt\":\"\",\"pixels\":409600,\"type\":\"image/jpeg\"}',NULL,NULL,NULL,'2023-03-11 03:32:42','2023-03-11 08:32:42',1,NULL,NULL,NULL,NULL,0,NULL,2,'2016-11-15 22:52:34','2016-11-15 22:52:34'),(116,'https://sirensdream.com/wp-content/uploads/2016/11/15122906_10207454408183174_5162020733556122955_o.jpg','103:f920416d0279d20fd97c12d14b4b582f',29,'post','attachment',1,8,NULL,NULL,'15122906_10207454408183174_5162020733556122955_o','inherit',NULL,0,NULL,NULL,NULL,NULL,NULL,0,0,NULL,0,NULL,NULL,NULL,NULL,'https://sirensdream.com/wp-content/uploads/2016/11/15122906_10207454408183174_5162020733556122955_o.jpg',NULL,'29','attachment-image',NULL,NULL,'https://sirensdream.com/wp-content/uploads/2016/11/15122906_10207454408183174_5162020733556122955_o.jpg','29','attachment-image','{\"width\":1080,\"height\":1080,\"url\":\"https://sirensdream.com/wp-content/uploads/2016/11/15122906_10207454408183174_5162020733556122955_o.jpg\",\"path\":\"/home/palmer19/public_html/sirensdream.com/wp-content/uploads/2016/11/15122906_10207454408183174_5162020733556122955_o.jpg\",\"size\":\"full\",\"id\":29,\"alt\":\"\",\"pixels\":1166400,\"type\":\"image/jpeg\"}',NULL,NULL,NULL,'2023-03-11 04:41:56','2023-03-11 09:41:56',1,NULL,NULL,NULL,NULL,0,NULL,2,'2016-11-15 22:49:46','2016-11-15 22:49:46'),(117,'https://sirensdream.com/wp-content/uploads/2016/12/lavender_15ml-e1381255277470.jpg','83:94bb18e268e040b315b3eb8da0d49abd',359,'post','attachment',1,356,NULL,NULL,'lavender_15ml-e1381255277470','inherit',NULL,0,NULL,NULL,NULL,NULL,NULL,0,0,NULL,0,NULL,NULL,NULL,NULL,'https://sirensdream.com/wp-content/uploads/2016/12/lavender_15ml-e1381255277470.jpg',NULL,'359','attachment-image',NULL,NULL,'https://sirensdream.com/wp-content/uploads/2016/12/lavender_15ml-e1381255277470.jpg','359','attachment-image','{\"width\":269,\"height\":193,\"url\":\"https://sirensdream.com/wp-content/uploads/2016/12/lavender_15ml-e1381255277470.jpg\",\"path\":\"/home/palmer19/public_html/sirensdream.com/wp-content/uploads/2016/12/lavender_15ml-e1381255277470.jpg\",\"size\":\"full\",\"id\":359,\"alt\":\"\",\"pixels\":51917,\"type\":\"image/jpeg\"}',NULL,NULL,NULL,'2023-03-11 05:45:31','2023-03-11 10:45:31',1,NULL,NULL,NULL,NULL,0,NULL,2,'2016-12-14 05:44:27','2016-12-14 05:44:27'),(118,'https://sirensdream.com/wp-content/uploads/2016/11/lavender_15ml-e1381255277470.jpg','83:595e1ec15d3635be1b896656be5c25d8',33,'post','attachment',1,8,NULL,NULL,'lavender_15ml-e1381255277470','inherit',NULL,0,NULL,NULL,NULL,NULL,NULL,0,0,NULL,0,NULL,NULL,NULL,NULL,'https://sirensdream.com/wp-content/uploads/2016/11/lavender_15ml-e1381255277470.jpg',NULL,'33','attachment-image',NULL,NULL,'https://sirensdream.com/wp-content/uploads/2016/11/lavender_15ml-e1381255277470.jpg','33','attachment-image','{\"width\":269,\"height\":193,\"url\":\"https://sirensdream.com/wp-content/uploads/2016/11/lavender_15ml-e1381255277470.jpg\",\"path\":\"/home/palmer19/public_html/sirensdream.com/wp-content/uploads/2016/11/lavender_15ml-e1381255277470.jpg\",\"size\":\"full\",\"id\":33,\"alt\":\"\",\"pixels\":51917,\"type\":\"image/jpeg\"}',NULL,NULL,NULL,'2023-03-11 05:51:10','2023-03-11 10:51:10',1,NULL,NULL,NULL,NULL,0,NULL,2,'2016-11-15 22:51:03','2016-11-15 22:51:03'),(119,'https://sirensdream.com/wp-content/uploads/2016/11/10990061_10204319766339087_649291738233978763_n-1.jpg','104:db4aec30cfe1cec663231a59bc666f1c',41,'post','attachment',1,8,NULL,NULL,'10990061_10204319766339087_649291738233978763_n-1','inherit',NULL,0,NULL,NULL,NULL,NULL,NULL,0,0,NULL,0,NULL,NULL,NULL,NULL,'https://sirensdream.com/wp-content/uploads/2016/11/10990061_10204319766339087_649291738233978763_n-1.jpg',NULL,'41','attachment-image',NULL,NULL,'https://sirensdream.com/wp-content/uploads/2016/11/10990061_10204319766339087_649291738233978763_n-1.jpg','41','attachment-image','{\"width\":640,\"height\":640,\"url\":\"https://sirensdream.com/wp-content/uploads/2016/11/10990061_10204319766339087_649291738233978763_n-1.jpg\",\"path\":\"/home/palmer19/public_html/sirensdream.com/wp-content/uploads/2016/11/10990061_10204319766339087_649291738233978763_n-1.jpg\",\"size\":\"full\",\"id\":41,\"alt\":\"\",\"pixels\":409600,\"type\":\"image/jpeg\"}',NULL,NULL,NULL,'2023-03-11 20:45:31','2023-03-12 01:45:31',1,NULL,NULL,NULL,NULL,0,NULL,2,'2016-11-15 22:52:38','2016-11-15 22:52:38'),(120,'https://sirensdream.com/wp-content/uploads/2016/11/2016-11-15_1701.png','70:c6bc6897b45e8671fabe1bd6af717eb6',24,'post','attachment',1,8,NULL,NULL,'2016-11-15_1701','inherit',NULL,0,NULL,NULL,NULL,NULL,NULL,0,0,NULL,0,NULL,NULL,NULL,NULL,'https://sirensdream.com/wp-content/uploads/2016/11/2016-11-15_1701.png',NULL,'24','attachment-image',NULL,NULL,'https://sirensdream.com/wp-content/uploads/2016/11/2016-11-15_1701.png','24','attachment-image','{\"width\":517,\"height\":526,\"url\":\"https://sirensdream.com/wp-content/uploads/2016/11/2016-11-15_1701.png\",\"path\":\"/home/palmer19/public_html/sirensdream.com/wp-content/uploads/2016/11/2016-11-15_1701.png\",\"size\":\"full\",\"id\":24,\"alt\":\"\",\"pixels\":271942,\"type\":\"image/png\"}',NULL,NULL,NULL,'2023-03-13 16:59:20','2023-03-13 20:59:20',1,NULL,NULL,NULL,NULL,0,NULL,2,'2016-11-15 22:49:34','2016-11-15 22:49:34'),(121,'https://sirensdream.com/wp-content/uploads/2016/11/img_4130.jpg','63:39994cdf58f2ed94e26444b563549655',25,'post','attachment',1,8,NULL,NULL,'img_4130','inherit',NULL,0,NULL,NULL,NULL,NULL,NULL,0,0,NULL,0,NULL,NULL,NULL,NULL,'https://sirensdream.com/wp-content/uploads/2016/11/img_4130.jpg',NULL,'25','attachment-image',NULL,NULL,'https://sirensdream.com/wp-content/uploads/2016/11/img_4130.jpg','25','attachment-image','{\"width\":620,\"height\":478,\"url\":\"https://sirensdream.com/wp-content/uploads/2016/11/img_4130.jpg\",\"path\":\"/home/palmer19/public_html/sirensdream.com/wp-content/uploads/2016/11/img_4130.jpg\",\"size\":\"full\",\"id\":25,\"alt\":\"\",\"pixels\":296360,\"type\":\"image/jpeg\"}',NULL,NULL,NULL,'2023-03-14 06:24:57','2023-03-14 10:24:57',1,NULL,NULL,NULL,NULL,0,NULL,2,'2016-11-15 22:49:37','2016-11-15 22:49:37'),(122,'https://sirensdream.com/wp-content/uploads/2016/11/2016-11-15_1702.png','70:3c909b3352a1c390be41f0a4ed4f7067',23,'post','attachment',1,8,NULL,NULL,'2016-11-15_1702','inherit',NULL,0,NULL,NULL,NULL,NULL,NULL,0,0,NULL,0,NULL,NULL,NULL,NULL,'https://sirensdream.com/wp-content/uploads/2016/11/2016-11-15_1702.png',NULL,'23','attachment-image',NULL,NULL,'https://sirensdream.com/wp-content/uploads/2016/11/2016-11-15_1702.png','23','attachment-image','{\"width\":580,\"height\":562,\"url\":\"https://sirensdream.com/wp-content/uploads/2016/11/2016-11-15_1702.png\",\"path\":\"/home/palmer19/public_html/sirensdream.com/wp-content/uploads/2016/11/2016-11-15_1702.png\",\"size\":\"full\",\"id\":23,\"alt\":\"\",\"pixels\":325960,\"type\":\"image/png\"}',NULL,NULL,NULL,'2023-03-14 06:24:59','2023-03-14 10:24:59',1,NULL,NULL,NULL,NULL,0,NULL,2,'2016-11-15 22:49:30','2016-11-15 22:49:30'),(123,NULL,NULL,NULL,'date-archive',NULL,NULL,NULL,'%%date%% %%page%% %%sep%% %%sitename%%','',NULL,NULL,0,0,NULL,NULL,NULL,NULL,NULL,NULL,0,1,0,0,0,0,NULL,NULL,NULL,NULL,NULL,NULL,NULL,NULL,NULL,NULL,NULL,NULL,NULL,NULL,'2023-03-26 02:59:50','2023-03-26 06:59:50',1,NULL,NULL,NULL,NULL,0,NULL,1,NULL,NULL),(124,'https://sirensdream.com/category/uncategorized/','47:5bffa5efb13a1656ae01a4adfa2c6232',1,'term','category',NULL,NULL,NULL,NULL,'Uncategorized',NULL,NULL,0,NULL,NULL,NULL,NULL,NULL,NULL,0,NULL,NULL,NULL,NULL,NULL,NULL,NULL,NULL,NULL,NULL,NULL,NULL,NULL,NULL,NULL,NULL,NULL,NULL,NULL,'2023-03-26 03:00:32','2023-03-26 07:00:32',1,NULL,NULL,NULL,NULL,0,NULL,2,'2016-11-15 20:26:02','2016-11-15 20:26:02'),(125,'https://sirensdream.com/checkout/','33:37a48a3fb75ba0ef2ae4bb60a28a97d0',6,'post','page',1,0,NULL,NULL,'Checkout','publish',NULL,0,NULL,NULL,NULL,NULL,NULL,0,0,NULL,0,NULL,NULL,NULL,NULL,NULL,NULL,NULL,NULL,NULL,NULL,NULL,NULL,NULL,NULL,NULL,NULL,NULL,'2023-05-17 05:36:56','2023-05-17 09:36:56',1,NULL,NULL,NULL,NULL,0,NULL,2,'2016-11-15 21:03:34','2016-11-15 21:03:34'),(126,'https://sirensdream.com/wp-content/uploads/2016/12/2016-12-13_1211.png','70:eafa05a6481303f5edbe83ee082e1e50',367,'post','attachment',1,0,NULL,NULL,'2016-12-13_1211','inherit',0,0,0,NULL,NULL,NULL,NULL,0,0,NULL,0,NULL,NULL,NULL,NULL,'https://sirensdream.com/wp-content/uploads/2016/12/2016-12-13_1211.png',NULL,'367','attachment-image',NULL,NULL,'https://sirensdream.com/wp-content/uploads/2016/12/2016-12-13_1211.png','367','attachment-image','{\"width\":772,\"height\":428,\"url\":\"https://sirensdream.com/wp-content/uploads/2016/12/2016-12-13_1211.png\",\"path\":\"/home/palmer19/public_html/sirensdream.com/wp-content/uploads/2016/12/2016-12-13_1211.png\",\"size\":\"full\",\"id\":367,\"alt\":\"nfknakjfa\",\"pixels\":330416,\"type\":\"image/png\"}',NULL,NULL,NULL,'2023-08-09 21:04:00','2023-08-10 01:04:00',1,NULL,NULL,NULL,NULL,0,NULL,2,'2023-08-09 21:04:00','2016-12-14 19:35:21'),(127,'https://sirensdream.com/elementor-441/','38:5316cda59325d000257288397d098805',441,'post','page',1,0,NULL,NULL,'Home','publish',NULL,0,NULL,NULL,NULL,NULL,NULL,90,0,NULL,0,NULL,NULL,NULL,NULL,'https://sirensdream.com/wp-content/uploads/2016/12/DSC_0740-1024x853.jpg',NULL,NULL,'first-content-image',NULL,NULL,'https://sirensdream.com/wp-content/uploads/2016/12/DSC_0740-1024x853.jpg',NULL,'first-content-image',NULL,0,NULL,NULL,'2023-08-09 21:04:42','2023-08-10 03:50:48',1,NULL,NULL,NULL,NULL,0,4,2,'2023-08-09 23:50:47','2023-08-09 22:50:18'),(130,'https://sirensdream.com/wp-content/uploads/2016/11/maano111816_128-1.jpg','72:b4a41624134f8e127e12f6b6b538ecb4',162,'post','attachment',1,0,NULL,NULL,'Howlite-closeup','inherit',0,0,0,NULL,NULL,NULL,NULL,0,0,NULL,0,NULL,NULL,NULL,NULL,'https://sirensdream.com/wp-content/uploads/2016/11/maano111816_128-1.jpg',NULL,'162','attachment-image',NULL,NULL,'https://sirensdream.com/wp-content/uploads/2016/11/maano111816_128-1.jpg','162','attachment-image','{\"width\":1225,\"height\":1021,\"filesize\":332439,\"url\":\"https://sirensdream.com/wp-content/uploads/2016/11/maano111816_128-1.jpg\",\"path\":\"/home/palmer19/public_html/sirensdream.com/wp-content/uploads/2016/11/maano111816_128-1.jpg\",\"size\":\"full\",\"id\":162,\"alt\":\"\",\"pixels\":1250725,\"type\":\"image/jpeg\"}',NULL,1,NULL,'2023-08-09 23:19:44','2023-08-09 23:19:44',1,NULL,NULL,NULL,NULL,0,NULL,2,'2016-11-23 23:35:41','2016-11-22 18:58:10'),(129,'https://sirensdream.com/wp-content/uploads/2016/12/DSC_0740.jpg','63:d450a6d35cdbc7ae162fb11995a6a493',329,'post','attachment',1,0,NULL,NULL,'dsc_0740','inherit',0,0,0,NULL,NULL,NULL,NULL,0,0,NULL,0,NULL,NULL,NULL,NULL,'https://sirensdream.com/wp-content/uploads/2016/12/DSC_0740.jpg',NULL,'329','attachment-image',NULL,NULL,'https://sirensdream.com/wp-content/uploads/2016/12/DSC_0740.jpg','329','attachment-image','{\"width\":2267,\"height\":1889,\"filesize\":821512,\"url\":\"https://sirensdream.com/wp-content/uploads/2016/12/DSC_0740.jpg\",\"path\":\"/home/palmer19/public_html/sirensdream.com/wp-content/uploads/2016/12/DSC_0740.jpg\",\"size\":\"full\",\"id\":329,\"alt\":\"\",\"pixels\":4282363,\"type\":\"image/jpeg\"}',NULL,1,NULL,'2023-08-09 22:56:35','2023-08-09 23:19:44',1,NULL,NULL,NULL,NULL,0,NULL,2,'2016-12-12 02:03:43','2016-12-12 02:03:43'),(128,'https://sirensdream.com/wp-content/uploads/2016/11/cropped-11329873_10204329921712965_558782696187851861_n.jpg','110:4cf3586d7acd345744b3e936e3b93207',420,'post','attachment',1,0,NULL,NULL,'cropped-11329873_10204329921712965_558782696187851861_n.jpg','inherit',0,0,0,NULL,NULL,NULL,NULL,0,0,NULL,0,NULL,NULL,NULL,NULL,'https://sirensdream.com/wp-content/uploads/2016/11/cropped-11329873_10204329921712965_558782696187851861_n.jpg',NULL,'420','attachment-image',NULL,NULL,'https://sirensdream.com/wp-content/uploads/2016/11/cropped-11329873_10204329921712965_558782696187851861_n.jpg','420','attachment-image','{\"width\":1200,\"height\":310,\"filesize\":42629,\"url\":\"https://sirensdream.com/wp-content/uploads/2016/11/cropped-11329873_10204329921712965_558782696187851861_n.jpg\",\"path\":\"/home/palmer19/public_html/sirensdream.com/wp-content/uploads/2016/11/cropped-11329873_10204329921712965_558782696187851861_n.jpg\",\"size\":\"full\",\"id\":420,\"alt\":\"\",\"pixels\":372000,\"type\":\"image/jpeg\"}',NULL,0,NULL,'2023-08-09 22:48:16','2023-08-09 22:57:08',1,NULL,NULL,NULL,NULL,0,NULL,2,'2017-02-20 20:07:42','2017-02-20 20:07:42'),(131,'https://sirensdream.com/wp-content/uploads/2016/12/DSC_0787.jpg','63:8fb5686997e0092740b1212791b45ced',331,'post','attachment',1,0,NULL,NULL,'dsc_0787','inherit',0,0,0,NULL,NULL,NULL,NULL,0,0,NULL,0,NULL,NULL,NULL,NULL,'https://sirensdream.com/wp-content/uploads/2016/12/DSC_0787.jpg',NULL,'331','attachment-image',NULL,NULL,'https://sirensdream.com/wp-content/uploads/2016/12/DSC_0787.jpg','331','attachment-image','{\"width\":2122,\"height\":2546,\"filesize\":1071354,\"url\":\"https://sirensdream.com/wp-content/uploads/2016/12/DSC_0787.jpg\",\"path\":\"/home/palmer19/public_html/sirensdream.com/wp-content/uploads/2016/12/DSC_0787.jpg\",\"size\":\"full\",\"id\":331,\"alt\":\"\",\"pixels\":5402612,\"type\":\"image/jpeg\"}',NULL,0,NULL,'2023-08-09 23:19:44','2023-08-09 23:21:55',1,NULL,NULL,NULL,NULL,0,NULL,2,'2016-12-12 02:03:54','2016-12-12 02:03:54'),(132,'https://sirensdream.com/wp-content/uploads/2023/08/y12.png','58:f137f42f4cef6e075f2fc9cc70a27c9a',477,'post','attachment',1,0,NULL,NULL,'y12.png','inherit',0,0,0,NULL,NULL,NULL,NULL,0,0,NULL,0,NULL,NULL,NULL,NULL,'https://sirensdream.com/wp-content/uploads/2023/08/y12.png',NULL,'477','attachment-image',NULL,NULL,'https://sirensdream.com/wp-content/uploads/2023/08/y12.png','477','attachment-image','{\"url\":\"https://sirensdream.com/wp-content/uploads/2023/08/y12.png\",\"width\":1,\"height\":1,\"size\":\"full\",\"id\":477,\"alt\":\"\",\"pixels\":1,\"type\":\"image/png\"}',NULL,1,NULL,'2023-08-09 23:35:12','2023-08-09 23:36:44',1,NULL,NULL,NULL,NULL,0,NULL,2,'2023-08-09 23:35:12','2023-08-09 23:35:12'),(133,'https://sirensdream.com/wp-content/uploads/2023/08/y10.png','58:d5969b4b568a233ba0f39edf088ec54e',478,'post','attachment',1,0,NULL,NULL,'y10.png','inherit',0,0,0,NULL,NULL,NULL,NULL,0,0,NULL,0,NULL,NULL,NULL,NULL,'https://sirensdream.com/wp-content/uploads/2023/08/y10.png',NULL,'478','attachment-image',NULL,NULL,'https://sirensdream.com/wp-content/uploads/2023/08/y10.png','478','attachment-image','{\"url\":\"https://sirensdream.com/wp-content/uploads/2023/08/y10.png\",\"width\":1,\"height\":1,\"size\":\"full\",\"id\":478,\"alt\":\"\",\"pixels\":1,\"type\":\"image/png\"}',NULL,1,NULL,'2023-08-09 23:35:13','2023-08-09 23:36:44',1,NULL,NULL,NULL,NULL,0,NULL,2,'2023-08-09 23:35:13','2023-08-09 23:35:13'),(134,'https://sirensdream.com/wp-content/uploads/2023/08/y11.png','58:74224b5cca3a47c444173a68736e469b',479,'post','attachment',1,0,NULL,NULL,'y11.png','inherit',0,0,0,NULL,NULL,NULL,NULL,0,0,NULL,0,NULL,NULL,NULL,NULL,'https://sirensdream.com/wp-content/uploads/2023/08/y11.png',NULL,'479','attachment-image',NULL,NULL,'https://sirensdream.com/wp-content/uploads/2023/08/y11.png','479','attachment-image','{\"url\":\"https://sirensdream.com/wp-content/uploads/2023/08/y11.png\",\"width\":1,\"height\":1,\"size\":\"full\",\"id\":479,\"alt\":\"\",\"pixels\":1,\"type\":\"image/png\"}',NULL,1,NULL,'2023-08-09 23:35:14','2023-08-09 23:36:44',1,NULL,NULL,NULL,NULL,0,NULL,2,'2023-08-09 23:35:14','2023-08-09 23:35:14'),(135,'https://sirensdream.com/wp-content/uploads/2023/08/big6.jpg','59:b4995b640207228dca6a378d18c652dc',500,'post','attachment',1,0,NULL,NULL,'big6.jpg','inherit',0,0,0,NULL,NULL,NULL,NULL,0,0,NULL,0,NULL,NULL,NULL,NULL,'https://sirensdream.com/wp-content/uploads/2023/08/big6.jpg',NULL,'500','attachment-image',NULL,NULL,'https://sirensdream.com/wp-content/uploads/2023/08/big6.jpg','500','attachment-image','{\"url\":\"https://sirensdream.com/wp-content/uploads/2023/08/big6.jpg\",\"width\":1,\"height\":1,\"size\":\"full\",\"id\":500,\"alt\":\"\",\"pixels\":1,\"type\":\"image/jpeg\"}',NULL,NULL,NULL,'2023-08-09 23:54:57','2023-08-10 03:54:57',1,NULL,NULL,NULL,NULL,0,NULL,2,'2023-08-09 23:54:57','2023-08-09 23:54:57'),(136,'https://sirensdream.com/wp-content/uploads/2016/11/15183831_10158017840410713_1712312162_o.jpg','94:7c2f6ecf397ffd2e3681a4bf5d59ec20',300,'post','attachment',1,0,NULL,NULL,'15183831_10158017840410713_1712312162_o','inherit',0,0,0,NULL,NULL,NULL,NULL,0,0,NULL,0,NULL,NULL,NULL,NULL,'https://sirensdream.com/wp-content/uploads/2016/11/15183831_10158017840410713_1712312162_o.jpg',NULL,'300','attachment-image',NULL,NULL,'https://sirensdream.com/wp-content/uploads/2016/11/15183831_10158017840410713_1712312162_o.jpg','300','attachment-image','{\"width\":1334,\"height\":958,\"filesize\":45409,\"url\":\"https://sirensdream.com/wp-content/uploads/2016/11/15183831_10158017840410713_1712312162_o.jpg\",\"path\":\"/home/palmer19/public_html/sirensdream.com/wp-content/uploads/2016/11/15183831_10158017840410713_1712312162_o.jpg\",\"size\":\"full\",\"id\":300,\"alt\":\"\",\"pixels\":1277972,\"type\":\"image/jpeg\"}',NULL,NULL,NULL,'2025-02-26 00:25:39','2025-02-26 05:25:39',1,NULL,NULL,NULL,NULL,0,NULL,2,'2016-11-29 17:53:14','2016-11-29 17:53:14'),(137,'https://sirensdream.com/lasmro-privacypolicy/','45:896228123128c5d26a496e1da4996e6f',528,'post','page',1,0,NULL,NULL,'LAS MRO','publish',NULL,0,NULL,NULL,NULL,NULL,NULL,90,0,NULL,0,NULL,NULL,NULL,NULL,NULL,NULL,NULL,NULL,NULL,NULL,NULL,NULL,NULL,NULL,0,NULL,NULL,'2025-06-03 20:45:24','2025-06-04 00:51:17',1,NULL,NULL,NULL,NULL,0,2,2,'2025-06-03 20:51:16','2025-06-03 20:51:15');

--
-- Table structure for table `wpSD_yoast_indexable_hierarchy`
--

CREATE TABLE `wpSD_yoast_indexable_hierarchy` (
  `indexable_id` int(11) unsigned NOT NULL,
  `ancestor_id` int(11) unsigned NOT NULL,
  `depth` int(11) unsigned DEFAULT NULL,
  `blog_id` bigint(20) NOT NULL DEFAULT 1,
  PRIMARY KEY (`indexable_id`,`ancestor_id`),
  KEY `indexable_id` (`indexable_id`),
  KEY `ancestor_id` (`ancestor_id`),
  KEY `depth` (`depth`)
) ENGINE=MyISAM DEFAULT CHARSET=utf8mb4 COLLATE=utf8mb4_unicode_520_ci;

--
-- Dumping data for table `wpSD_yoast_indexable_hierarchy`
--

INSERT INTO `wpSD_yoast_indexable_hierarchy` VALUES (1,0,0,1),(2,0,0,1),(3,0,0,1),(4,0,0,1),(6,0,0,1),(7,0,0,1),(8,0,0,1),(10,0,0,1),(11,0,0,1),(12,0,0,1),(13,0,0,1),(14,0,0,1),(15,0,0,1),(16,0,0,1),(17,0,0,1),(18,0,0,1),(19,0,0,1),(20,0,0,1),(21,20,1,1),(22,0,0,1),(23,0,0,1),(24,0,0,1),(25,0,0,1),(26,0,0,1),(27,0,0,1),(28,0,0,1),(29,0,0,1),(30,0,0,1),(31,0,0,1),(32,0,0,1),(33,0,0,1),(34,0,0,1),(35,0,0,1),(36,0,0,1),(37,0,0,1),(38,0,0,1),(39,0,0,1),(40,0,0,1),(41,0,0,1),(42,0,0,1),(43,0,0,1),(44,0,0,1),(45,0,0,1),(46,0,0,1),(47,0,0,1),(48,0,0,1),(49,0,0,1),(50,0,0,1),(51,0,0,1),(52,0,0,1),(53,0,0,1),(54,0,0,1),(55,0,0,1),(56,0,0,1),(57,0,0,1),(58,0,0,1),(59,0,0,1),(60,0,0,1),(61,0,0,1),(62,0,0,1),(63,57,1,1),(64,37,1,1),(65,41,1,1),(66,41,1,1),(67,37,1,1),(68,41,1,1),(69,37,1,1),(70,24,1,1),(71,41,1,1),(72,37,1,1),(73,41,1,1),(74,41,1,1),(75,38,1,1),(76,57,1,1),(77,57,1,1),(78,37,1,1),(79,37,1,1),(80,57,1,1),(81,37,1,1),(82,41,1,1),(83,19,1,1),(84,41,1,1),(85,57,1,1),(86,57,1,1),(87,48,1,1),(88,37,1,1),(89,37,1,1),(90,41,1,1),(91,57,1,1),(92,57,1,1),(93,41,1,1),(94,19,1,1),(95,19,1,1),(96,19,1,1),(97,19,1,1),(98,19,1,1),(99,19,1,1),(100,19,1,1),(101,19,1,1),(102,19,1,1),(103,19,1,1),(104,19,1,1),(105,19,1,1),(106,19,1,1),(107,19,1,1),(108,19,1,1),(109,19,1,1),(110,19,1,1),(111,19,1,1),(112,19,1,1),(113,19,1,1),(114,19,1,1),(115,19,1,1),(116,19,1,1),(117,20,1,1),(118,19,1,1),(119,19,1,1),(120,19,1,1),(121,19,1,1),(122,19,1,1),(123,0,0,1),(124,0,0,1),(125,0,0,1),(126,0,0,1),(127,0,0,1),(9,0,0,1),(128,0,0,1),(129,0,0,1),(130,0,0,1),(131,0,0,1),(132,0,0,1),(133,0,0,1),(134,0,0,1),(135,0,0,1),(136,0,0,1),(137,0,0,1);

--
-- Table structure for table `wpSD_yoast_migrations`
--

CREATE TABLE `wpSD_yoast_migrations` (
  `id` int(11) unsigned NOT NULL AUTO_INCREMENT,
  `version` varchar(191) DEFAULT NULL,
  PRIMARY KEY (`id`),
  UNIQUE KEY `wpSD_yoast_migrations_version` (`version`)
) ENGINE=MyISAM AUTO_INCREMENT=24 DEFAULT CHARSET=utf8mb4 COLLATE=utf8mb4_unicode_520_ci;

--
-- Dumping data for table `wpSD_yoast_migrations`
--

INSERT INTO `wpSD_yoast_migrations` VALUES (1,'20171228151840'),(2,'20171228151841'),(3,'20190529075038'),(4,'20191011111109'),(5,'20200408101900'),(6,'20200420073606'),(7,'20200428123747'),(8,'20200428194858'),(9,'20200429105310'),(10,'20200430075614'),(11,'20200430150130'),(12,'20200507054848'),(13,'20200513133401'),(14,'20200609154515'),(15,'20200616130143'),(16,'20200617122511'),(17,'20200702141921'),(18,'20200728095334'),(19,'20201202144329'),(20,'20201216124002'),(21,'20201216141134'),(22,'20210817092415'),(23,'20211020091404');

--
-- Table structure for table `wpSD_yoast_primary_term`
--

CREATE TABLE `wpSD_yoast_primary_term` (
  `id` int(11) unsigned NOT NULL AUTO_INCREMENT,
  `post_id` bigint(20) DEFAULT NULL,
  `term_id` bigint(20) DEFAULT NULL,
  `taxonomy` varchar(32) NOT NULL,
  `created_at` datetime DEFAULT NULL,
  `updated_at` timestamp NOT NULL DEFAULT current_timestamp() ON UPDATE current_timestamp(),
  `blog_id` bigint(20) NOT NULL DEFAULT 1,
  PRIMARY KEY (`id`),
  KEY `post_taxonomy` (`post_id`,`taxonomy`),
  KEY `post_term` (`post_id`,`term_id`)
) ENGINE=MyISAM AUTO_INCREMENT=2 DEFAULT CHARSET=utf8mb4 COLLATE=utf8mb4_unicode_520_ci;

--
-- Dumping data for table `wpSD_yoast_primary_term`
--

INSERT INTO `wpSD_yoast_primary_term` VALUES (1,350,8,'product_cat','2023-02-20 21:31:16','2023-02-21 02:31:16',1);

--
-- Table structure for table `wpSD_yoast_seo_links`
--

CREATE TABLE `wpSD_yoast_seo_links` (
  `id` bigint(20) unsigned NOT NULL AUTO_INCREMENT,
  `url` varchar(255) NOT NULL,
  `post_id` bigint(20) unsigned NOT NULL,
  `target_post_id` bigint(20) unsigned NOT NULL,
  `type` varchar(8) NOT NULL,
  `indexable_id` int(11) unsigned DEFAULT NULL,
  `target_indexable_id` int(11) unsigned DEFAULT NULL,
  `height` int(11) unsigned DEFAULT NULL,
  `width` int(11) unsigned DEFAULT NULL,
  `size` int(11) unsigned DEFAULT NULL,
  `language` varchar(32) DEFAULT NULL,
  `region` varchar(32) DEFAULT NULL,
  PRIMARY KEY (`id`),
  KEY `link_direction` (`post_id`,`type`),
  KEY `indexable_link_direction` (`indexable_id`,`type`)
) ENGINE=MyISAM AUTO_INCREMENT=35 DEFAULT CHARSET=utf8mb4 COLLATE=utf8mb4_unicode_520_ci;

--
-- Dumping data for table `wpSD_yoast_seo_links`
--



--
-- Table structure for table `wpSD_yoast_seo_meta`
--

CREATE TABLE `wpSD_yoast_seo_meta` (
  `object_id` bigint(20) unsigned NOT NULL,
  `internal_link_count` int(10) unsigned DEFAULT NULL,
  `incoming_link_count` int(10) unsigned DEFAULT NULL,
  UNIQUE KEY `object_id` (`object_id`)
) ENGINE=MyISAM DEFAULT CHARSET=utf8mb4 COLLATE=utf8mb4_unicode_520_ci;

--
-- Dumping data for table `wpSD_yoast_seo_meta`
--

INSERT INTO `wpSD_yoast_seo_meta` VALUES (4,0,0),(5,1,0),(6,0,0),(7,9,6),(14,0,0),(8,0,0),(58,0,0),(67,0,0),(73,2,0),(75,1,0),(356,0,0),(1,0,0),(54,0,0),(55,0,0),(62,0,0),(106,0,0),(178,0,0),(180,0,0),(181,0,0),(185,0,0),(189,0,0),(194,0,0),(198,0,0),(202,0,0),(206,0,0),(211,0,0),(215,0,0),(219,0,0),(223,0,0),(227,0,0),(231,0,0),(237,0,0),(245,0,0),(249,0,0),(253,0,0),(257,0,0),(262,0,0),(266,0,0),(276,0,0),(341,0,0),(350,0,0),(351,0,0),(353,0,0),(362,0,0),(398,0,0),(432,0,0),(433,0,0);


